{"id":968,"date":"2013-01-09T16:57:08","date_gmt":"2013-01-09T15:57:08","guid":{"rendered":"https:\/\/se.csbe.qc.ca\/universsocial\/?page_id=968"},"modified":"2013-01-10T15:59:49","modified_gmt":"2013-01-10T20:59:49","slug":"evolution-des-nationalismes-au-quebec-sec-3","status":"publish","type":"page","link":"https:\/\/se.csbe.qc.ca\/universsocial\/evolution-des-nationalismes-au-quebec-sec-3\/","title":{"rendered":"\u00c9volution des nationalismes au Qu\u00e9bec (2e cycle)"},"content":{"rendered":"<div class=\"page-restrict-output\"><h2><span style=\"color: #000000;\">Une ligne du temps pr\u00e9sentant l&rsquo;\u00e9volution des diff\u00e9rents nationalismes dans le temps au Qu\u00e9bec, avec certains \u00e9v\u00e8nements marquants pour chacun.<\/span><\/h2>\n<h2><\/h2>\n<p><a href=\"https:\/\/se.csbe.qc.ca\/universsocial\/files\/2013\/01\/\u00c9volution-des-nationalismes-au-Qu\u00e9bec.jpg\" target=\"_blank\"><img loading=\"lazy\" decoding=\"async\" class=\"alignnone size-full wp-image-969\" alt=\"\u00c9volution des nationalismes au Qu\u00e9bec\" src=\"https:\/\/se.csbe.qc.ca\/universsocial\/files\/2013\/01\/\u00c9volution-des-nationalismes-au-Qu\u00e9bec.jpg\" width=\"1361\" height=\"605\" srcset=\"https:\/\/se.csbe.qc.ca\/universsocial\/files\/2013\/01\/\u00c9volution-des-nationalismes-au-Qu\u00e9bec.jpg 1361w, https:\/\/se.csbe.qc.ca\/universsocial\/files\/2013\/01\/\u00c9volution-des-nationalismes-au-Qu\u00e9bec-700x311.jpg 700w, https:\/\/se.csbe.qc.ca\/universsocial\/files\/2013\/01\/\u00c9volution-des-nationalismes-au-Qu\u00e9bec-1024x455.jpg 1024w\" sizes=\"auto, (max-width: 1361px) 100vw, 1361px\" \/><\/a><\/p>\n<\/div>","protected":false},"excerpt":{"rendered":"<div class=\"page-restrict-output\"><p>Une ligne du temps pr\u00e9sentant l&rsquo;\u00e9volution des diff\u00e9rents nationalismes dans le temps au Qu\u00e9bec, avec certains \u00e9v\u00e8nements marquants pour chacun.<\/p>\n<\/div>","protected":false},"author":9,"featured_media":0,"parent":0,"menu_order":0,"comment_status":"open","ping_status":"closed","template":"","meta":{"footnotes":""},"class_list":["post-968","page","type-page","status-publish","hentry","nodate","item-wrap"],"_links":{"self":[{"href":"https:\/\/se.csbe.qc.ca\/universsocial\/wp-json\/wp\/v2\/pages\/968","targetHints":{"allow":["GET"]}}],"collection":[{"href":"https:\/\/se.csbe.qc.ca\/universsocial\/wp-json\/wp\/v2\/pages"}],"about":[{"href":"https:\/\/se.csbe.qc.ca\/universsocial\/wp-json\/wp\/v2\/types\/page"}],"author":[{"embeddable":true,"href":"https:\/\/se.csbe.qc.ca\/universsocial\/wp-json\/wp\/v2\/users\/9"}],"replies":[{"embeddable":true,"href":"https:\/\/se.csbe.qc.ca\/universsocial\/wp-json\/wp\/v2\/comments?post=968"}],"version-history":[{"count":3,"href":"https:\/\/se.csbe.qc.ca\/universsocial\/wp-json\/wp\/v2\/pages\/968\/revisions"}],"predecessor-version":[{"id":1189,"href":"https:\/\/se.csbe.qc.ca\/universsocial\/wp-json\/wp\/v2\/pages\/968\/revisions\/1189"}],"wp:attachment":[{"href":"https:\/\/se.csbe.qc.ca\/universsocial\/wp-json\/wp\/v2\/media?parent=968"}],"curies":[{"name":"wp","href":"https:\/\/api.w.org\/{rel}","templated":true}]}}