{"id":958,"date":"2013-01-09T16:50:27","date_gmt":"2013-01-09T15:50:27","guid":{"rendered":"https:\/\/se.csbe.qc.ca\/universsocial\/?page_id=958"},"modified":"2015-08-24T14:05:11","modified_gmt":"2015-08-24T18:05:11","slug":"planification-par-realite-planification-globale-sec-3","status":"publish","type":"page","link":"https:\/\/se.csbe.qc.ca\/universsocial\/planification-par-realite-planification-globale-sec-3\/","title":{"rendered":"Planification par r\u00e9alit\u00e9 + planification globale (Sec.3)"},"content":{"rendered":"<div class=\"page-restrict-output\"><h2><span style=\"color: #000000;\">Voici des mod\u00e8les de planification pour les 6 premi\u00e8res r\u00e9alit\u00e9s du cours d&rsquo;histoire de sec.3 + un mod\u00e8le de planification globale ax\u00e9 sur les comp\u00e9tences au 2e cycle.<\/span><\/h2>\n<h2><\/h2>\n<h2><span style=\"text-decoration: underline;\">Pour y acc\u00e9der, cliquer sur le lien ci-dessous:<\/span><\/h2>\n<h2><em><a href=\"https:\/\/se.csbe.qc.ca\/universsocial\/files\/2013\/01\/Planification-par-r\u00e9alit\u00e9-Sec.3.zip\" target=\"_blank\">Planification par r\u00e9alit\u00e9 (Sec.3)<\/a><\/em><\/h2>\n<h2><em><a href=\"https:\/\/se.csbe.qc.ca\/universsocial\/files\/2013\/01\/Planification-globale-2e-cycle.doc\" target=\"_blank\">Planification globale (2e cycle)<\/a><\/em><\/h2>\n<!-- WP Attachments -->\r\n        <div style=\"width:100%;margin:10px 0 10px 0;\">\r\n            <h3>Attachments<\/h3>\r\n        <ul class=\"post-attachments\"><li class=\"post-attachment mime-application-zip\"><a href=\"https:\/\/se.csbe.qc.ca\/universsocial\/files\/2013\/01\/Planification-par-r\u00e9alit\u00e9-Sec.3.zip\">Planification par r\u00e9alit\u00e9 (Sec.3)<\/a> <small>(94 kB)<\/small><\/li><li class=\"post-attachment mime-application-msword\"><a href=\"https:\/\/se.csbe.qc.ca\/universsocial\/files\/2013\/01\/Planification-globale-2e-cycle.doc\">Planification globale (2e cycle)<\/a> <small>(219 kB)<\/small><\/li><\/ul><\/div><\/div>","protected":false},"excerpt":{"rendered":"<div class=\"page-restrict-output\"><p>Voici des mod\u00e8les de planification pour les 6 premi\u00e8res r\u00e9alit\u00e9s du cours d&rsquo;histoire de sec.3 + un mod\u00e8le de planification globale ax\u00e9 sur les comp\u00e9tences au 2e cycle. Pour y acc\u00e9der, cliquer sur le lien ci-dessous: Planification par r\u00e9alit\u00e9 (Sec.3) Planification globale (2e cycle) Attachments Planification par r\u00e9alit\u00e9 (Sec.3) (94 kB)Planification globale (2e cycle) (219 &hellip; <\/p>\n<p><a class=\"more-link btn\" href=\"https:\/\/se.csbe.qc.ca\/universsocial\/planification-par-realite-planification-globale-sec-3\/\">Lire la suite<\/a><\/p>\n<\/div>","protected":false},"author":9,"featured_media":0,"parent":0,"menu_order":0,"comment_status":"open","ping_status":"open","template":"","meta":{"footnotes":""},"class_list":["post-958","page","type-page","status-publish","hentry","nodate","item-wrap"],"_links":{"self":[{"href":"https:\/\/se.csbe.qc.ca\/universsocial\/wp-json\/wp\/v2\/pages\/958","targetHints":{"allow":["GET"]}}],"collection":[{"href":"https:\/\/se.csbe.qc.ca\/universsocial\/wp-json\/wp\/v2\/pages"}],"about":[{"href":"https:\/\/se.csbe.qc.ca\/universsocial\/wp-json\/wp\/v2\/types\/page"}],"author":[{"embeddable":true,"href":"https:\/\/se.csbe.qc.ca\/universsocial\/wp-json\/wp\/v2\/users\/9"}],"replies":[{"embeddable":true,"href":"https:\/\/se.csbe.qc.ca\/universsocial\/wp-json\/wp\/v2\/comments?post=958"}],"version-history":[{"count":5,"href":"https:\/\/se.csbe.qc.ca\/universsocial\/wp-json\/wp\/v2\/pages\/958\/revisions"}],"predecessor-version":[{"id":3921,"href":"https:\/\/se.csbe.qc.ca\/universsocial\/wp-json\/wp\/v2\/pages\/958\/revisions\/3921"}],"wp:attachment":[{"href":"https:\/\/se.csbe.qc.ca\/universsocial\/wp-json\/wp\/v2\/media?parent=958"}],"curies":[{"name":"wp","href":"https:\/\/api.w.org\/{rel}","templated":true}]}}

Planification par réalité + planification globale (Sec.3)

<div class="page-restrict-output"><h2><span style="color: #000000;">Voici des modèles de planification pour les 6 premières réalités du cours d&rsquo;histoire de sec.3 + un modèle de planification globale axé sur les compétences au 2e cycle.</span></h2>
<h2></h2>
<h2><span style="text-decoration: underline;">Pour y accéder, cliquer sur le lien ci-dessous:</span></h2>
<h2><em><a href="https://se.csbe.qc.ca/universsocial/files/2013/01/Planification-par-réalité-Sec.3.zip" target="_blank">Planification par réalité (Sec.3)</a></em></h2>
<h2><em><a href="https://se.csbe.qc.ca/universsocial/files/2013/01/Planification-globale-2e-cycle.doc" target="_blank">Planification globale (2e cycle)</a></em></h2>
<!-- WP Attachments -->
        <div style="width:100%;margin:10px 0 10px 0;">
            <h3>Attachments</h3>
        <ul class="post-attachments"><li class="post-attachment mime-application-zip"><a href="https://se.csbe.qc.ca/universsocial/files/2013/01/Planification-par-réalité-Sec.3.zip">Planification par réalité (Sec.3)</a> <small>(94 kB)</small></li><li class="post-attachment mime-application-msword"><a href="https://se.csbe.qc.ca/universsocial/files/2013/01/Planification-globale-2e-cycle.doc">Planification globale (2e cycle)</a> <small>(219 kB)</small></li></ul></div></div>

<div class="page-restrict-output"><p>Voici des modèles de planification pour les 6 premières réalités du cours d&rsquo;histoire de sec.3 + un modèle de planification globale axé sur les compétences au 2e cycle. Pour y accéder, cliquer sur le lien ci-dessous: Planification par réalité (Sec.3) Planification globale (2e cycle) Attachments Planification par réalité (Sec.3) (94 kB)Planification globale (2e cycle) (219 &hellip; </p>
<p><a class="more-link btn" href="https://se.csbe.qc.ca/universsocial/planification-par-realite-planification-globale-sec-3/">Lire la suite</a></p>
</div>
