{"id":944,"date":"2013-01-09T16:36:15","date_gmt":"2013-01-09T15:36:15","guid":{"rendered":"https:\/\/se.csbe.qc.ca\/universsocial\/?page_id=944"},"modified":"2013-01-11T12:42:57","modified_gmt":"2013-01-11T17:42:57","slug":"planification-par-realite-planification-globale-1er-cycle","status":"publish","type":"page","link":"https:\/\/se.csbe.qc.ca\/universsocial\/planification-par-realite-planification-globale-1er-cycle\/","title":{"rendered":"Planification par r\u00e9alit\u00e9 + planification globale (1er cycle)"},"content":{"rendered":"<div class=\"page-restrict-output\"><h2><span style=\"color: #000000;\">Voici des mod\u00e8les de planification pour chacune des 12 r\u00e9alit\u00e9s du 1er cycle en histoire + un mod\u00e8le de planification globale.<\/span><\/h2>\n<h2><\/h2>\n<h2><span style=\"text-decoration: underline;\"><span style=\"color: #000000;\">Pour y acc\u00e9der, cliquer sur le lien ci-dessous:<\/span><\/span><\/h2>\n<h2><em><a href=\"https:\/\/se.csbe.qc.ca\/universsocial\/files\/2013\/01\/Planification-par-r\u00e9alit\u00e9-1er-cycle.zip\">Planification par r\u00e9alit\u00e9 (1er cycle)<\/a><\/em><\/h2>\n<h2><em><a href=\"https:\/\/se.csbe.qc.ca\/universsocial\/files\/2013\/01\/Planification-globale-1er-cycle.doc\" target=\"_blank\">Planification globale (1er cycle)<\/a><\/em><\/h2>\n<!-- WP Attachments -->\r\n        <div style=\"width:100%;margin:10px 0 10px 0;\">\r\n            <h3>Attachments<\/h3>\r\n        <ul class=\"post-attachments\"><li class=\"post-attachment mime-application-zip\"><a href=\"https:\/\/se.csbe.qc.ca\/universsocial\/files\/2013\/01\/Planification-par-r\u00e9alit\u00e9-1er-cycle.zip\">Planification par r\u00e9alit\u00e9 (1er cycle)<\/a> <small>(3 MB)<\/small><\/li><li class=\"post-attachment mime-application-msword\"><a href=\"https:\/\/se.csbe.qc.ca\/universsocial\/files\/2013\/01\/Planification-globale-1er-cycle.doc\">Planification globale (1er cycle)<\/a> <small>(271 kB)<\/small><\/li><\/ul><\/div><\/div>","protected":false},"excerpt":{"rendered":"<div class=\"page-restrict-output\"><p>Voici des mod\u00e8les de planification pour chacune des 12 r\u00e9alit\u00e9s du 1er cycle en histoire + un mod\u00e8le de planification globale. Pour y acc\u00e9der, cliquer sur le lien ci-dessous: Planification par r\u00e9alit\u00e9 (1er cycle) Planification globale (1er cycle) Attachments Planification par r\u00e9alit\u00e9 (1er cycle) (3 MB)Planification globale (1er cycle) (271 kB)<\/p>\n<\/div>","protected":false},"author":9,"featured_media":0,"parent":0,"menu_order":0,"comment_status":"open","ping_status":"open","template":"","meta":{"footnotes":""},"class_list":["post-944","page","type-page","status-publish","hentry","nodate","item-wrap"],"_links":{"self":[{"href":"https:\/\/se.csbe.qc.ca\/universsocial\/wp-json\/wp\/v2\/pages\/944","targetHints":{"allow":["GET"]}}],"collection":[{"href":"https:\/\/se.csbe.qc.ca\/universsocial\/wp-json\/wp\/v2\/pages"}],"about":[{"href":"https:\/\/se.csbe.qc.ca\/universsocial\/wp-json\/wp\/v2\/types\/page"}],"author":[{"embeddable":true,"href":"https:\/\/se.csbe.qc.ca\/universsocial\/wp-json\/wp\/v2\/users\/9"}],"replies":[{"embeddable":true,"href":"https:\/\/se.csbe.qc.ca\/universsocial\/wp-json\/wp\/v2\/comments?post=944"}],"version-history":[{"count":4,"href":"https:\/\/se.csbe.qc.ca\/universsocial\/wp-json\/wp\/v2\/pages\/944\/revisions"}],"predecessor-version":[{"id":948,"href":"https:\/\/se.csbe.qc.ca\/universsocial\/wp-json\/wp\/v2\/pages\/944\/revisions\/948"}],"wp:attachment":[{"href":"https:\/\/se.csbe.qc.ca\/universsocial\/wp-json\/wp\/v2\/media?parent=944"}],"curies":[{"name":"wp","href":"https:\/\/api.w.org\/{rel}","templated":true}]}}