{"id":751,"date":"2012-12-10T17:34:19","date_gmt":"2012-12-10T16:34:19","guid":{"rendered":"https:\/\/se.csbe.qc.ca\/universsocial\/?page_id=751"},"modified":"2013-01-14T09:08:08","modified_gmt":"2013-01-14T14:08:08","slug":"sae-tensions-et-conflits-guerre-au-terrorisme-monde-contemporain","status":"publish","type":"page","link":"https:\/\/se.csbe.qc.ca\/universsocial\/sae-tensions-et-conflits-guerre-au-terrorisme-monde-contemporain\/","title":{"rendered":"SA\u00c9 &#8211; Tensions et conflits &#8211; Guerre au terrorisme (Monde contemporain)"},"content":{"rendered":"<div class=\"page-restrict-output\"><h2><span style=\"color: #000000;\">Voici une SA\u00c9 tir\u00e9e du site \u00ab\u00a0monde contemporain\u00a0\u00bb du R\u00e9citus<\/span><\/h2>\n<h2><\/h2>\n<h2><span style=\"color: #000000;\"><strong><span style=\"text-decoration: underline;\">Elle porte sur l&rsquo;Irak et l&rsquo;Aghanistan et contient:<\/span><\/strong><\/span><\/h2>\n<h3><span style=\"color: #000000;\"><em>&#8211; Cahiers de l&rsquo;\u00e9l\u00e8ve (Irak + Afghanistan)<\/em><\/span><\/h3>\n<h3><span style=\"color: #000000;\"><em>&#8211; Dossier documentaire<\/em><\/span><\/h3>\n<h3><span style=\"color: #000000;\"><em>&#8211; Guide de l&rsquo;enseignant<\/em><\/span><\/h3>\n<h2><\/h2>\n<h2><span style=\"text-decoration: underline; color: #000000;\"><strong>Pour acc\u00e9der \u00e0 l&rsquo;ensemble des documents, cliquez sur le lien ci-dessous:<\/strong><\/span><\/h2>\n<h2><em><a href=\"https:\/\/se.csbe.qc.ca\/universsocial\/files\/2012\/12\/SA\u00c9-Tensions-et-conflits-Guerre-au-terrorisme-R\u00e9citus.zip\">SA\u00c9 &#8211; Tensions et conflits &#8211; Guerre au terrorisme (R\u00e9citus)<\/a><\/em><\/h2>\n<p>&nbsp;<\/p>\n<!-- WP Attachments -->\r\n        <div style=\"width:100%;margin:10px 0 10px 0;\">\r\n            <h3>Attachments<\/h3>\r\n        <ul class=\"post-attachments\"><li class=\"post-attachment mime-application-zip\"><a href=\"https:\/\/se.csbe.qc.ca\/universsocial\/files\/2012\/12\/SA\u00c9-Tensions-et-conflits-Guerre-au-terrorisme-R\u00e9citus.zip\">SA\u00c9 - Tensions et conflits - Guerre au terrorisme (R\u00e9citus)<\/a> <small>(2 MB)<\/small><\/li><\/ul><\/div><\/div>","protected":false},"excerpt":{"rendered":"<div class=\"page-restrict-output\"><p>Voici une SA\u00c9 tir\u00e9e du site \u00ab\u00a0monde contemporain\u00a0\u00bb du R\u00e9citus Elle porte sur l&rsquo;Irak et l&rsquo;Aghanistan et contient: &#8211; Cahiers de l&rsquo;\u00e9l\u00e8ve (Irak + Afghanistan) &#8211; Dossier documentaire &#8211; Guide de l&rsquo;enseignant Pour acc\u00e9der \u00e0 l&rsquo;ensemble des documents, cliquez sur le lien ci-dessous: SA\u00c9 &#8211; Tensions et conflits &#8211; Guerre au terrorisme (R\u00e9citus) &nbsp; Attachments &hellip; <\/p>\n<p><a class=\"more-link btn\" href=\"https:\/\/se.csbe.qc.ca\/universsocial\/sae-tensions-et-conflits-guerre-au-terrorisme-monde-contemporain\/\">Lire la suite<\/a><\/p>\n<\/div>","protected":false},"author":9,"featured_media":0,"parent":0,"menu_order":0,"comment_status":"open","ping_status":"closed","template":"","meta":{"footnotes":""},"class_list":["post-751","page","type-page","status-publish","hentry","nodate","item-wrap"],"_links":{"self":[{"href":"https:\/\/se.csbe.qc.ca\/universsocial\/wp-json\/wp\/v2\/pages\/751","targetHints":{"allow":["GET"]}}],"collection":[{"href":"https:\/\/se.csbe.qc.ca\/universsocial\/wp-json\/wp\/v2\/pages"}],"about":[{"href":"https:\/\/se.csbe.qc.ca\/universsocial\/wp-json\/wp\/v2\/types\/page"}],"author":[{"embeddable":true,"href":"https:\/\/se.csbe.qc.ca\/universsocial\/wp-json\/wp\/v2\/users\/9"}],"replies":[{"embeddable":true,"href":"https:\/\/se.csbe.qc.ca\/universsocial\/wp-json\/wp\/v2\/comments?post=751"}],"version-history":[{"count":5,"href":"https:\/\/se.csbe.qc.ca\/universsocial\/wp-json\/wp\/v2\/pages\/751\/revisions"}],"predecessor-version":[{"id":1256,"href":"https:\/\/se.csbe.qc.ca\/universsocial\/wp-json\/wp\/v2\/pages\/751\/revisions\/1256"}],"wp:attachment":[{"href":"https:\/\/se.csbe.qc.ca\/universsocial\/wp-json\/wp\/v2\/media?parent=751"}],"curies":[{"name":"wp","href":"https:\/\/api.w.org\/{rel}","templated":true}]}}