{"id":6865,"date":"2019-05-06T11:20:36","date_gmt":"2019-05-06T15:20:36","guid":{"rendered":"https:\/\/se.csbe.qc.ca\/universsocial\/?page_id=6865"},"modified":"2019-05-06T11:20:40","modified_gmt":"2019-05-06T15:20:40","slug":"la-construction-de-concepts-3-mai-2019","status":"publish","type":"page","link":"https:\/\/se.csbe.qc.ca\/universsocial\/la-construction-de-concepts-3-mai-2019\/","title":{"rendered":"La construction de concepts &#8211; 3 mai 2019"},"content":{"rendered":"<div class=\"page-restrict-output\">\n<p style=\"font-weight: 400\"><b><strong>D\u00e9pendance \u00e9nerg\u00e9tique\u2026 \u00c9tat\u2026\u00a0\u00a0Humanisme\u2026 Constitution\u2026 La\u00efcisation\u2026 Ing\u00e9rence\u2026 Financement\u2026<\/strong><\/b><\/p>\n<p style=\"font-weight: 400\">\u00a0<\/p>\n<p style=\"font-weight: 400\">Ce sont tous des concepts faisant partie de nos programmes d\u2019\u00e9tudes et qui am\u00e8nent de nombreux bris de compr\u00e9hension chez nos \u00e9l\u00e8ves. Un concept, c\u2019est une d\u00e9finition, mais aussi des repr\u00e9sentations qui peuvent diverger d\u2019une personne \u00e0 l\u2019autre. Quelles sont les repr\u00e9sentations des \u00e9l\u00e8ves des concepts vus dans nos cours? Comment amener les \u00e9l\u00e8ves \u00e0 comprendre, s\u2019approprier et r\u00e9investir ces concepts? Une simple d\u00e9finition est-elle suffisante?<\/p>\n<pre><span style=\"color: #800000\">Invit\u00e9\u00a0: monsieur Jean-Fran\u00e7ois Cardin, professeur titulaire \u00e0 l\u2019Universit\u00e9 Laval, responsable du chantier 7, un projet de recherche collaborative intitul\u00e9 \u00ab Formation et soutien du personnel enseignant en univers social au secondaire dans l\u2019enseignement-apprentissage des concepts \u00bb.<\/span><\/pre>\n<p>Voici des ressources pr\u00e9sent\u00e9es lors de la formation du 3 mai 2019 sur la construction de concepts.<\/p>\n<p><a href=\"https:\/\/se.csbe.qc.ca\/universsocial\/files\/2019\/05\/Construction-de-concepts_3_mai_2019.pdf\">Construction de concepts_3_mai_2019 &#8211; Pr\u00e9sentation PPT<\/a><\/p>\n<p><a href=\"https:\/\/csbe5-my.sharepoint.com\/:f:\/g\/personal\/claudine_goupil_csbe_qc_ca\/EqAASJgTavRNrGVQy7hT8cMB5i9rbaBszlOCvQbfzAuyew?e=3CkAEp\" target=\"_blank\" rel=\"noopener noreferrer\">T\u00e2ches \u00e9labor\u00e9es dans le cadre du chantier 7<\/a>\u00a0<\/p>\n<p><a href=\"https:\/\/can01.safelinks.protection.outlook.com\/?url=https%3A%2F%2Fjfcardin57.wixsite.com%2Fconceptualisationus&amp;data=02%7C01%7Cclaudine.goupil%40csbe.qc.ca%7C1c3ee090e81149b0243208d6cef8b5c0%7C830022c37fff490bb2b4eb002dfa8271%7C1%7C0%7C636923964952336983&amp;sdata=hZDOr9eyfnc8cw99UBMRo0Hb6dXV%2F9tyIAVY39Ch1vE%3D&amp;reserved=0\" target=\"_blank\" rel=\"noopener noreferrer\">Site web du chantier 7 pr\u00e9sent\u00e9 par Monsieur Cardin (mot de passe : concept)<\/a><\/p>\n<\/div>","protected":false},"excerpt":{"rendered":"<div class=\"page-restrict-output\"><p>D\u00e9pendance \u00e9nerg\u00e9tique\u2026 \u00c9tat\u2026\u00a0\u00a0Humanisme\u2026 Constitution\u2026 La\u00efcisation\u2026 Ing\u00e9rence\u2026 Financement\u2026 \u00a0 Ce sont tous des concepts faisant partie de nos programmes d\u2019\u00e9tudes et qui am\u00e8nent de nombreux bris de compr\u00e9hension chez nos \u00e9l\u00e8ves. Un concept, c\u2019est une d\u00e9finition, mais aussi des repr\u00e9sentations qui peuvent diverger d\u2019une personne \u00e0 l\u2019autre. Quelles sont les repr\u00e9sentations des \u00e9l\u00e8ves des concepts vus &hellip; <\/p>\n<p><a class=\"more-link btn\" href=\"https:\/\/se.csbe.qc.ca\/universsocial\/la-construction-de-concepts-3-mai-2019\/\">Lire la suite<\/a><\/p>\n<\/div>","protected":false},"author":209,"featured_media":0,"parent":0,"menu_order":0,"comment_status":"closed","ping_status":"closed","template":"","meta":{"footnotes":""},"class_list":["post-6865","page","type-page","status-publish","hentry","nodate","item-wrap"],"_links":{"self":[{"href":"https:\/\/se.csbe.qc.ca\/universsocial\/wp-json\/wp\/v2\/pages\/6865","targetHints":{"allow":["GET"]}}],"collection":[{"href":"https:\/\/se.csbe.qc.ca\/universsocial\/wp-json\/wp\/v2\/pages"}],"about":[{"href":"https:\/\/se.csbe.qc.ca\/universsocial\/wp-json\/wp\/v2\/types\/page"}],"author":[{"embeddable":true,"href":"https:\/\/se.csbe.qc.ca\/universsocial\/wp-json\/wp\/v2\/users\/209"}],"replies":[{"embeddable":true,"href":"https:\/\/se.csbe.qc.ca\/universsocial\/wp-json\/wp\/v2\/comments?post=6865"}],"version-history":[{"count":1,"href":"https:\/\/se.csbe.qc.ca\/universsocial\/wp-json\/wp\/v2\/pages\/6865\/revisions"}],"predecessor-version":[{"id":6866,"href":"https:\/\/se.csbe.qc.ca\/universsocial\/wp-json\/wp\/v2\/pages\/6865\/revisions\/6866"}],"wp:attachment":[{"href":"https:\/\/se.csbe.qc.ca\/universsocial\/wp-json\/wp\/v2\/media?parent=6865"}],"curies":[{"name":"wp","href":"https:\/\/api.w.org\/{rel}","templated":true}]}}