{"id":673,"date":"2012-11-15T20:23:32","date_gmt":"2012-11-15T19:23:32","guid":{"rendered":"https:\/\/se.csbe.qc.ca\/universsocial\/?page_id=673"},"modified":"2018-08-28T11:47:37","modified_gmt":"2018-08-28T15:47:37","slug":"cadre-devaluation-monde-contemporain","status":"publish","type":"page","link":"https:\/\/se.csbe.qc.ca\/universsocial\/cadre-devaluation-monde-contemporain\/","title":{"rendered":"Cadre d&rsquo;\u00e9valuation (Monde contemporain)"},"content":{"rendered":"<div class=\"page-restrict-output\"><h2>Voici le cadre d&rsquo;\u00e9valuation pour le cours de monde contemporain.<\/h2>\n<h2><\/h2>\n<h2><span style=\"text-decoration: underline\">Pour y acc\u00e9der, cliquer sur le lien ci-dessous:<\/span><\/h2>\n<h2><em><a href=\"https:\/\/se.csbe.qc.ca\/universsocial\/files\/2012\/11\/Cadre-d\u00e9valuation-Monde-contemporain.pdf\" target=\"_blank\" rel=\"noopener\">Cadre d&rsquo;\u00e9valuation &#8211; Monde contemporain<\/a><\/em><\/h2>\n<!-- WP Attachments -->\r\n        <div style=\"width:100%;margin:10px 0 10px 0;\">\r\n            <h3>Attachments<\/h3>\r\n        <ul class=\"post-attachments\"><li class=\"post-attachment mime-application-pdf\"><a href=\"https:\/\/se.csbe.qc.ca\/universsocial\/files\/2012\/11\/Cadre-d\u00e9valuation-Monde-contemporain.pdf\">Cadre d'\u00e9valuation - Monde contemporain<\/a> <small>(153 kB)<\/small><\/li><\/ul><\/div><\/div>","protected":false},"excerpt":{"rendered":"<div class=\"page-restrict-output\"><p>Voici le cadre d&rsquo;\u00e9valuation pour le cours de monde contemporain. Pour y acc\u00e9der, cliquer sur le lien ci-dessous: Cadre d&rsquo;\u00e9valuation &#8211; Monde contemporain Attachments Cadre d&rsquo;\u00e9valuation &#8211; Monde contemporain (153 kB)<\/p>\n<\/div>","protected":false},"author":9,"featured_media":0,"parent":0,"menu_order":0,"comment_status":"open","ping_status":"open","template":"","meta":{"footnotes":""},"class_list":["post-673","page","type-page","status-publish","hentry","nodate","item-wrap"],"_links":{"self":[{"href":"https:\/\/se.csbe.qc.ca\/universsocial\/wp-json\/wp\/v2\/pages\/673","targetHints":{"allow":["GET"]}}],"collection":[{"href":"https:\/\/se.csbe.qc.ca\/universsocial\/wp-json\/wp\/v2\/pages"}],"about":[{"href":"https:\/\/se.csbe.qc.ca\/universsocial\/wp-json\/wp\/v2\/types\/page"}],"author":[{"embeddable":true,"href":"https:\/\/se.csbe.qc.ca\/universsocial\/wp-json\/wp\/v2\/users\/9"}],"replies":[{"embeddable":true,"href":"https:\/\/se.csbe.qc.ca\/universsocial\/wp-json\/wp\/v2\/comments?post=673"}],"version-history":[{"count":6,"href":"https:\/\/se.csbe.qc.ca\/universsocial\/wp-json\/wp\/v2\/pages\/673\/revisions"}],"predecessor-version":[{"id":6662,"href":"https:\/\/se.csbe.qc.ca\/universsocial\/wp-json\/wp\/v2\/pages\/673\/revisions\/6662"}],"wp:attachment":[{"href":"https:\/\/se.csbe.qc.ca\/universsocial\/wp-json\/wp\/v2\/media?parent=673"}],"curies":[{"name":"wp","href":"https:\/\/api.w.org\/{rel}","templated":true}]}}