{"id":6431,"date":"2018-01-10T11:30:35","date_gmt":"2018-01-10T16:30:35","guid":{"rendered":"https:\/\/se.csbe.qc.ca\/universsocial\/?page_id=6431"},"modified":"2018-01-10T11:30:35","modified_gmt":"2018-01-10T16:30:35","slug":"atelier-du-mees-automne-2017-prototypes-depreuves-de-3e-et-de-4e-secondaire-en-histoire-du-quebec-et-du-canada","status":"publish","type":"page","link":"https:\/\/se.csbe.qc.ca\/universsocial\/atelier-du-mees-automne-2017-prototypes-depreuves-de-3e-et-de-4e-secondaire-en-histoire-du-quebec-et-du-canada\/","title":{"rendered":"Atelier du MEES \u2013 automne 2017 &#8211; Prototypes d\u2019\u00e9preuves de 3e et de 4e secondaire en histoire du Qu\u00e9bec et du Canada"},"content":{"rendered":"<div class=\"page-restrict-output\"><p>Voici la pr\u00e9sentation offerte par le MEES aux congr\u00e8s de la SPHQ et de l&rsquo;AQEUS \u00e0 l&rsquo;automne 2017.<\/p>\n<p><a href=\"https:\/\/se.csbe.qc.ca\/universsocial\/files\/2018\/01\/Atelier-mees.png\"><img loading=\"lazy\" decoding=\"async\" class=\"alignnone  wp-image-6432\" src=\"https:\/\/se.csbe.qc.ca\/universsocial\/files\/2018\/01\/Atelier-mees-300x210.png\" alt=\"\" width=\"470\" height=\"329\" srcset=\"https:\/\/se.csbe.qc.ca\/universsocial\/files\/2018\/01\/Atelier-mees-300x210.png 300w, https:\/\/se.csbe.qc.ca\/universsocial\/files\/2018\/01\/Atelier-mees.png 749w\" sizes=\"auto, (max-width: 470px) 100vw, 470px\" \/><\/a><\/p>\n<p><a href=\"https:\/\/se.csbe.qc.ca\/universsocial\/files\/2018\/01\/Atelier-Congres-2017_final.pdf\">Atelier Congres 2017_final<\/a><\/p>\n<!-- WP Attachments -->\r\n        <div style=\"width:100%;margin:10px 0 10px 0;\">\r\n            <h3>Attachments<\/h3>\r\n        <ul class=\"post-attachments\"><li class=\"post-attachment mime-application-pdf\"><a href=\"https:\/\/se.csbe.qc.ca\/universsocial\/files\/2018\/01\/Atelier-Congres-2017_final.pdf\">Atelier Congres 2017_final<\/a> <small>(2 MB)<\/small><\/li><\/ul><\/div><\/div>","protected":false},"excerpt":{"rendered":"<div class=\"page-restrict-output\"><p>Voici la pr\u00e9sentation offerte par le MEES aux congr\u00e8s de la SPHQ et de l&rsquo;AQEUS \u00e0 l&rsquo;automne 2017. Atelier Congres 2017_final Attachments Atelier Congres 2017_final (2 MB)<\/p>\n<\/div>","protected":false},"author":209,"featured_media":0,"parent":0,"menu_order":0,"comment_status":"closed","ping_status":"closed","template":"","meta":{"footnotes":""},"class_list":["post-6431","page","type-page","status-publish","hentry","nodate","item-wrap"],"_links":{"self":[{"href":"https:\/\/se.csbe.qc.ca\/universsocial\/wp-json\/wp\/v2\/pages\/6431","targetHints":{"allow":["GET"]}}],"collection":[{"href":"https:\/\/se.csbe.qc.ca\/universsocial\/wp-json\/wp\/v2\/pages"}],"about":[{"href":"https:\/\/se.csbe.qc.ca\/universsocial\/wp-json\/wp\/v2\/types\/page"}],"author":[{"embeddable":true,"href":"https:\/\/se.csbe.qc.ca\/universsocial\/wp-json\/wp\/v2\/users\/209"}],"replies":[{"embeddable":true,"href":"https:\/\/se.csbe.qc.ca\/universsocial\/wp-json\/wp\/v2\/comments?post=6431"}],"version-history":[{"count":1,"href":"https:\/\/se.csbe.qc.ca\/universsocial\/wp-json\/wp\/v2\/pages\/6431\/revisions"}],"predecessor-version":[{"id":6434,"href":"https:\/\/se.csbe.qc.ca\/universsocial\/wp-json\/wp\/v2\/pages\/6431\/revisions\/6434"}],"wp:attachment":[{"href":"https:\/\/se.csbe.qc.ca\/universsocial\/wp-json\/wp\/v2\/media?parent=6431"}],"curies":[{"name":"wp","href":"https:\/\/api.w.org\/{rel}","templated":true}]}}