{"id":6054,"date":"2017-09-01T10:16:02","date_gmt":"2017-09-01T14:16:02","guid":{"rendered":"https:\/\/se.csbe.qc.ca\/universsocial\/?page_id=6054"},"modified":"2017-09-01T10:16:02","modified_gmt":"2017-09-01T14:16:02","slug":"c1-les-algonquiens","status":"publish","type":"page","link":"https:\/\/se.csbe.qc.ca\/universsocial\/c1-les-algonquiens\/","title":{"rendered":"C1 &#8211; Les Algonquiens"},"content":{"rendered":"<div class=\"page-restrict-output\"><h3><strong>T\u00c2CHE C1 \u2013 Caract\u00e9riser une r\u00e9alit\u00e9 sociale<\/strong><\/h3>\n<h3><strong>\u00a0<\/strong>Voici une nouvelle t\u00e2che de C1, simple, id\u00e9ale pour revoir la structure de ce type de r\u00e9ponse avec vos \u00e9l\u00e8ves en ce d\u00e9but d\u2019ann\u00e9e.<\/h3>\n<p>&nbsp;<\/p>\n<h3><a href=\"https:\/\/se.csbe.qc.ca\/universsocial\/files\/2017\/09\/HQC3_C1_Algonquiens.2017.docx\">HQC3_C1_Algonquiens.2017<\/a><\/h3>\n<!-- WP Attachments -->\r\n        <div style=\"width:100%;margin:10px 0 10px 0;\">\r\n            <h3>Attachments<\/h3>\r\n        <ul class=\"post-attachments\"><li class=\"post-attachment mime-application-vnd-openxmlformats-officedocument-wordprocessingml-document\"><a href=\"https:\/\/se.csbe.qc.ca\/universsocial\/files\/2017\/09\/HQC3_C1_Algonquiens.2017.docx\">HQC3_C1_Algonquiens.2017<\/a> <small>(2 MB)<\/small><\/li><\/ul><\/div><\/div>","protected":false},"excerpt":{"rendered":"<div class=\"page-restrict-output\"><p>T\u00c2CHE C1 \u2013 Caract\u00e9riser une r\u00e9alit\u00e9 sociale \u00a0Voici une nouvelle t\u00e2che de C1, simple, id\u00e9ale pour revoir la structure de ce type de r\u00e9ponse avec vos \u00e9l\u00e8ves en ce d\u00e9but d\u2019ann\u00e9e. &nbsp; HQC3_C1_Algonquiens.2017 Attachments HQC3_C1_Algonquiens.2017 (2 MB)<\/p>\n<\/div>","protected":false},"author":209,"featured_media":0,"parent":0,"menu_order":0,"comment_status":"closed","ping_status":"closed","template":"","meta":{"footnotes":""},"class_list":["post-6054","page","type-page","status-publish","hentry","nodate","item-wrap"],"_links":{"self":[{"href":"https:\/\/se.csbe.qc.ca\/universsocial\/wp-json\/wp\/v2\/pages\/6054","targetHints":{"allow":["GET"]}}],"collection":[{"href":"https:\/\/se.csbe.qc.ca\/universsocial\/wp-json\/wp\/v2\/pages"}],"about":[{"href":"https:\/\/se.csbe.qc.ca\/universsocial\/wp-json\/wp\/v2\/types\/page"}],"author":[{"embeddable":true,"href":"https:\/\/se.csbe.qc.ca\/universsocial\/wp-json\/wp\/v2\/users\/209"}],"replies":[{"embeddable":true,"href":"https:\/\/se.csbe.qc.ca\/universsocial\/wp-json\/wp\/v2\/comments?post=6054"}],"version-history":[{"count":1,"href":"https:\/\/se.csbe.qc.ca\/universsocial\/wp-json\/wp\/v2\/pages\/6054\/revisions"}],"predecessor-version":[{"id":6056,"href":"https:\/\/se.csbe.qc.ca\/universsocial\/wp-json\/wp\/v2\/pages\/6054\/revisions\/6056"}],"wp:attachment":[{"href":"https:\/\/se.csbe.qc.ca\/universsocial\/wp-json\/wp\/v2\/media?parent=6054"}],"curies":[{"name":"wp","href":"https:\/\/api.w.org\/{rel}","templated":true}]}}