{"id":5829,"date":"2017-05-19T10:49:33","date_gmt":"2017-05-19T14:49:33","guid":{"rendered":"https:\/\/se.csbe.qc.ca\/universsocial\/?page_id=5829"},"modified":"2018-02-07T13:20:33","modified_gmt":"2018-02-07T18:20:33","slug":"taches-1980-a-nos-jours","status":"publish","type":"page","link":"https:\/\/se.csbe.qc.ca\/universsocial\/taches-1980-a-nos-jours\/","title":{"rendered":"T\u00e2ches (1980 \u00e0 nos jours)"},"content":{"rendered":"<div class=\"page-restrict-output\"><h3>Merci pour le partage!<\/h3>\n<h3><\/h3>\n<h3>R\u00c9CITUS :\u00a0<a href=\"http:\/\/documents.recitus.qc.ca\/secondaire4\" target=\"_blank\" rel=\"noopener noreferrer\">http:\/\/documents.recitus.qc.ca\/secondaire4<\/a><\/h3>\n<h3><\/h3>\n<h3>\u00c9tienne B\u00e9dard :<\/h3>\n<ul>\n<li>\n<h3>T\u00e2che+Documentaire+C1+De 1980 \u00e0 nos jours<\/h3>\n<\/li>\n<\/ul>\n<h3><\/h3>\n<h3>Vicky Fleurent : T\u00e2ches d&rsquo;apprentissage et d&rsquo;\u00e9valuation sur la Crise d&rsquo;Oka<\/h3>\n<ul>\n<li>\n<h3><a href=\"https:\/\/se.csbe.qc.ca\/universsocial\/files\/2017\/05\/1490189281_SA_Crise-oka.pdf\">1490189281_SA_Crise-oka<\/a><\/h3>\n<\/li>\n<li>\n<h3><a href=\"https:\/\/se.csbe.qc.ca\/universsocial\/files\/2017\/05\/1490190947_SE_Crise-oka.pdf\">1490190947_SE_Crise-oka<\/a><\/h3>\n<\/li>\n<\/ul>\n<h3>Jesse Boulette \u2013 CSDP : <a href=\"https:\/\/se.csbe.qc.ca\/universsocial\/files\/2018\/02\/HQC4_Ruban-du-temps_chap_3-4_JB.docx\">HQC4_Ruban du temps_chap_3-4_JB<\/a><\/h3>\n<!-- WP Attachments -->\r\n        <div style=\"width:100%;margin:10px 0 10px 0;\">\r\n            <h3>Attachments<\/h3>\r\n        <ul class=\"post-attachments\"><li class=\"post-attachment mime-application-vnd-openxmlformats-officedocument-wordprocessingml-document\"><a href=\"https:\/\/se.csbe.qc.ca\/universsocial\/files\/2017\/05\/T\u00e2cheDocumentaireC1De-1980-\u00e0-nos-jours.docx\">T\u00e2che+Documentaire+C1+De 1980 \u00e0 nos jours<\/a> <small>(2 MB)<\/small><\/li><li class=\"post-attachment mime-application-pdf\"><a href=\"https:\/\/se.csbe.qc.ca\/universsocial\/files\/2017\/05\/1490189281_SA_Crise-oka.pdf\">1490189281_SA_Crise-oka<\/a> <small>(324 kB)<\/small><\/li><li class=\"post-attachment mime-application-pdf\"><a href=\"https:\/\/se.csbe.qc.ca\/universsocial\/files\/2017\/05\/1490190947_SE_Crise-oka.pdf\">1490190947_SE_Crise-oka<\/a> <small>(465 kB)<\/small><\/li><li class=\"post-attachment mime-application-vnd-openxmlformats-officedocument-wordprocessingml-document\"><a href=\"https:\/\/se.csbe.qc.ca\/universsocial\/files\/2018\/02\/HQC4_Ruban-du-temps_chap_3-4_JB.docx\">HQC4_Ruban du temps_chap_3-4_JB<\/a> <small>(42 kB)<\/small><\/li><\/ul><\/div><\/div>","protected":false},"excerpt":{"rendered":"<div class=\"page-restrict-output\"><p>Merci pour le partage! R\u00c9CITUS :\u00a0http:\/\/documents.recitus.qc.ca\/secondaire4 \u00c9tienne B\u00e9dard : T\u00e2che+Documentaire+C1+De 1980 \u00e0 nos jours Vicky Fleurent : T\u00e2ches d&rsquo;apprentissage et d&rsquo;\u00e9valuation sur la Crise d&rsquo;Oka 1490189281_SA_Crise-oka 1490190947_SE_Crise-oka Jesse Boulette \u2013 CSDP : HQC4_Ruban du temps_chap_3-4_JB Attachments T\u00e2che+Documentaire+C1+De 1980 \u00e0 nos jours (2 MB)1490189281_SA_Crise-oka (324 kB)1490190947_SE_Crise-oka (465 kB)HQC4_Ruban du temps_chap_3-4_JB (42 kB)<\/p>\n<\/div>","protected":false},"author":209,"featured_media":0,"parent":0,"menu_order":0,"comment_status":"closed","ping_status":"closed","template":"","meta":{"footnotes":""},"class_list":["post-5829","page","type-page","status-publish","hentry","nodate","item-wrap"],"_links":{"self":[{"href":"https:\/\/se.csbe.qc.ca\/universsocial\/wp-json\/wp\/v2\/pages\/5829","targetHints":{"allow":["GET"]}}],"collection":[{"href":"https:\/\/se.csbe.qc.ca\/universsocial\/wp-json\/wp\/v2\/pages"}],"about":[{"href":"https:\/\/se.csbe.qc.ca\/universsocial\/wp-json\/wp\/v2\/types\/page"}],"author":[{"embeddable":true,"href":"https:\/\/se.csbe.qc.ca\/universsocial\/wp-json\/wp\/v2\/users\/209"}],"replies":[{"embeddable":true,"href":"https:\/\/se.csbe.qc.ca\/universsocial\/wp-json\/wp\/v2\/comments?post=5829"}],"version-history":[{"count":7,"href":"https:\/\/se.csbe.qc.ca\/universsocial\/wp-json\/wp\/v2\/pages\/5829\/revisions"}],"predecessor-version":[{"id":6488,"href":"https:\/\/se.csbe.qc.ca\/universsocial\/wp-json\/wp\/v2\/pages\/5829\/revisions\/6488"}],"wp:attachment":[{"href":"https:\/\/se.csbe.qc.ca\/universsocial\/wp-json\/wp\/v2\/media?parent=5829"}],"curies":[{"name":"wp","href":"https:\/\/api.w.org\/{rel}","templated":true}]}}