{"id":5815,"date":"2017-05-19T10:46:36","date_gmt":"2017-05-19T14:46:36","guid":{"rendered":"https:\/\/se.csbe.qc.ca\/universsocial\/?page_id=5815"},"modified":"2018-01-09T14:18:06","modified_gmt":"2018-01-09T19:18:06","slug":"notes-de-cours-1896-1945","status":"publish","type":"page","link":"https:\/\/se.csbe.qc.ca\/universsocial\/notes-de-cours-1896-1945\/","title":{"rendered":"Notes de cours (1896-1945)"},"content":{"rendered":"<div class=\"page-restrict-output\"><h3>Merci \u00e0 tous pour le partage!<\/h3>\n<h3>Dans le cadre du projet pilote 2016-17 en 4<sup>e<\/sup> sec., notes de cours r\u00e9alis\u00e9es par Sylvie L\u00e9tourneau et Claire Ouellet, CSVDC :<\/h3>\n<ul>\n<li><a href=\"https:\/\/se.csbe.qc.ca\/universsocial\/files\/2017\/05\/1896-1945-Notes-de-cours-ELEVE.docx\">1896-1945-Notes de cours-ELEVE<\/a><\/li>\n<li><a href=\"https:\/\/se.csbe.qc.ca\/universsocial\/files\/2017\/05\/1896-1945-Notes-de-coursV-CORRIGE.docx\">1896-1945-Notes de coursV-CORRIGE<\/a><\/li>\n<\/ul>\n<p>&nbsp;<\/p>\n<p>&nbsp;<\/p>\n<!-- WP Attachments -->\r\n        <div style=\"width:100%;margin:10px 0 10px 0;\">\r\n            <h3>Attachments<\/h3>\r\n        <ul class=\"post-attachments\"><li class=\"post-attachment mime-application-vnd-openxmlformats-officedocument-wordprocessingml-document\"><a href=\"https:\/\/se.csbe.qc.ca\/universsocial\/files\/2017\/05\/1896-1945-Notes-de-cours-ELEVE.docx\">1896-1945-Notes de cours-ELEVE<\/a> <small>(4 MB)<\/small><\/li><li class=\"post-attachment mime-application-vnd-openxmlformats-officedocument-wordprocessingml-document\"><a href=\"https:\/\/se.csbe.qc.ca\/universsocial\/files\/2017\/05\/1896-1945-Notes-de-coursV-CORRIGE.docx\">1896-1945-Notes de coursV-CORRIGE<\/a> <small>(4 MB)<\/small><\/li><li class=\"post-attachment mime-application-vnd-openxmlformats-officedocument-wordprocessingml-document\"><a href=\"https:\/\/se.csbe.qc.ca\/universsocial\/files\/2018\/01\/Collection-de-documents-1896-\u00e0-1945.docx\">Collection de documents (1896 \u00e0 1945)<\/a> <small>(15 MB)<\/small><\/li><\/ul><\/div><\/div>","protected":false},"excerpt":{"rendered":"<div class=\"page-restrict-output\"><p>Merci \u00e0 tous pour le partage! Dans le cadre du projet pilote 2016-17 en 4e sec., notes de cours r\u00e9alis\u00e9es par Sylvie L\u00e9tourneau et Claire Ouellet, CSVDC : 1896-1945-Notes de cours-ELEVE 1896-1945-Notes de coursV-CORRIGE &nbsp; &nbsp; Attachments 1896-1945-Notes de cours-ELEVE (4 MB)1896-1945-Notes de coursV-CORRIGE (4 MB)Collection de documents (1896 \u00e0 1945) (15 MB)<\/p>\n<\/div>","protected":false},"author":209,"featured_media":0,"parent":0,"menu_order":0,"comment_status":"closed","ping_status":"closed","template":"","meta":{"footnotes":""},"class_list":["post-5815","page","type-page","status-publish","hentry","nodate","item-wrap"],"_links":{"self":[{"href":"https:\/\/se.csbe.qc.ca\/universsocial\/wp-json\/wp\/v2\/pages\/5815","targetHints":{"allow":["GET"]}}],"collection":[{"href":"https:\/\/se.csbe.qc.ca\/universsocial\/wp-json\/wp\/v2\/pages"}],"about":[{"href":"https:\/\/se.csbe.qc.ca\/universsocial\/wp-json\/wp\/v2\/types\/page"}],"author":[{"embeddable":true,"href":"https:\/\/se.csbe.qc.ca\/universsocial\/wp-json\/wp\/v2\/users\/209"}],"replies":[{"embeddable":true,"href":"https:\/\/se.csbe.qc.ca\/universsocial\/wp-json\/wp\/v2\/comments?post=5815"}],"version-history":[{"count":5,"href":"https:\/\/se.csbe.qc.ca\/universsocial\/wp-json\/wp\/v2\/pages\/5815\/revisions"}],"predecessor-version":[{"id":6405,"href":"https:\/\/se.csbe.qc.ca\/universsocial\/wp-json\/wp\/v2\/pages\/5815\/revisions\/6405"}],"wp:attachment":[{"href":"https:\/\/se.csbe.qc.ca\/universsocial\/wp-json\/wp\/v2\/media?parent=5815"}],"curies":[{"name":"wp","href":"https:\/\/api.w.org\/{rel}","templated":true}]}}