{"id":5813,"date":"2017-05-19T10:46:14","date_gmt":"2017-05-19T14:46:14","guid":{"rendered":"https:\/\/se.csbe.qc.ca\/universsocial\/?page_id=5813"},"modified":"2018-02-07T13:24:01","modified_gmt":"2018-02-07T18:24:01","slug":"taches-1840-1896","status":"publish","type":"page","link":"https:\/\/se.csbe.qc.ca\/universsocial\/taches-1840-1896\/","title":{"rendered":"T\u00e2ches (1840-1896)"},"content":{"rendered":"<div class=\"page-restrict-output\"><h3>Merci \u00e0 tous ceux qui ont partag\u00e9 ces ressources!<\/h3>\n<h3>R\u00c9CITUS :\u00a0<a href=\"http:\/\/documents.recitus.qc.ca\/secondaire4\" target=\"_blank\" rel=\"noopener noreferrer\">http:\/\/documents.recitus.qc.ca\/secondaire4<\/a><\/h3>\n<h3><\/h3>\n<h3>Jesse Boulette, CSDP :\u00a0<a href=\"https:\/\/se.csbe.qc.ca\/universsocial\/files\/2017\/05\/Ruban-du-temps_r\u00e9alit\u00e9_-1_4e-secondaire.JB_.docx\" target=\"_blank\" rel=\"noopener noreferrer\">Ruban du temps_r\u00e9alit\u00e9_ 1_4e secondaire.JB<\/a><\/h3>\n<h3><\/h3>\n<h3>Joey Harvey,\u00a0Marie-H\u00e9l\u00e8ne Laverdi\u00e8re, Anne-Claude Poirier Sylvie Richer :\u00a0<a href=\"https:\/\/se.csbe.qc.ca\/universsocial\/files\/2017\/05\/T\u00e2che-d\u2019interpr\u00e9tation-sur-la-formation-du-r\u00e9gime-f\u00e9d\u00e9ral-canadien.docx\" target=\"_blank\" rel=\"noopener noreferrer\">T\u00e2che d\u2019interpr\u00e9tation sur la formation du r\u00e9gime f\u00e9d\u00e9ral canadien<\/a><\/h3>\n<p>&nbsp;<\/p>\n<h2>Pour une r\u00e9elle progression des apprentissages<\/h2>\n<p>La Commission scolaire Marie-Victorin\u00a0 a \u00e9labor\u00e9 des t\u00e2ches pour d\u00e9velopper <strong>progressivement<\/strong> la comp\u00e9tence 1 en Histoire du Qu\u00e9bec et du Canada de 3<sup>e<\/sup> et 4<sup>e<\/sup> secondaire.\u00a0 S\u00e9bastien Quirion, conseiller p\u00e9dagogique, a gentiment accept\u00e9 de nous partager le fruit de leurs travaux. Les t\u00e2ches ont \u00e9t\u00e9 d\u00e9pos\u00e9es sur le site <em>L\u2019univers social \u00e0 la CSBE<\/em>. (Vous devez \u00eatre pr\u00e9alablement connect\u00e9 au site pour y avoir acc\u00e8s.)<\/p>\n<h3><a href=\"https:\/\/se.csbe.qc.ca\/universsocial\/files\/2017\/12\/HQC4_Pour_une_r\u00e9elle_progression_des_apprentissages.zip\">HQC4_Pour_une_r\u00e9elle_progression_des_apprentissages<\/a><\/h3>\n<p>&nbsp;<\/p>\n<h3>CSDPS : <a href=\"https:\/\/se.csbe.qc.ca\/universsocial\/files\/2018\/02\/Tableau-synthe\u0300se-Re\u0301gime-fe\u0301de\u0301ral-VF-1.docx\">Tableau synthe\u0300se &#8211; Re\u0301gime fe\u0301de\u0301ral VF (1)<\/a> <a href=\"https:\/\/se.csbe.qc.ca\/universsocial\/files\/2018\/02\/Tableau-synthe\u0300se-Re\u0301gime-fe\u0301de\u0301ral-VF.pdf\">Tableau synthe\u0300se &#8211; Re\u0301gime fe\u0301de\u0301ral VF<\/a><\/h3>\n<!-- WP Attachments -->\r\n        <div style=\"width:100%;margin:10px 0 10px 0;\">\r\n            <h3>Attachments<\/h3>\r\n        <ul class=\"post-attachments\"><li class=\"post-attachment mime-application-vnd-openxmlformats-officedocument-wordprocessingml-document\"><a href=\"https:\/\/se.csbe.qc.ca\/universsocial\/files\/2017\/05\/Ruban-du-temps_r\u00e9alit\u00e9_-1_4e-secondaire.JB_.docx\">Ruban du temps_r\u00e9alit\u00e9_ 1_4e secondaire.JB<\/a> <small>(497 kB)<\/small><\/li><li class=\"post-attachment mime-application-vnd-openxmlformats-officedocument-wordprocessingml-document\"><a href=\"https:\/\/se.csbe.qc.ca\/universsocial\/files\/2017\/05\/T\u00e2che-d\u2019interpr\u00e9tation-sur-la-formation-du-r\u00e9gime-f\u00e9d\u00e9ral-canadien.docx\">T\u00e2che d\u2019interpr\u00e9tation sur la formation du r\u00e9gime f\u00e9d\u00e9ral canadien<\/a> <small>(251 kB)<\/small><\/li><li class=\"post-attachment mime-application-zip\"><a href=\"https:\/\/se.csbe.qc.ca\/universsocial\/files\/2017\/12\/HQC4_Pour_une_r\u00e9elle_progression_des_apprentissages.zip\">HQC4_Pour_une_r\u00e9elle_progression_des_apprentissages<\/a> <small>(3 MB)<\/small><\/li><li class=\"post-attachment mime-application-vnd-openxmlformats-officedocument-wordprocessingml-document\"><a href=\"https:\/\/se.csbe.qc.ca\/universsocial\/files\/2018\/02\/Tableau-synthe\u0300se-Re\u0301gime-fe\u0301de\u0301ral-VF-1.docx\">Tableau synthe\u0300se - Re\u0301gime fe\u0301de\u0301ral VF (1)<\/a> <small>(2 MB)<\/small><\/li><li class=\"post-attachment mime-application-pdf\"><a href=\"https:\/\/se.csbe.qc.ca\/universsocial\/files\/2018\/02\/Tableau-synthe\u0300se-Re\u0301gime-fe\u0301de\u0301ral-VF.pdf\">Tableau synthe\u0300se - Re\u0301gime fe\u0301de\u0301ral VF<\/a> <small>(708 kB)<\/small><\/li><\/ul><\/div><\/div>","protected":false},"excerpt":{"rendered":"<div class=\"page-restrict-output\"><p>Merci \u00e0 tous ceux qui ont partag\u00e9 ces ressources! R\u00c9CITUS :\u00a0http:\/\/documents.recitus.qc.ca\/secondaire4 Jesse Boulette, CSDP :\u00a0Ruban du temps_r\u00e9alit\u00e9_ 1_4e secondaire.JB Joey Harvey,\u00a0Marie-H\u00e9l\u00e8ne Laverdi\u00e8re, Anne-Claude Poirier Sylvie Richer :\u00a0T\u00e2che d\u2019interpr\u00e9tation sur la formation du r\u00e9gime f\u00e9d\u00e9ral canadien &nbsp; Pour une r\u00e9elle progression des apprentissages La Commission scolaire Marie-Victorin\u00a0 a \u00e9labor\u00e9 des t\u00e2ches pour d\u00e9velopper progressivement la comp\u00e9tence &hellip; <\/p>\n<p><a class=\"more-link btn\" href=\"https:\/\/se.csbe.qc.ca\/universsocial\/taches-1840-1896\/\">Lire la suite<\/a><\/p>\n<\/div>","protected":false},"author":209,"featured_media":0,"parent":0,"menu_order":0,"comment_status":"closed","ping_status":"closed","template":"","meta":{"footnotes":""},"class_list":["post-5813","page","type-page","status-publish","hentry","nodate","item-wrap"],"_links":{"self":[{"href":"https:\/\/se.csbe.qc.ca\/universsocial\/wp-json\/wp\/v2\/pages\/5813","targetHints":{"allow":["GET"]}}],"collection":[{"href":"https:\/\/se.csbe.qc.ca\/universsocial\/wp-json\/wp\/v2\/pages"}],"about":[{"href":"https:\/\/se.csbe.qc.ca\/universsocial\/wp-json\/wp\/v2\/types\/page"}],"author":[{"embeddable":true,"href":"https:\/\/se.csbe.qc.ca\/universsocial\/wp-json\/wp\/v2\/users\/209"}],"replies":[{"embeddable":true,"href":"https:\/\/se.csbe.qc.ca\/universsocial\/wp-json\/wp\/v2\/comments?post=5813"}],"version-history":[{"count":5,"href":"https:\/\/se.csbe.qc.ca\/universsocial\/wp-json\/wp\/v2\/pages\/5813\/revisions"}],"predecessor-version":[{"id":6491,"href":"https:\/\/se.csbe.qc.ca\/universsocial\/wp-json\/wp\/v2\/pages\/5813\/revisions\/6491"}],"wp:attachment":[{"href":"https:\/\/se.csbe.qc.ca\/universsocial\/wp-json\/wp\/v2\/media?parent=5813"}],"curies":[{"name":"wp","href":"https:\/\/api.w.org\/{rel}","templated":true}]}}