{"id":5777,"date":"2017-05-18T11:52:10","date_gmt":"2017-05-18T15:52:10","guid":{"rendered":"https:\/\/se.csbe.qc.ca\/universsocial\/?page_id=5777"},"modified":"2017-05-18T11:52:10","modified_gmt":"2017-05-18T15:52:10","slug":"dossiers-documentaires-hqc-cspo","status":"publish","type":"page","link":"https:\/\/se.csbe.qc.ca\/universsocial\/dossiers-documentaires-hqc-cspo\/","title":{"rendered":"Dossiers documentaires HQC- CSPO"},"content":{"rendered":"<div class=\"page-restrict-output\"><h2>Voici des dossiers documentaires pour toutes les p\u00e9riodes\/r\u00e9alit\u00e9s sociales du programme<em> Histoire du Qu\u00e9bec et du Canada<\/em> de 3e secondaire et pour la premi\u00e8re r\u00e9alit\u00e9 sociale de 4e secondaire.<\/h2>\n<h2>Merci \u00e0 madame Caroline Desrochers, conseill\u00e8re p\u00e9dagogique \u00e0 la Commission scolaire des Portages-de-l&rsquo;Outaouais, pour ce partage!<\/h2>\n<h2><strong>3e secondaire<\/strong><\/h2>\n<h2><a href=\"https:\/\/se.csbe.qc.ca\/universsocial\/files\/2016\/05\/HQC3-pr\u00e9cision-p\u00e9riode-1.docx\">HQC3 pr\u00e9cision-p\u00e9riode 1<\/a><\/h2>\n<h2><a href=\"https:\/\/se.csbe.qc.ca\/universsocial\/files\/2016\/05\/HQC3-pr\u00e9cision-p\u00e9riode-2.docx\">HQC3 pr\u00e9cision-p\u00e9riode 2<\/a><\/h2>\n<h2><a href=\"https:\/\/se.csbe.qc.ca\/universsocial\/files\/2016\/05\/HQC3-pr\u00e9cision-p\u00e9riode-3.docx\">HQC3 pr\u00e9cision-p\u00e9riode 3<\/a><\/h2>\n<h2><a href=\"https:\/\/se.csbe.qc.ca\/universsocial\/files\/2016\/05\/HQC3-pr\u00e9cision-p\u00e9riode-4.docx\">HQC3 pr\u00e9cision-p\u00e9riode 4<\/a><\/h2>\n<h2><strong>4e secondaire<\/strong><\/h2>\n<h2><a href=\"https:\/\/se.csbe.qc.ca\/universsocial\/files\/2017\/05\/HQC4-p\u00e9riode-1.docx\">HQC4-p\u00e9riode 1<\/a><\/h2>\n<p>&nbsp;<\/p>\n<!-- WP Attachments -->\r\n        <div style=\"width:100%;margin:10px 0 10px 0;\">\r\n            <h3>Attachments<\/h3>\r\n        <ul class=\"post-attachments\"><li class=\"post-attachment mime-application-vnd-openxmlformats-officedocument-wordprocessingml-document\"><a href=\"https:\/\/se.csbe.qc.ca\/universsocial\/files\/2017\/05\/HQC4-p\u00e9riode-1.docx\">HQC4-p\u00e9riode 1<\/a> <small>(12 MB)<\/small><\/li><\/ul><\/div><\/div>","protected":false},"excerpt":{"rendered":"<div class=\"page-restrict-output\"><p>Voici des dossiers documentaires pour toutes les p\u00e9riodes\/r\u00e9alit\u00e9s sociales du programme Histoire du Qu\u00e9bec et du Canada de 3e secondaire et pour la premi\u00e8re r\u00e9alit\u00e9 sociale de 4e secondaire. Merci \u00e0 madame Caroline Desrochers, conseill\u00e8re p\u00e9dagogique \u00e0 la Commission scolaire des Portages-de-l&rsquo;Outaouais, pour ce partage! 3e secondaire HQC3 pr\u00e9cision-p\u00e9riode 1 HQC3 pr\u00e9cision-p\u00e9riode 2 HQC3 pr\u00e9cision-p\u00e9riode &hellip; <\/p>\n<p><a class=\"more-link btn\" href=\"https:\/\/se.csbe.qc.ca\/universsocial\/dossiers-documentaires-hqc-cspo\/\">Lire la suite<\/a><\/p>\n<\/div>","protected":false},"author":209,"featured_media":0,"parent":0,"menu_order":0,"comment_status":"closed","ping_status":"closed","template":"","meta":{"footnotes":""},"class_list":["post-5777","page","type-page","status-publish","hentry","nodate","item-wrap"],"_links":{"self":[{"href":"https:\/\/se.csbe.qc.ca\/universsocial\/wp-json\/wp\/v2\/pages\/5777","targetHints":{"allow":["GET"]}}],"collection":[{"href":"https:\/\/se.csbe.qc.ca\/universsocial\/wp-json\/wp\/v2\/pages"}],"about":[{"href":"https:\/\/se.csbe.qc.ca\/universsocial\/wp-json\/wp\/v2\/types\/page"}],"author":[{"embeddable":true,"href":"https:\/\/se.csbe.qc.ca\/universsocial\/wp-json\/wp\/v2\/users\/209"}],"replies":[{"embeddable":true,"href":"https:\/\/se.csbe.qc.ca\/universsocial\/wp-json\/wp\/v2\/comments?post=5777"}],"version-history":[{"count":1,"href":"https:\/\/se.csbe.qc.ca\/universsocial\/wp-json\/wp\/v2\/pages\/5777\/revisions"}],"predecessor-version":[{"id":5779,"href":"https:\/\/se.csbe.qc.ca\/universsocial\/wp-json\/wp\/v2\/pages\/5777\/revisions\/5779"}],"wp:attachment":[{"href":"https:\/\/se.csbe.qc.ca\/universsocial\/wp-json\/wp\/v2\/media?parent=5777"}],"curies":[{"name":"wp","href":"https:\/\/api.w.org\/{rel}","templated":true}]}}