{"id":5439,"date":"2017-02-14T09:46:30","date_gmt":"2017-02-14T14:46:30","guid":{"rendered":"https:\/\/se.csbe.qc.ca\/universsocial\/?page_id=5439"},"modified":"2017-03-01T09:18:45","modified_gmt":"2017-03-01T14:18:45","slug":"document-dinformation-hec4-juin-2017-juillet-2017-janvier-2018","status":"publish","type":"page","link":"https:\/\/se.csbe.qc.ca\/universsocial\/document-dinformation-hec4-juin-2017-juillet-2017-janvier-2018\/","title":{"rendered":"Document d&rsquo;information &#8211; HEC4 &#8211; Juin 2017 &#8211; Juillet 2017 &#8211; Janvier 2018"},"content":{"rendered":"<div class=\"page-restrict-output\"><h3>Voici le document d&rsquo;information des \u00e9preuves de juin 2017 &#8211; juillet 2017 et janvier 2018 :<\/h3>\n<h3><a href=\"https:\/\/se.csbe.qc.ca\/universsocial\/files\/2017\/02\/DI_HEC_2017-2018.pdf\">DI_HEC_2017-2018<\/a><\/h3>\n<h3>\u00c0 noter : le cahier \u00e0 lecture optique (uniquement pour l&rsquo;\u00e9preuve de juin 2017)<\/h3>\n<h3>N&rsquo;h\u00e9sitez pas \u00e0 me contacter si vous avez des questions.<\/h3>\n<p>&nbsp;<\/p>\n<h3><em>Claudine<\/em><\/h3>\n<!-- WP Attachments -->\r\n        <div style=\"width:100%;margin:10px 0 10px 0;\">\r\n            <h3>Attachments<\/h3>\r\n        <ul class=\"post-attachments\"><li class=\"post-attachment mime-application-pdf\"><a href=\"https:\/\/se.csbe.qc.ca\/universsocial\/files\/2017\/02\/DI_HEC_2017-2018.pdf\">DI_HEC_2017-2018<\/a> <small>(743 kB)<\/small><\/li><\/ul><\/div><\/div>","protected":false},"excerpt":{"rendered":"<div class=\"page-restrict-output\"><p>Voici le document d&rsquo;information des \u00e9preuves de juin 2017 &#8211; juillet 2017 et janvier 2018 : DI_HEC_2017-2018 \u00c0 noter : le cahier \u00e0 lecture optique (uniquement pour l&rsquo;\u00e9preuve de juin 2017) N&rsquo;h\u00e9sitez pas \u00e0 me contacter si vous avez des questions. &nbsp; Claudine Attachments DI_HEC_2017-2018 (743 kB)<\/p>\n<\/div>","protected":false},"author":209,"featured_media":0,"parent":0,"menu_order":0,"comment_status":"closed","ping_status":"closed","template":"","meta":{"footnotes":""},"class_list":["post-5439","page","type-page","status-publish","hentry","nodate","item-wrap"],"_links":{"self":[{"href":"https:\/\/se.csbe.qc.ca\/universsocial\/wp-json\/wp\/v2\/pages\/5439","targetHints":{"allow":["GET"]}}],"collection":[{"href":"https:\/\/se.csbe.qc.ca\/universsocial\/wp-json\/wp\/v2\/pages"}],"about":[{"href":"https:\/\/se.csbe.qc.ca\/universsocial\/wp-json\/wp\/v2\/types\/page"}],"author":[{"embeddable":true,"href":"https:\/\/se.csbe.qc.ca\/universsocial\/wp-json\/wp\/v2\/users\/209"}],"replies":[{"embeddable":true,"href":"https:\/\/se.csbe.qc.ca\/universsocial\/wp-json\/wp\/v2\/comments?post=5439"}],"version-history":[{"count":2,"href":"https:\/\/se.csbe.qc.ca\/universsocial\/wp-json\/wp\/v2\/pages\/5439\/revisions"}],"predecessor-version":[{"id":5502,"href":"https:\/\/se.csbe.qc.ca\/universsocial\/wp-json\/wp\/v2\/pages\/5439\/revisions\/5502"}],"wp:attachment":[{"href":"https:\/\/se.csbe.qc.ca\/universsocial\/wp-json\/wp\/v2\/media?parent=5439"}],"curies":[{"name":"wp","href":"https:\/\/api.w.org\/{rel}","templated":true}]}}