{"id":5050,"date":"2016-10-27T09:57:34","date_gmt":"2016-10-27T13:57:34","guid":{"rendered":"https:\/\/se.csbe.qc.ca\/universsocial\/?page_id=5050"},"modified":"2018-08-28T10:54:59","modified_gmt":"2018-08-28T14:54:59","slug":"grilles-de-correction-2016-geographie","status":"publish","type":"page","link":"https:\/\/se.csbe.qc.ca\/universsocial\/grilles-de-correction-2016-geographie\/","title":{"rendered":"Grilles de correction 2017 &#8211; G\u00e9ographie"},"content":{"rendered":"<div class=\"page-restrict-output\"><h2>Des grilles de correction pour tous les crit\u00e8res du cadre d&rsquo;\u00e9valuation, pour chaque op\u00e9ration intellectuelle et chaque comportement attendu.<\/h2>\n<h2><a href=\"https:\/\/se.csbe.qc.ca\/universsocial\/files\/2016\/10\/G\u00e9ographie.Grilles2017.docx\">G\u00e9ographie.Grilles2017<\/a><\/h2>\n<!-- WP Attachments -->\r\n        <div style=\"width:100%;margin:10px 0 10px 0;\">\r\n            <h3>Attachments<\/h3>\r\n        <ul class=\"post-attachments\"><li class=\"post-attachment mime-application-vnd-openxmlformats-officedocument-wordprocessingml-document\"><a href=\"https:\/\/se.csbe.qc.ca\/universsocial\/files\/2016\/10\/G\u00e9ographie.Grilles2017.docx\">G\u00e9ographie.Grilles2017<\/a> <small>(36 kB)<\/small><\/li><\/ul><\/div><\/div>","protected":false},"excerpt":{"rendered":"<div class=\"page-restrict-output\"><p>Des grilles de correction pour tous les crit\u00e8res du cadre d&rsquo;\u00e9valuation, pour chaque op\u00e9ration intellectuelle et chaque comportement attendu. G\u00e9ographie.Grilles2017 Attachments G\u00e9ographie.Grilles2017 (36 kB)<\/p>\n<\/div>","protected":false},"author":209,"featured_media":0,"parent":0,"menu_order":0,"comment_status":"closed","ping_status":"closed","template":"","meta":{"footnotes":""},"class_list":["post-5050","page","type-page","status-publish","hentry","nodate","item-wrap"],"_links":{"self":[{"href":"https:\/\/se.csbe.qc.ca\/universsocial\/wp-json\/wp\/v2\/pages\/5050","targetHints":{"allow":["GET"]}}],"collection":[{"href":"https:\/\/se.csbe.qc.ca\/universsocial\/wp-json\/wp\/v2\/pages"}],"about":[{"href":"https:\/\/se.csbe.qc.ca\/universsocial\/wp-json\/wp\/v2\/types\/page"}],"author":[{"embeddable":true,"href":"https:\/\/se.csbe.qc.ca\/universsocial\/wp-json\/wp\/v2\/users\/209"}],"replies":[{"embeddable":true,"href":"https:\/\/se.csbe.qc.ca\/universsocial\/wp-json\/wp\/v2\/comments?post=5050"}],"version-history":[{"count":4,"href":"https:\/\/se.csbe.qc.ca\/universsocial\/wp-json\/wp\/v2\/pages\/5050\/revisions"}],"predecessor-version":[{"id":6073,"href":"https:\/\/se.csbe.qc.ca\/universsocial\/wp-json\/wp\/v2\/pages\/5050\/revisions\/6073"}],"wp:attachment":[{"href":"https:\/\/se.csbe.qc.ca\/universsocial\/wp-json\/wp\/v2\/media?parent=5050"}],"curies":[{"name":"wp","href":"https:\/\/api.w.org\/{rel}","templated":true}]}}