{"id":4798,"date":"2016-05-31T09:41:04","date_gmt":"2016-05-31T13:41:04","guid":{"rendered":"https:\/\/se.csbe.qc.ca\/universsocial\/?page_id=4798"},"modified":"2016-06-27T13:56:11","modified_gmt":"2016-06-27T17:56:11","slug":"notes-de-cours-1608-1760","status":"publish","type":"page","link":"https:\/\/se.csbe.qc.ca\/universsocial\/notes-de-cours-1608-1760\/","title":{"rendered":"Notes de cours &#8211; 1608-1760"},"content":{"rendered":"<div class=\"page-restrict-output\"><h2>Notes de cours pr\u00e9par\u00e9es par Marie-H\u00e9l\u00e8ne Arbour, Jean-Fran\u00e7ois Morin et Claire Ouellet de la Commission scolaire Val-des-Cerfs.<\/h2>\n<h2>Merci pour ce partage!<\/h2>\n<h2><a href=\"https:\/\/se.csbe.qc.ca\/universsocial\/files\/2016\/05\/1608-1760-Notes-de-cours.pdf\" target=\"_blank\" rel=\"\">1608 &#8211; 1760 -Notes de cours<\/a><\/h2>\n<!-- WP Attachments -->\r\n        <div style=\"width:100%;margin:10px 0 10px 0;\">\r\n            <h3>Attachments<\/h3>\r\n        <ul class=\"post-attachments\"><li class=\"post-attachment mime-application-pdf\"><a href=\"https:\/\/se.csbe.qc.ca\/universsocial\/files\/2016\/05\/1608-1760-Notes-de-cours.pdf\">1608 - 1760 -Notes de cours<\/a> <small>(2 MB)<\/small><\/li><\/ul><\/div><\/div>","protected":false},"excerpt":{"rendered":"<div class=\"page-restrict-output\"><p>Notes de cours pr\u00e9par\u00e9es par Marie-H\u00e9l\u00e8ne Arbour, Jean-Fran\u00e7ois Morin et Claire Ouellet de la Commission scolaire Val-des-Cerfs. Merci pour ce partage! 1608 &#8211; 1760 -Notes de cours Attachments 1608 &#8211; 1760 -Notes de cours (2 MB)<\/p>\n<\/div>","protected":false},"author":209,"featured_media":0,"parent":0,"menu_order":0,"comment_status":"closed","ping_status":"closed","template":"","meta":{"footnotes":""},"class_list":["post-4798","page","type-page","status-publish","hentry","nodate","item-wrap"],"_links":{"self":[{"href":"https:\/\/se.csbe.qc.ca\/universsocial\/wp-json\/wp\/v2\/pages\/4798","targetHints":{"allow":["GET"]}}],"collection":[{"href":"https:\/\/se.csbe.qc.ca\/universsocial\/wp-json\/wp\/v2\/pages"}],"about":[{"href":"https:\/\/se.csbe.qc.ca\/universsocial\/wp-json\/wp\/v2\/types\/page"}],"author":[{"embeddable":true,"href":"https:\/\/se.csbe.qc.ca\/universsocial\/wp-json\/wp\/v2\/users\/209"}],"replies":[{"embeddable":true,"href":"https:\/\/se.csbe.qc.ca\/universsocial\/wp-json\/wp\/v2\/comments?post=4798"}],"version-history":[{"count":2,"href":"https:\/\/se.csbe.qc.ca\/universsocial\/wp-json\/wp\/v2\/pages\/4798\/revisions"}],"predecessor-version":[{"id":4899,"href":"https:\/\/se.csbe.qc.ca\/universsocial\/wp-json\/wp\/v2\/pages\/4798\/revisions\/4899"}],"wp:attachment":[{"href":"https:\/\/se.csbe.qc.ca\/universsocial\/wp-json\/wp\/v2\/media?parent=4798"}],"curies":[{"name":"wp","href":"https:\/\/api.w.org\/{rel}","templated":true}]}}