{"id":4777,"date":"2016-05-30T09:05:27","date_gmt":"2016-05-30T13:05:27","guid":{"rendered":"https:\/\/se.csbe.qc.ca\/universsocial\/?page_id=4777"},"modified":"2016-08-18T12:49:14","modified_gmt":"2016-08-18T16:49:14","slug":"1500-1608-cahier-de-leleve","status":"publish","type":"page","link":"https:\/\/se.csbe.qc.ca\/universsocial\/1500-1608-cahier-de-leleve\/","title":{"rendered":"1500-1608 &#8211; Cahier de l&rsquo;\u00e9l\u00e8ve"},"content":{"rendered":"<div class=\"page-restrict-output\"><h2>Un cahier de l&rsquo;\u00e9l\u00e8ve pour la p\u00e9riode des origines \u00e0 1608 \u00e9labor\u00e9 par Caroline Bouchard de l&rsquo;\u00c9cole secondaire de la Poudri\u00e8re. \u00a0Merci pour ce partage!<\/h2>\n<h2><a href=\"https:\/\/se.csbe.qc.ca\/universsocial\/files\/2016\/05\/1500-1608_Cahier-de-l\u00e9l\u00e8ve_Caroline-Bouchard.doc\" rel=\"\">1500-1608_Cahier de l&rsquo;\u00e9l\u00e8ve_Caroline Bouchard<\/a><\/h2>\n<!-- WP Attachments -->\r\n        <div style=\"width:100%;margin:10px 0 10px 0;\">\r\n            <h3>Attachments<\/h3>\r\n        <ul class=\"post-attachments\"><li class=\"post-attachment mime-application-msword\"><a href=\"https:\/\/se.csbe.qc.ca\/universsocial\/files\/2016\/05\/1500-1608_Cahier-de-l\u00e9l\u00e8ve_Caroline-Bouchard.doc\">1500-1608_Cahier de l'\u00e9l\u00e8ve_Caroline Bouchard<\/a> <small>(6 MB)<\/small><\/li><\/ul><\/div><\/div>","protected":false},"excerpt":{"rendered":"<div class=\"page-restrict-output\"><p>Un cahier de l&rsquo;\u00e9l\u00e8ve pour la p\u00e9riode des origines \u00e0 1608 \u00e9labor\u00e9 par Caroline Bouchard de l&rsquo;\u00c9cole secondaire de la Poudri\u00e8re. \u00a0Merci pour ce partage! 1500-1608_Cahier de l&rsquo;\u00e9l\u00e8ve_Caroline Bouchard Attachments 1500-1608_Cahier de l&rsquo;\u00e9l\u00e8ve_Caroline Bouchard (6 MB)<\/p>\n<\/div>","protected":false},"author":209,"featured_media":0,"parent":0,"menu_order":0,"comment_status":"closed","ping_status":"closed","template":"","meta":{"footnotes":""},"class_list":["post-4777","page","type-page","status-publish","hentry","nodate","item-wrap"],"_links":{"self":[{"href":"https:\/\/se.csbe.qc.ca\/universsocial\/wp-json\/wp\/v2\/pages\/4777","targetHints":{"allow":["GET"]}}],"collection":[{"href":"https:\/\/se.csbe.qc.ca\/universsocial\/wp-json\/wp\/v2\/pages"}],"about":[{"href":"https:\/\/se.csbe.qc.ca\/universsocial\/wp-json\/wp\/v2\/types\/page"}],"author":[{"embeddable":true,"href":"https:\/\/se.csbe.qc.ca\/universsocial\/wp-json\/wp\/v2\/users\/209"}],"replies":[{"embeddable":true,"href":"https:\/\/se.csbe.qc.ca\/universsocial\/wp-json\/wp\/v2\/comments?post=4777"}],"version-history":[{"count":1,"href":"https:\/\/se.csbe.qc.ca\/universsocial\/wp-json\/wp\/v2\/pages\/4777\/revisions"}],"predecessor-version":[{"id":4779,"href":"https:\/\/se.csbe.qc.ca\/universsocial\/wp-json\/wp\/v2\/pages\/4777\/revisions\/4779"}],"wp:attachment":[{"href":"https:\/\/se.csbe.qc.ca\/universsocial\/wp-json\/wp\/v2\/media?parent=4777"}],"curies":[{"name":"wp","href":"https:\/\/api.w.org\/{rel}","templated":true}]}}