{"id":4773,"date":"2016-05-27T15:40:06","date_gmt":"2016-05-27T19:40:06","guid":{"rendered":"https:\/\/se.csbe.qc.ca\/universsocial\/?page_id=4773"},"modified":"2017-05-23T12:28:30","modified_gmt":"2017-05-23T16:28:30","slug":"modele-de-planification-detaillee-pour-une-realite-sociale","status":"publish","type":"page","link":"https:\/\/se.csbe.qc.ca\/universsocial\/modele-de-planification-detaillee-pour-une-realite-sociale\/","title":{"rendered":"Mod\u00e8le de planification d\u00e9taill\u00e9e pour une r\u00e9alit\u00e9 sociale"},"content":{"rendered":"<div class=\"page-restrict-output\"><h2>Voici un mod\u00e8le de planification d\u00e9taill\u00e9e d&rsquo;une r\u00e9alit\u00e9 sociale en format Word que vous pouvez adapter et modifier \u00e0 votre guise!<\/h2>\n<h2>\u00c0 noter que cet exemple est un document de travail et est incomplet.<\/h2>\n<h2><a href=\"https:\/\/se.csbe.qc.ca\/universsocial\/files\/2016\/05\/Planification-d\u00e9taill\u00e9e.Des-origines-\u00e0-nos-jours.CSBE_.v1.docx\">Planification d\u00e9taill\u00e9e.Des origines \u00e0 nos jours.CSBE.v1<\/a><\/h2>\n<p>&nbsp;<\/p>\n<h3>Canevas de la planification d\u00e9taill\u00e9e :\u00a0<a href=\"https:\/\/se.csbe.qc.ca\/universsocial\/files\/2016\/05\/HQC_Planification-d\u00e9taill\u00e9e.Canevas.docx\">HQC_Planification d\u00e9taill\u00e9e.Canevas<\/a><\/h3>\n<!-- WP Attachments -->\r\n        <div style=\"width:100%;margin:10px 0 10px 0;\">\r\n            <h3>Attachments<\/h3>\r\n        <ul class=\"post-attachments\"><li class=\"post-attachment mime-application-vnd-openxmlformats-officedocument-wordprocessingml-document\"><a href=\"https:\/\/se.csbe.qc.ca\/universsocial\/files\/2016\/05\/Planification-d\u00e9taill\u00e9e.Des-origines-\u00e0-nos-jours.CSBE_.v1.docx\">Planification d\u00e9taill\u00e9e.Des origines \u00e0 nos jours.CSBE.v1<\/a> <small>(31 kB)<\/small><\/li><li class=\"post-attachment mime-application-vnd-openxmlformats-officedocument-wordprocessingml-document\"><a href=\"https:\/\/se.csbe.qc.ca\/universsocial\/files\/2016\/05\/HQC_Planification-d\u00e9taill\u00e9e.Canevas.docx\">HQC_Planification d\u00e9taill\u00e9e.Canevas<\/a> <small>(25 kB)<\/small><\/li><\/ul><\/div><\/div>","protected":false},"excerpt":{"rendered":"<div class=\"page-restrict-output\"><p>Voici un mod\u00e8le de planification d\u00e9taill\u00e9e d&rsquo;une r\u00e9alit\u00e9 sociale en format Word que vous pouvez adapter et modifier \u00e0 votre guise! \u00c0 noter que cet exemple est un document de travail et est incomplet. Planification d\u00e9taill\u00e9e.Des origines \u00e0 nos jours.CSBE.v1 &nbsp; Canevas de la planification d\u00e9taill\u00e9e :\u00a0HQC_Planification d\u00e9taill\u00e9e.Canevas Attachments Planification d\u00e9taill\u00e9e.Des origines \u00e0 nos jours.CSBE.v1 &hellip; <\/p>\n<p><a class=\"more-link btn\" href=\"https:\/\/se.csbe.qc.ca\/universsocial\/modele-de-planification-detaillee-pour-une-realite-sociale\/\">Lire la suite<\/a><\/p>\n<\/div>","protected":false},"author":209,"featured_media":0,"parent":0,"menu_order":0,"comment_status":"closed","ping_status":"closed","template":"","meta":{"footnotes":""},"class_list":["post-4773","page","type-page","status-publish","hentry","nodate","item-wrap"],"_links":{"self":[{"href":"https:\/\/se.csbe.qc.ca\/universsocial\/wp-json\/wp\/v2\/pages\/4773","targetHints":{"allow":["GET"]}}],"collection":[{"href":"https:\/\/se.csbe.qc.ca\/universsocial\/wp-json\/wp\/v2\/pages"}],"about":[{"href":"https:\/\/se.csbe.qc.ca\/universsocial\/wp-json\/wp\/v2\/types\/page"}],"author":[{"embeddable":true,"href":"https:\/\/se.csbe.qc.ca\/universsocial\/wp-json\/wp\/v2\/users\/209"}],"replies":[{"embeddable":true,"href":"https:\/\/se.csbe.qc.ca\/universsocial\/wp-json\/wp\/v2\/comments?post=4773"}],"version-history":[{"count":2,"href":"https:\/\/se.csbe.qc.ca\/universsocial\/wp-json\/wp\/v2\/pages\/4773\/revisions"}],"predecessor-version":[{"id":5932,"href":"https:\/\/se.csbe.qc.ca\/universsocial\/wp-json\/wp\/v2\/pages\/4773\/revisions\/5932"}],"wp:attachment":[{"href":"https:\/\/se.csbe.qc.ca\/universsocial\/wp-json\/wp\/v2\/media?parent=4773"}],"curies":[{"name":"wp","href":"https:\/\/api.w.org\/{rel}","templated":true}]}}