{"id":472,"date":"2012-10-31T18:03:26","date_gmt":"2012-10-31T17:03:26","guid":{"rendered":"https:\/\/se.csbe.qc.ca\/universsocial\/?page_id=472"},"modified":"2013-01-11T12:51:08","modified_gmt":"2013-01-11T17:51:08","slug":"sae-revolution-francaise-1er-cycle-sec-2","status":"publish","type":"page","link":"https:\/\/se.csbe.qc.ca\/universsocial\/sae-revolution-francaise-1er-cycle-sec-2\/","title":{"rendered":"SA\u00c9 &#8211; R\u00e9volution fran\u00e7aise (Sec.2)"},"content":{"rendered":"<div class=\"page-restrict-output\"><h2>Voici une SA\u00c9 sur la r\u00e9volution fran\u00e7aise qui provient du MELS<\/h2>\n<h2><\/h2>\n<h2><span style=\"text-decoration: underline; color: #000000;\">Pour y acc\u00e9der, cliquer sur le lien ci-dessous:<\/span><\/h2>\n<h2><a href=\"https:\/\/se.csbe.qc.ca\/universsocial\/files\/2012\/10\/SA\u00c9-R\u00e9volution-fran\u00e7aise.zip\">SA\u00c9 &#8211; R\u00e9volution fran\u00e7aise<\/a><\/h2>\n<!-- WP Attachments -->\r\n        <div style=\"width:100%;margin:10px 0 10px 0;\">\r\n            <h3>Attachments<\/h3>\r\n        <ul class=\"post-attachments\"><li class=\"post-attachment mime-application-zip\"><a href=\"https:\/\/se.csbe.qc.ca\/universsocial\/files\/2012\/10\/SA\u00c9-R\u00e9volution-fran\u00e7aise.zip\">SA\u00c9 - R\u00e9volution fran\u00e7aise<\/a> <small>(5 MB)<\/small><\/li><\/ul><\/div><\/div>","protected":false},"excerpt":{"rendered":"<div class=\"page-restrict-output\"><p>Voici une SA\u00c9 sur la r\u00e9volution fran\u00e7aise qui provient du MELS Pour y acc\u00e9der, cliquer sur le lien ci-dessous: SA\u00c9 &#8211; R\u00e9volution fran\u00e7aise Attachments SA\u00c9 &#8211; R\u00e9volution fran\u00e7aise (5 MB)<\/p>\n<\/div>","protected":false},"author":9,"featured_media":0,"parent":0,"menu_order":0,"comment_status":"open","ping_status":"closed","template":"","meta":{"footnotes":""},"class_list":["post-472","page","type-page","status-publish","hentry","nodate","item-wrap"],"_links":{"self":[{"href":"https:\/\/se.csbe.qc.ca\/universsocial\/wp-json\/wp\/v2\/pages\/472","targetHints":{"allow":["GET"]}}],"collection":[{"href":"https:\/\/se.csbe.qc.ca\/universsocial\/wp-json\/wp\/v2\/pages"}],"about":[{"href":"https:\/\/se.csbe.qc.ca\/universsocial\/wp-json\/wp\/v2\/types\/page"}],"author":[{"embeddable":true,"href":"https:\/\/se.csbe.qc.ca\/universsocial\/wp-json\/wp\/v2\/users\/9"}],"replies":[{"embeddable":true,"href":"https:\/\/se.csbe.qc.ca\/universsocial\/wp-json\/wp\/v2\/comments?post=472"}],"version-history":[{"count":6,"href":"https:\/\/se.csbe.qc.ca\/universsocial\/wp-json\/wp\/v2\/pages\/472\/revisions"}],"predecessor-version":[{"id":1227,"href":"https:\/\/se.csbe.qc.ca\/universsocial\/wp-json\/wp\/v2\/pages\/472\/revisions\/1227"}],"wp:attachment":[{"href":"https:\/\/se.csbe.qc.ca\/universsocial\/wp-json\/wp\/v2\/media?parent=472"}],"curies":[{"name":"wp","href":"https:\/\/api.w.org\/{rel}","templated":true}]}}