{"id":4714,"date":"2016-05-26T11:49:26","date_gmt":"2016-05-26T15:49:26","guid":{"rendered":"https:\/\/se.csbe.qc.ca\/universsocial\/?page_id=4714"},"modified":"2016-05-26T11:49:26","modified_gmt":"2016-05-26T15:49:26","slug":"pecheries-europeennes-texte-troue-et-video","status":"publish","type":"page","link":"https:\/\/se.csbe.qc.ca\/universsocial\/pecheries-europeennes-texte-troue-et-video\/","title":{"rendered":"P\u00eacheries europ\u00e9ennes &#8211; Texte trou\u00e9 et vid\u00e9o"},"content":{"rendered":"<div class=\"page-restrict-output\"><h2>Une activit\u00e9 o\u00f9 l&rsquo;\u00e9l\u00e8ve doit compl\u00e9ter un texte trou\u00e9 pendant le visionnement d&rsquo;une vid\u00e9o produite par Jimmy Grenier.<\/h2>\n<h2>Merci \u00e0 Vincent Lemieux et Jean-Ren\u00e9 Boily pour ce partage!<\/h2>\n<h2><\/h2>\n<h2><a href=\"https:\/\/se.csbe.qc.ca\/universsocial\/files\/2016\/05\/HQC3_Les-p\u00eacheries-europ\u00e9ennes.texte-trou\u00e9.docx\" rel=\"\">HQC3_Les p\u00eacheries europ\u00e9ennes.texte trou\u00e9<\/a><\/h2>\n<!-- WP Attachments -->\r\n        <div style=\"width:100%;margin:10px 0 10px 0;\">\r\n            <h3>Attachments<\/h3>\r\n        <ul class=\"post-attachments\"><li class=\"post-attachment mime-application-vnd-openxmlformats-officedocument-wordprocessingml-document\"><a href=\"https:\/\/se.csbe.qc.ca\/universsocial\/files\/2016\/05\/HQC3_Les-p\u00eacheries-europ\u00e9ennes.texte-trou\u00e9.docx\">HQC3_Les p\u00eacheries europ\u00e9ennes.texte trou\u00e9<\/a> <small>(2 MB)<\/small><\/li><\/ul><\/div><\/div>","protected":false},"excerpt":{"rendered":"<div class=\"page-restrict-output\"><p>Une activit\u00e9 o\u00f9 l&rsquo;\u00e9l\u00e8ve doit compl\u00e9ter un texte trou\u00e9 pendant le visionnement d&rsquo;une vid\u00e9o produite par Jimmy Grenier. Merci \u00e0 Vincent Lemieux et Jean-Ren\u00e9 Boily pour ce partage! HQC3_Les p\u00eacheries europ\u00e9ennes.texte trou\u00e9 Attachments HQC3_Les p\u00eacheries europ\u00e9ennes.texte trou\u00e9 (2 MB)<\/p>\n<\/div>","protected":false},"author":209,"featured_media":0,"parent":0,"menu_order":0,"comment_status":"closed","ping_status":"closed","template":"","meta":{"footnotes":""},"class_list":["post-4714","page","type-page","status-publish","hentry","nodate","item-wrap"],"_links":{"self":[{"href":"https:\/\/se.csbe.qc.ca\/universsocial\/wp-json\/wp\/v2\/pages\/4714","targetHints":{"allow":["GET"]}}],"collection":[{"href":"https:\/\/se.csbe.qc.ca\/universsocial\/wp-json\/wp\/v2\/pages"}],"about":[{"href":"https:\/\/se.csbe.qc.ca\/universsocial\/wp-json\/wp\/v2\/types\/page"}],"author":[{"embeddable":true,"href":"https:\/\/se.csbe.qc.ca\/universsocial\/wp-json\/wp\/v2\/users\/209"}],"replies":[{"embeddable":true,"href":"https:\/\/se.csbe.qc.ca\/universsocial\/wp-json\/wp\/v2\/comments?post=4714"}],"version-history":[{"count":1,"href":"https:\/\/se.csbe.qc.ca\/universsocial\/wp-json\/wp\/v2\/pages\/4714\/revisions"}],"predecessor-version":[{"id":4716,"href":"https:\/\/se.csbe.qc.ca\/universsocial\/wp-json\/wp\/v2\/pages\/4714\/revisions\/4716"}],"wp:attachment":[{"href":"https:\/\/se.csbe.qc.ca\/universsocial\/wp-json\/wp\/v2\/media?parent=4714"}],"curies":[{"name":"wp","href":"https:\/\/api.w.org\/{rel}","templated":true}]}}