{"id":4710,"date":"2016-05-26T11:47:07","date_gmt":"2016-05-26T15:47:07","guid":{"rendered":"https:\/\/se.csbe.qc.ca\/universsocial\/?page_id=4710"},"modified":"2016-05-26T11:50:30","modified_gmt":"2016-05-26T15:50:30","slug":"societes-amerindiennes-differences-et-similitudes","status":"publish","type":"page","link":"https:\/\/se.csbe.qc.ca\/universsocial\/societes-amerindiennes-differences-et-similitudes\/","title":{"rendered":"Soci\u00e9t\u00e9s am\u00e9rindiennes &#8211; Diff\u00e9rences et similitudes"},"content":{"rendered":"<div class=\"page-restrict-output\"><h2>Voici une activit\u00e9 permettant \u00e0 l&rsquo;\u00e9l\u00e8ve de mettre en oeuvre l&rsquo;op\u00e9ration intellectuelle D<em>\u00e9gager des diff\u00e9rences et des similitudes<\/em> et portant sur les soci\u00e9t\u00e9s am\u00e9rindiennes.<\/h2>\n<h2>Merci \u00e0 Vincent Lemieux et Jean-Ren\u00e9 Boily pour ce partage!<\/h2>\n<h2><a href=\"https:\/\/se.csbe.qc.ca\/universsocial\/files\/2016\/05\/HQC3_Diff\u00e9rences-similitudes_Soci\u00e9t\u00e9s-am\u00e9rindiennes.docx\" rel=\"\">HQC3_Diff\u00e9rences-similitudes_Soci\u00e9t\u00e9s am\u00e9rindiennes<\/a><\/h2>\n<!-- WP Attachments -->\r\n        <div style=\"width:100%;margin:10px 0 10px 0;\">\r\n            <h3>Attachments<\/h3>\r\n        <ul class=\"post-attachments\"><li class=\"post-attachment mime-application-vnd-openxmlformats-officedocument-wordprocessingml-document\"><a href=\"https:\/\/se.csbe.qc.ca\/universsocial\/files\/2016\/05\/HQC3_Diff\u00e9rences-similitudes_Soci\u00e9t\u00e9s-am\u00e9rindiennes.docx\">HQC3_Diff\u00e9rences-similitudes_Soci\u00e9t\u00e9s am\u00e9rindiennes<\/a> <small>(22 kB)<\/small><\/li><\/ul><\/div><\/div>","protected":false},"excerpt":{"rendered":"<div class=\"page-restrict-output\"><p>Voici une activit\u00e9 permettant \u00e0 l&rsquo;\u00e9l\u00e8ve de mettre en oeuvre l&rsquo;op\u00e9ration intellectuelle D\u00e9gager des diff\u00e9rences et des similitudes et portant sur les soci\u00e9t\u00e9s am\u00e9rindiennes. Merci \u00e0 Vincent Lemieux et Jean-Ren\u00e9 Boily pour ce partage! HQC3_Diff\u00e9rences-similitudes_Soci\u00e9t\u00e9s am\u00e9rindiennes Attachments HQC3_Diff\u00e9rences-similitudes_Soci\u00e9t\u00e9s am\u00e9rindiennes (22 kB)<\/p>\n<\/div>","protected":false},"author":209,"featured_media":0,"parent":0,"menu_order":0,"comment_status":"closed","ping_status":"closed","template":"","meta":{"footnotes":""},"class_list":["post-4710","page","type-page","status-publish","hentry","nodate","item-wrap"],"_links":{"self":[{"href":"https:\/\/se.csbe.qc.ca\/universsocial\/wp-json\/wp\/v2\/pages\/4710","targetHints":{"allow":["GET"]}}],"collection":[{"href":"https:\/\/se.csbe.qc.ca\/universsocial\/wp-json\/wp\/v2\/pages"}],"about":[{"href":"https:\/\/se.csbe.qc.ca\/universsocial\/wp-json\/wp\/v2\/types\/page"}],"author":[{"embeddable":true,"href":"https:\/\/se.csbe.qc.ca\/universsocial\/wp-json\/wp\/v2\/users\/209"}],"replies":[{"embeddable":true,"href":"https:\/\/se.csbe.qc.ca\/universsocial\/wp-json\/wp\/v2\/comments?post=4710"}],"version-history":[{"count":3,"href":"https:\/\/se.csbe.qc.ca\/universsocial\/wp-json\/wp\/v2\/pages\/4710\/revisions"}],"predecessor-version":[{"id":4718,"href":"https:\/\/se.csbe.qc.ca\/universsocial\/wp-json\/wp\/v2\/pages\/4710\/revisions\/4718"}],"wp:attachment":[{"href":"https:\/\/se.csbe.qc.ca\/universsocial\/wp-json\/wp\/v2\/media?parent=4710"}],"curies":[{"name":"wp","href":"https:\/\/api.w.org\/{rel}","templated":true}]}}