{"id":4623,"date":"2016-05-20T15:01:08","date_gmt":"2016-05-20T19:01:08","guid":{"rendered":"https:\/\/se.csbe.qc.ca\/universsocial\/?page_id=4623"},"modified":"2018-08-29T12:11:53","modified_gmt":"2018-08-29T16:11:53","slug":"planification-globale-hqc3","status":"publish","type":"page","link":"https:\/\/se.csbe.qc.ca\/universsocial\/planification-globale-hqc3\/","title":{"rendered":"Mod\u00e8les de planification globale HQC"},"content":{"rendered":"<div class=\"page-restrict-output\"><h2>Deux mod\u00e8les de planification globale pour les cours <em>Histoire du Qu\u00e9bec et du Canada<\/em> de 3e et de 4e secondaire en format Word que vous pouvez modifier \u00e0 votre convenance!<\/h2>\n<h2><a href=\"https:\/\/se.csbe.qc.ca\/universsocial\/files\/2016\/05\/HQC3.Mod\u00e8le-de-planification-globale-CSBE-2.doc\">HQC3.Mod\u00e8le de planification globale &#8211; CSBE<\/a><\/h2>\n<h2><a href=\"https:\/\/se.csbe.qc.ca\/universsocial\/files\/2016\/05\/HQC4_Mod\u00e8le_Planification_globale_CSBE_.doc\" target=\"_blank\" rel=\"noopener\">HQC4_Mod\u00e8le_Planification_globale_CSBE_<\/a><\/h2>\n<p>&nbsp;<\/p>\n<p>&nbsp;<\/p>\n<!-- WP Attachments -->\r\n        <div style=\"width:100%;margin:10px 0 10px 0;\">\r\n            <h3>Attachments<\/h3>\r\n        <ul class=\"post-attachments\"><li class=\"post-attachment mime-application-msword\"><a href=\"https:\/\/se.csbe.qc.ca\/universsocial\/files\/2016\/05\/HQC4_Mod\u00e8le_Planification_globale_CSBE_.doc\">HQC4_Mod\u00e8le_Planification_globale_CSBE_<\/a> <small>(120 kB)<\/small><\/li><li class=\"post-attachment mime-application-msword\"><a href=\"https:\/\/se.csbe.qc.ca\/universsocial\/files\/2016\/05\/HQC3.Mod\u00e8le-de-planification-globale-CSBE-2.doc\">HQC3.Mod\u00e8le de planification globale - CSBE<\/a> <small>(124 kB)<\/small><\/li><\/ul><\/div><\/div>","protected":false},"excerpt":{"rendered":"<div class=\"page-restrict-output\"><p>Deux mod\u00e8les de planification globale pour les cours Histoire du Qu\u00e9bec et du Canada de 3e et de 4e secondaire en format Word que vous pouvez modifier \u00e0 votre convenance! HQC3.Mod\u00e8le de planification globale &#8211; CSBE HQC4_Mod\u00e8le_Planification_globale_CSBE_ &nbsp; &nbsp; Attachments HQC4_Mod\u00e8le_Planification_globale_CSBE_ (120 kB)HQC3.Mod\u00e8le de planification globale &#8211; CSBE (124 kB)<\/p>\n<\/div>","protected":false},"author":209,"featured_media":0,"parent":0,"menu_order":0,"comment_status":"closed","ping_status":"closed","template":"","meta":{"footnotes":""},"class_list":["post-4623","page","type-page","status-publish","hentry","nodate","item-wrap"],"_links":{"self":[{"href":"https:\/\/se.csbe.qc.ca\/universsocial\/wp-json\/wp\/v2\/pages\/4623","targetHints":{"allow":["GET"]}}],"collection":[{"href":"https:\/\/se.csbe.qc.ca\/universsocial\/wp-json\/wp\/v2\/pages"}],"about":[{"href":"https:\/\/se.csbe.qc.ca\/universsocial\/wp-json\/wp\/v2\/types\/page"}],"author":[{"embeddable":true,"href":"https:\/\/se.csbe.qc.ca\/universsocial\/wp-json\/wp\/v2\/users\/209"}],"replies":[{"embeddable":true,"href":"https:\/\/se.csbe.qc.ca\/universsocial\/wp-json\/wp\/v2\/comments?post=4623"}],"version-history":[{"count":7,"href":"https:\/\/se.csbe.qc.ca\/universsocial\/wp-json\/wp\/v2\/pages\/4623\/revisions"}],"predecessor-version":[{"id":6036,"href":"https:\/\/se.csbe.qc.ca\/universsocial\/wp-json\/wp\/v2\/pages\/4623\/revisions\/6036"}],"wp:attachment":[{"href":"https:\/\/se.csbe.qc.ca\/universsocial\/wp-json\/wp\/v2\/media?parent=4623"}],"curies":[{"name":"wp","href":"https:\/\/api.w.org\/{rel}","templated":true}]}}