{"id":4502,"date":"2016-04-15T11:59:40","date_gmt":"2016-04-15T15:59:40","guid":{"rendered":"https:\/\/se.csbe.qc.ca\/universsocial\/?page_id=4502"},"modified":"2016-04-15T11:59:40","modified_gmt":"2016-04-15T15:59:40","slug":"cadre-devaluation-education-financiere","status":"publish","type":"page","link":"https:\/\/se.csbe.qc.ca\/universsocial\/cadre-devaluation-education-financiere\/","title":{"rendered":"Cadre d&rsquo;\u00e9valuation &#8211; \u00c9ducation financi\u00e8re"},"content":{"rendered":"<div class=\"page-restrict-output\"><h1>Le Minist\u00e8re de l&rsquo;\u00c9ducation et de l&rsquo;Enseignement sup\u00e9rieur a publi\u00e9, le 14 avril 2016, le cadre d&rsquo;\u00e9valuation du cours\u00a0<em>\u00c9ducation financi\u00e8re<\/em>.<\/h1>\n<h1><a href=\"https:\/\/se.csbe.qc.ca\/universsocial\/files\/2016\/04\/Cadre-d\u00e9valuation_\u00c9ducation_financiere.Avril-2016.pdf\" rel=\"\">Cadre d&rsquo;\u00e9valuation_\u00c9ducation_financiere.Avril 2016<\/a><\/h1>\n<\/div>","protected":false},"excerpt":{"rendered":"<div class=\"page-restrict-output\"><p>Le Minist\u00e8re de l&rsquo;\u00c9ducation et de l&rsquo;Enseignement sup\u00e9rieur a publi\u00e9, le 14 avril 2016, le cadre d&rsquo;\u00e9valuation du cours\u00a0\u00c9ducation financi\u00e8re. Cadre d&rsquo;\u00e9valuation_\u00c9ducation_financiere.Avril 2016<\/p>\n<\/div>","protected":false},"author":209,"featured_media":0,"parent":0,"menu_order":0,"comment_status":"closed","ping_status":"closed","template":"","meta":{"footnotes":""},"class_list":["post-4502","page","type-page","status-publish","hentry","nodate","item-wrap"],"_links":{"self":[{"href":"https:\/\/se.csbe.qc.ca\/universsocial\/wp-json\/wp\/v2\/pages\/4502","targetHints":{"allow":["GET"]}}],"collection":[{"href":"https:\/\/se.csbe.qc.ca\/universsocial\/wp-json\/wp\/v2\/pages"}],"about":[{"href":"https:\/\/se.csbe.qc.ca\/universsocial\/wp-json\/wp\/v2\/types\/page"}],"author":[{"embeddable":true,"href":"https:\/\/se.csbe.qc.ca\/universsocial\/wp-json\/wp\/v2\/users\/209"}],"replies":[{"embeddable":true,"href":"https:\/\/se.csbe.qc.ca\/universsocial\/wp-json\/wp\/v2\/comments?post=4502"}],"version-history":[{"count":1,"href":"https:\/\/se.csbe.qc.ca\/universsocial\/wp-json\/wp\/v2\/pages\/4502\/revisions"}],"predecessor-version":[{"id":4503,"href":"https:\/\/se.csbe.qc.ca\/universsocial\/wp-json\/wp\/v2\/pages\/4502\/revisions\/4503"}],"wp:attachment":[{"href":"https:\/\/se.csbe.qc.ca\/universsocial\/wp-json\/wp\/v2\/media?parent=4502"}],"curies":[{"name":"wp","href":"https:\/\/api.w.org\/{rel}","templated":true}]}}