{"id":438,"date":"2012-10-31T17:45:07","date_gmt":"2012-10-31T16:45:07","guid":{"rendered":"https:\/\/se.csbe.qc.ca\/universsocial\/?page_id=438"},"modified":"2014-09-11T08:30:54","modified_gmt":"2014-09-11T12:30:54","slug":"sae-metropoles-geographie","status":"publish","type":"page","link":"https:\/\/se.csbe.qc.ca\/universsocial\/sae-metropoles-geographie\/","title":{"rendered":"SA\u00c9 &#8211; M\u00e9tropoles (G\u00e9ographie)"},"content":{"rendered":"<div class=\"page-restrict-output\"><h2><span style=\"color: #000000;\">Une SA\u00c9 sur Le Caire qui provient du MELS<\/span><\/h2>\n<h2><\/h2>\n<h2><strong><span style=\"text-decoration: underline;\"><span style=\"color: #000000; text-decoration: underline;\">Pour y acc\u00e9der, cliquer sur le lien ci-dessous:<\/span><\/span><\/strong><\/h2>\n<h2><span style=\"color: rgb(0, 0, 255);\"><em><strong><a href=\"https:\/\/se.csbe.qc.ca\/universsocial\/files\/2012\/10\/sec_geo_vie_documentenseignant.pdf\" target=\"_blank\"><span style=\"color: rgb(0, 0, 255);\">sec_geo_vie_documentenseignant<\/span><\/a><\/strong><\/em><\/span><\/h2>\n<h2><span style=\"color: #0000ff;\"><em><strong><a href=\"https:\/\/se.csbe.qc.ca\/universsocial\/files\/2012\/10\/sec_geo_vie_dossiersdocumentaires1.pdf\" target=\"_blank\"><span style=\"color: #0000ff;\">sec_geo_vie_dossiersdocumentaires<\/span><\/a><\/strong><\/em><em><strong><br \/>\n<\/strong><\/em><\/span><\/h2>\n<h2><span style=\"color: rgb(0, 0, 255);\"><em><strong><a href=\"https:\/\/se.csbe.qc.ca\/universsocial\/files\/2012\/10\/sec_geo_vie_journaldebordeleve.pdf\" target=\"_blank\"><span style=\"color: rgb(0, 0, 255);\">sec_geo_vie_journaldebordeleve<\/span><\/a><\/strong><\/em><\/span><\/h2>\n<h2><span style=\"color: rgb(0, 0, 255);\"><em><strong><a href=\"https:\/\/se.csbe.qc.ca\/universsocial\/files\/2012\/10\/sec_geo_vie_presentation.pdf\" target=\"_blank\"><span style=\"color: rgb(0, 0, 255);\">sec_geo_vie_presentation<\/span><\/a><\/strong><\/em><\/span><\/h2>\n<!-- WP Attachments -->\r\n        <div style=\"width:100%;margin:10px 0 10px 0;\">\r\n            <h3>Attachments<\/h3>\r\n        <ul class=\"post-attachments\"><li class=\"post-attachment mime-application-zip\"><a href=\"https:\/\/se.csbe.qc.ca\/universsocial\/files\/2012\/10\/SA\u00c9-M\u00e9tropoles.zip\">SA\u00c9 - M\u00e9tropoles<\/a> <small>(4 MB)<\/small><\/li><li class=\"post-attachment mime-application-pdf\"><a href=\"https:\/\/se.csbe.qc.ca\/universsocial\/files\/2012\/10\/sec_geo_vie_documentenseignant.pdf\">sec_geo_vie_documentenseignant<\/a> <small>(826 kB)<\/small><\/li><li class=\"post-attachment mime-application-pdf\"><a href=\"https:\/\/se.csbe.qc.ca\/universsocial\/files\/2012\/10\/sec_geo_vie_documentenseignant1.pdf\">sec_geo_vie_documentenseignant<\/a> <small>(826 kB)<\/small><\/li><li class=\"post-attachment mime-application-pdf\"><a href=\"https:\/\/se.csbe.qc.ca\/universsocial\/files\/2012\/10\/sec_geo_vie_dossiersdocumentaires.pdf\">sec_geo_vie_dossiersdocumentaires<\/a> <small>(3 MB)<\/small><\/li><li class=\"post-attachment mime-application-pdf\"><a href=\"https:\/\/se.csbe.qc.ca\/universsocial\/files\/2012\/10\/sec_geo_vie_journaldebordeleve.pdf\">sec_geo_vie_journaldebordeleve<\/a> <small>(430 kB)<\/small><\/li><li class=\"post-attachment mime-application-pdf\"><a href=\"https:\/\/se.csbe.qc.ca\/universsocial\/files\/2012\/10\/sec_geo_vie_presentation.pdf\">sec_geo_vie_presentation<\/a> <small>(192 kB)<\/small><\/li><li class=\"post-attachment mime-application-pdf\"><a href=\"https:\/\/se.csbe.qc.ca\/universsocial\/files\/2012\/10\/sec_geo_vie_dossiersdocumentaires1.pdf\">sec_geo_vie_dossiersdocumentaires<\/a> <small>(3 MB)<\/small><\/li><\/ul><\/div><\/div>","protected":false},"excerpt":{"rendered":"<div class=\"page-restrict-output\"><p>Une SA\u00c9 sur Le Caire qui provient du MELS Pour y acc\u00e9der, cliquer sur le lien ci-dessous: sec_geo_vie_documentenseignant sec_geo_vie_dossiersdocumentaires sec_geo_vie_journaldebordeleve sec_geo_vie_presentation Attachments SA\u00c9 &#8211; M\u00e9tropoles (4 MB)sec_geo_vie_documentenseignant (826 kB)sec_geo_vie_documentenseignant (826 kB)sec_geo_vie_dossiersdocumentaires (3 MB)sec_geo_vie_journaldebordeleve (430 kB)sec_geo_vie_presentation (192 kB)sec_geo_vie_dossiersdocumentaires (3 MB)<\/p>\n<\/div>","protected":false},"author":9,"featured_media":0,"parent":0,"menu_order":0,"comment_status":"open","ping_status":"open","template":"","meta":{"footnotes":""},"class_list":["post-438","page","type-page","status-publish","hentry","nodate","item-wrap"],"_links":{"self":[{"href":"https:\/\/se.csbe.qc.ca\/universsocial\/wp-json\/wp\/v2\/pages\/438","targetHints":{"allow":["GET"]}}],"collection":[{"href":"https:\/\/se.csbe.qc.ca\/universsocial\/wp-json\/wp\/v2\/pages"}],"about":[{"href":"https:\/\/se.csbe.qc.ca\/universsocial\/wp-json\/wp\/v2\/types\/page"}],"author":[{"embeddable":true,"href":"https:\/\/se.csbe.qc.ca\/universsocial\/wp-json\/wp\/v2\/users\/9"}],"replies":[{"embeddable":true,"href":"https:\/\/se.csbe.qc.ca\/universsocial\/wp-json\/wp\/v2\/comments?post=438"}],"version-history":[{"count":8,"href":"https:\/\/se.csbe.qc.ca\/universsocial\/wp-json\/wp\/v2\/pages\/438\/revisions"}],"predecessor-version":[{"id":2732,"href":"https:\/\/se.csbe.qc.ca\/universsocial\/wp-json\/wp\/v2\/pages\/438\/revisions\/2732"}],"wp:attachment":[{"href":"https:\/\/se.csbe.qc.ca\/universsocial\/wp-json\/wp\/v2\/media?parent=438"}],"curies":[{"name":"wp","href":"https:\/\/api.w.org\/{rel}","templated":true}]}}