{"id":3879,"date":"2015-06-23T16:21:37","date_gmt":"2015-06-23T20:21:37","guid":{"rendered":"https:\/\/se.csbe.qc.ca\/universsocial\/?page_id=3879"},"modified":"2018-03-01T09:55:59","modified_gmt":"2018-03-01T14:55:59","slug":"banque-de-questions-sur-les-operations-intellectuelles-sec-1-csdps","status":"publish","type":"page","link":"https:\/\/se.csbe.qc.ca\/universsocial\/banque-de-questions-sur-les-operations-intellectuelles-sec-1-csdps\/","title":{"rendered":"Banque de questions sur les op\u00e9rations intellectuelles (Sec.2 &#8211; CSDPS)"},"content":{"rendered":"<div class=\"page-restrict-output\"><h2><span style=\"color: #000000\"><strong>Voici une s\u00e9rie de banques de questions sur les op\u00e9rations intellectuelles pour les diff\u00e9rents modules de Sec.2.<\/strong><\/span><\/h2>\n<h2><\/h2>\n<h2><span style=\"color: #000000\"><strong>Un int\u00e9ressant compl\u00e9ment \u00e0 nos propres banques<\/strong><\/span><\/h2>\n<h2><\/h2>\n<h2><em><span style=\"color: #000000\"><strong>Merci \u00e0 la CSPDS pour ce partage!<\/strong><\/span><\/em><\/h2>\n<h2><\/h2>\n<h2><span style=\"text-decoration: underline\"><span style=\"color: #000000;text-decoration: underline\"><strong>Cliquer pour t\u00e9l\u00e9charger:<\/strong><\/span><\/span><\/h2>\n<h2><span style=\"color: #0000ff\"><em><strong><a style=\"color: #0000ff\" href=\"https:\/\/se.csbe.qc.ca\/universsocial\/files\/2015\/06\/Module-1-2-3-Dossier-documentaire.docx\" target=\"_blank\" rel=\"noopener\">Module 1-2-3 &#8211; Dossier documentaire<\/a><\/strong><\/em><\/span><\/h2>\n<h2><span style=\"color: #0000ff\"><em><strong><a style=\"color: #0000ff\" href=\"https:\/\/se.csbe.qc.ca\/universsocial\/files\/2015\/06\/Module-1-2-3-Questions-courtes.docx\" target=\"_blank\" rel=\"noopener\">Module 1-2-3 &#8211; Questions courtes<\/a><\/strong><\/em><\/span><\/h2>\n<h2><span style=\"color: #0000ff\"><em><strong><a style=\"color: #0000ff\" href=\"https:\/\/se.csbe.qc.ca\/universsocial\/files\/2015\/06\/Module-4-Dossier-documentaire.docx\" target=\"_blank\" rel=\"noopener\">Module 4 &#8211; Dossier documentaire<\/a><\/strong><\/em><\/span><\/h2>\n<h2><span style=\"color: #0000ff\"><em><strong><a style=\"color: #0000ff\" href=\"https:\/\/se.csbe.qc.ca\/universsocial\/files\/2015\/06\/Module-4-Questions-courtes.docx\" target=\"_blank\" rel=\"noopener\">Module 4 &#8211; Questions courtes<\/a><\/strong><\/em><\/span><\/h2>\n<h2><span style=\"color: #0000ff\"><em><strong><a style=\"color: #0000ff\" href=\"https:\/\/se.csbe.qc.ca\/universsocial\/files\/2015\/06\/Module-5-Question-courte-causalit\u00e9.docx\" target=\"_blank\" rel=\"noopener\">Module 5 &#8211; Question courte (causalit\u00e9)<\/a><\/strong><\/em><\/span><\/h2>\n<h2><span style=\"color: #0000ff\"><em><strong><a style=\"color: #0000ff\" href=\"https:\/\/se.csbe.qc.ca\/universsocial\/files\/2015\/06\/Module-6-Dossier-documentaire.docx\" target=\"_blank\" rel=\"noopener\">Module 6 &#8211; Dossier documentaire<\/a><\/strong><\/em><\/span><\/h2>\n<h2><span style=\"color: #0000ff\"><em><strong><a style=\"color: #0000ff\" href=\"https:\/\/se.csbe.qc.ca\/universsocial\/files\/2015\/06\/Module-6-Questions-courtes.docx\" target=\"_blank\" rel=\"noopener\">Module 6 &#8211; Questions courtes<\/a><\/strong><\/em><\/span><\/h2>\n<!-- WP Attachments -->\r\n        <div style=\"width:100%;margin:10px 0 10px 0;\">\r\n            <h3>Attachments<\/h3>\r\n        <ul class=\"post-attachments\"><li class=\"post-attachment mime-application-vnd-openxmlformats-officedocument-wordprocessingml-document\"><a href=\"https:\/\/se.csbe.qc.ca\/universsocial\/files\/2015\/06\/Module-1-2-3-Dossier-documentaire.docx\">Module 1-2-3 - Dossier documentaire<\/a> <small>(858 kB)<\/small><\/li><li class=\"post-attachment mime-application-vnd-openxmlformats-officedocument-wordprocessingml-document\"><a href=\"https:\/\/se.csbe.qc.ca\/universsocial\/files\/2015\/06\/Module-1-2-3-Questions-courtes.docx\">Module 1-2-3 - Questions courtes<\/a> <small>(36 kB)<\/small><\/li><li class=\"post-attachment mime-application-vnd-openxmlformats-officedocument-wordprocessingml-document\"><a href=\"https:\/\/se.csbe.qc.ca\/universsocial\/files\/2015\/06\/Module-4-Dossier-documentaire.docx\">Module 4 - Dossier documentaire<\/a> <small>(3 MB)<\/small><\/li><li class=\"post-attachment mime-application-vnd-openxmlformats-officedocument-wordprocessingml-document\"><a href=\"https:\/\/se.csbe.qc.ca\/universsocial\/files\/2015\/06\/Module-4-Questions-courtes.docx\">Module 4 - Questions courtes<\/a> <small>(24 kB)<\/small><\/li><li class=\"post-attachment mime-application-vnd-openxmlformats-officedocument-wordprocessingml-document\"><a href=\"https:\/\/se.csbe.qc.ca\/universsocial\/files\/2015\/06\/Module-5-Question-courte-causalit\u00e9.docx\">Module 5 - Question courte (causalit\u00e9)<\/a> <small>(174 kB)<\/small><\/li><li class=\"post-attachment mime-application-vnd-openxmlformats-officedocument-wordprocessingml-document\"><a href=\"https:\/\/se.csbe.qc.ca\/universsocial\/files\/2015\/06\/Module-6-Dossier-documentaire.docx\">Module 6 - Dossier documentaire<\/a> <small>(23 kB)<\/small><\/li><li class=\"post-attachment mime-application-vnd-openxmlformats-officedocument-wordprocessingml-document\"><a href=\"https:\/\/se.csbe.qc.ca\/universsocial\/files\/2015\/06\/Module-6-Questions-courtes.docx\">Module 6 - Questions courtes<\/a> <small>(23 kB)<\/small><\/li><\/ul><\/div><\/div>","protected":false},"excerpt":{"rendered":"<div class=\"page-restrict-output\"><p>Voici une s\u00e9rie de banques de questions sur les op\u00e9rations intellectuelles pour les diff\u00e9rents modules de Sec.2. Un int\u00e9ressant compl\u00e9ment \u00e0 nos propres banques Merci \u00e0 la CSPDS pour ce partage! Cliquer pour t\u00e9l\u00e9charger: Module 1-2-3 &#8211; Dossier documentaire Module 1-2-3 &#8211; Questions courtes Module 4 &#8211; Dossier documentaire Module 4 &#8211; Questions courtes Module &hellip; <\/p>\n<p><a class=\"more-link btn\" href=\"https:\/\/se.csbe.qc.ca\/universsocial\/banque-de-questions-sur-les-operations-intellectuelles-sec-1-csdps\/\">Lire la suite<\/a><\/p>\n<\/div>","protected":false},"author":9,"featured_media":0,"parent":0,"menu_order":0,"comment_status":"open","ping_status":"open","template":"","meta":{"footnotes":""},"class_list":["post-3879","page","type-page","status-publish","hentry","nodate","item-wrap"],"_links":{"self":[{"href":"https:\/\/se.csbe.qc.ca\/universsocial\/wp-json\/wp\/v2\/pages\/3879","targetHints":{"allow":["GET"]}}],"collection":[{"href":"https:\/\/se.csbe.qc.ca\/universsocial\/wp-json\/wp\/v2\/pages"}],"about":[{"href":"https:\/\/se.csbe.qc.ca\/universsocial\/wp-json\/wp\/v2\/types\/page"}],"author":[{"embeddable":true,"href":"https:\/\/se.csbe.qc.ca\/universsocial\/wp-json\/wp\/v2\/users\/9"}],"replies":[{"embeddable":true,"href":"https:\/\/se.csbe.qc.ca\/universsocial\/wp-json\/wp\/v2\/comments?post=3879"}],"version-history":[{"count":2,"href":"https:\/\/se.csbe.qc.ca\/universsocial\/wp-json\/wp\/v2\/pages\/3879\/revisions"}],"predecessor-version":[{"id":6557,"href":"https:\/\/se.csbe.qc.ca\/universsocial\/wp-json\/wp\/v2\/pages\/3879\/revisions\/6557"}],"wp:attachment":[{"href":"https:\/\/se.csbe.qc.ca\/universsocial\/wp-json\/wp\/v2\/media?parent=3879"}],"curies":[{"name":"wp","href":"https:\/\/api.w.org\/{rel}","templated":true}]}}