{"id":3865,"date":"2015-06-23T16:13:18","date_gmt":"2015-06-23T20:13:18","guid":{"rendered":"https:\/\/se.csbe.qc.ca\/universsocial\/?page_id=3865"},"modified":"2015-06-23T16:13:18","modified_gmt":"2015-06-23T20:13:18","slug":"questions-a-reponse-elaboree-idees-csdps","status":"publish","type":"page","link":"https:\/\/se.csbe.qc.ca\/universsocial\/questions-a-reponse-elaboree-idees-csdps\/","title":{"rendered":"Questions \u00e0 r\u00e9ponse \u00e9labor\u00e9e &#8211; Id\u00e9es (CSDPS)"},"content":{"rendered":"<div class=\"page-restrict-output\"><h2><span style=\"color: #000000;\"><strong>Voici une liste de plusieurs questions \u00e0 r\u00e9ponse \u00e9labor\u00e9e que vous pourriez poser \u00e0 vos \u00e9l\u00e8ves de Sec.1 ou de Sec.2<\/strong><\/span><\/h2>\n<h2><\/h2>\n<h2><span style=\"text-decoration: underline;\"><span style=\"color: #000000;\"><strong>Cliquer pour t\u00e9l\u00e9charger:<\/strong><\/span><\/span><\/h2>\n<h2><span style=\"color: #0000ff;\"><em><strong><a style=\"color: #0000ff;\" href=\"https:\/\/se.csbe.qc.ca\/universsocial\/files\/2015\/06\/Questions-\u00e0-r\u00e9ponses-\u00e9labor\u00e9es-Id\u00e9es-CSDPS.docx\" target=\"_blank\">Questions \u00e0 r\u00e9ponses \u00e9labor\u00e9es &#8211; Id\u00e9es (CSDPS)<\/a><\/strong><\/em><\/span><\/h2>\n<!-- WP Attachments -->\r\n        <div style=\"width:100%;margin:10px 0 10px 0;\">\r\n            <h3>Attachments<\/h3>\r\n        <ul class=\"post-attachments\"><li class=\"post-attachment mime-application-vnd-openxmlformats-officedocument-wordprocessingml-document\"><a href=\"https:\/\/se.csbe.qc.ca\/universsocial\/files\/2015\/06\/Questions-\u00e0-r\u00e9ponses-\u00e9labor\u00e9es-Id\u00e9es-CSDPS.docx\">Questions \u00e0 r\u00e9ponses \u00e9labor\u00e9es - Id\u00e9es (CSDPS)<\/a> <small>(14 kB)<\/small><\/li><\/ul><\/div><\/div>","protected":false},"excerpt":{"rendered":"<div class=\"page-restrict-output\"><p>Voici une liste de plusieurs questions \u00e0 r\u00e9ponse \u00e9labor\u00e9e que vous pourriez poser \u00e0 vos \u00e9l\u00e8ves de Sec.1 ou de Sec.2 Cliquer pour t\u00e9l\u00e9charger: Questions \u00e0 r\u00e9ponses \u00e9labor\u00e9es &#8211; Id\u00e9es (CSDPS) Attachments Questions \u00e0 r\u00e9ponses \u00e9labor\u00e9es &#8211; Id\u00e9es (CSDPS) (14 kB)<\/p>\n<\/div>","protected":false},"author":9,"featured_media":0,"parent":0,"menu_order":0,"comment_status":"open","ping_status":"open","template":"","meta":{"footnotes":""},"class_list":["post-3865","page","type-page","status-publish","hentry","nodate","item-wrap"],"_links":{"self":[{"href":"https:\/\/se.csbe.qc.ca\/universsocial\/wp-json\/wp\/v2\/pages\/3865","targetHints":{"allow":["GET"]}}],"collection":[{"href":"https:\/\/se.csbe.qc.ca\/universsocial\/wp-json\/wp\/v2\/pages"}],"about":[{"href":"https:\/\/se.csbe.qc.ca\/universsocial\/wp-json\/wp\/v2\/types\/page"}],"author":[{"embeddable":true,"href":"https:\/\/se.csbe.qc.ca\/universsocial\/wp-json\/wp\/v2\/users\/9"}],"replies":[{"embeddable":true,"href":"https:\/\/se.csbe.qc.ca\/universsocial\/wp-json\/wp\/v2\/comments?post=3865"}],"version-history":[{"count":1,"href":"https:\/\/se.csbe.qc.ca\/universsocial\/wp-json\/wp\/v2\/pages\/3865\/revisions"}],"predecessor-version":[{"id":3867,"href":"https:\/\/se.csbe.qc.ca\/universsocial\/wp-json\/wp\/v2\/pages\/3865\/revisions\/3867"}],"wp:attachment":[{"href":"https:\/\/se.csbe.qc.ca\/universsocial\/wp-json\/wp\/v2\/media?parent=3865"}],"curies":[{"name":"wp","href":"https:\/\/api.w.org\/{rel}","templated":true}]}}