{"id":3806,"date":"2015-06-23T15:28:35","date_gmt":"2015-06-23T19:28:35","guid":{"rendered":"https:\/\/se.csbe.qc.ca\/universsocial\/?page_id=3806"},"modified":"2015-06-23T15:28:35","modified_gmt":"2015-06-23T19:28:35","slug":"revision-culture-et-mouvements-de-pensee","status":"publish","type":"page","link":"https:\/\/se.csbe.qc.ca\/universsocial\/revision-culture-et-mouvements-de-pensee\/","title":{"rendered":"R\u00e9vision &#8211; Culture et mouvements de pens\u00e9e"},"content":{"rendered":"<div class=\"page-restrict-output\"><h2><span style=\"color: #000000;\"><strong>Un beau r\u00e9sum\u00e9 de la r\u00e9alit\u00e9 \u00ab\u00a0Culture et mouvements de pens\u00e9e\u00a0\u00bb!<\/strong><\/span><\/h2>\n<h2><\/h2>\n<h2><em><span style=\"color: #000000;\"><strong>Merci \u00e0 Mme Patricia Fleury de la CSDRN pour ce partage!<\/strong><\/span><\/em><\/h2>\n<h2><\/h2>\n<h2><span style=\"text-decoration: underline;\"><span style=\"color: #000000;\"><strong>Cliquer pour t\u00e9l\u00e9charger:<\/strong><\/span><\/span><\/h2>\n<h2><span style=\"color: #0000ff;\"><em><strong><a style=\"color: #0000ff;\" href=\"https:\/\/se.csbe.qc.ca\/universsocial\/files\/2015\/06\/CSRDN-Culture-R\u00e9vision.docx\" target=\"_blank\">CSRDN &#8211; Culture &#8211; R\u00e9vision<\/a><\/strong><\/em><\/span><\/h2>\n<!-- WP Attachments -->\r\n        <div style=\"width:100%;margin:10px 0 10px 0;\">\r\n            <h3>Attachments<\/h3>\r\n        <ul class=\"post-attachments\"><li class=\"post-attachment mime-application-vnd-openxmlformats-officedocument-wordprocessingml-document\"><a href=\"https:\/\/se.csbe.qc.ca\/universsocial\/files\/2015\/06\/CSRDN-Culture-R\u00e9vision.docx\">CSRDN - Culture - R\u00e9vision<\/a> <small>(2 MB)<\/small><\/li><\/ul><\/div><\/div>","protected":false},"excerpt":{"rendered":"<div class=\"page-restrict-output\"><p>Un beau r\u00e9sum\u00e9 de la r\u00e9alit\u00e9 \u00ab\u00a0Culture et mouvements de pens\u00e9e\u00a0\u00bb! Merci \u00e0 Mme Patricia Fleury de la CSDRN pour ce partage! Cliquer pour t\u00e9l\u00e9charger: CSRDN &#8211; Culture &#8211; R\u00e9vision Attachments CSRDN &#8211; Culture &#8211; R\u00e9vision (2 MB)<\/p>\n<\/div>","protected":false},"author":9,"featured_media":0,"parent":0,"menu_order":0,"comment_status":"open","ping_status":"open","template":"","meta":{"footnotes":""},"class_list":["post-3806","page","type-page","status-publish","hentry","nodate","item-wrap"],"_links":{"self":[{"href":"https:\/\/se.csbe.qc.ca\/universsocial\/wp-json\/wp\/v2\/pages\/3806","targetHints":{"allow":["GET"]}}],"collection":[{"href":"https:\/\/se.csbe.qc.ca\/universsocial\/wp-json\/wp\/v2\/pages"}],"about":[{"href":"https:\/\/se.csbe.qc.ca\/universsocial\/wp-json\/wp\/v2\/types\/page"}],"author":[{"embeddable":true,"href":"https:\/\/se.csbe.qc.ca\/universsocial\/wp-json\/wp\/v2\/users\/9"}],"replies":[{"embeddable":true,"href":"https:\/\/se.csbe.qc.ca\/universsocial\/wp-json\/wp\/v2\/comments?post=3806"}],"version-history":[{"count":1,"href":"https:\/\/se.csbe.qc.ca\/universsocial\/wp-json\/wp\/v2\/pages\/3806\/revisions"}],"predecessor-version":[{"id":3808,"href":"https:\/\/se.csbe.qc.ca\/universsocial\/wp-json\/wp\/v2\/pages\/3806\/revisions\/3808"}],"wp:attachment":[{"href":"https:\/\/se.csbe.qc.ca\/universsocial\/wp-json\/wp\/v2\/media?parent=3806"}],"curies":[{"name":"wp","href":"https:\/\/api.w.org\/{rel}","templated":true}]}}