{"id":3614,"date":"2015-02-12T15:06:40","date_gmt":"2015-02-12T20:06:40","guid":{"rendered":"https:\/\/se.csbe.qc.ca\/universsocial\/?page_id=3614"},"modified":"2020-08-11T12:15:10","modified_gmt":"2020-08-11T16:15:10","slug":"document-dinformation-2015-2016-epreuve-unique","status":"publish","type":"page","link":"https:\/\/se.csbe.qc.ca\/universsocial\/document-dinformation-2015-2016-epreuve-unique\/","title":{"rendered":"Document d&rsquo;information 2015-2016 &#8211; \u00c9preuve unique"},"content":{"rendered":"<div class=\"page-restrict-output\"><h2><span style=\"color: #000000\"><strong>Voici le document d&rsquo;information pour la pr\u00e9paration \u00e0 l&rsquo;\u00e9preuve unique de juin 2014, d&rsquo;ao\u00fbt 2014 et de janvier 2015.<\/strong><\/span><\/h2>\n<h2><span style=\"color: #000000\"><strong>\u00a0<\/strong><\/span><\/h2>\n<h2><span style=\"text-decoration: underline\"><span style=\"color: #000000\"><strong>Cliquer pour t\u00e9l\u00e9charger<\/strong><\/span><\/span><\/h2>\n<h2><em><span style=\"color: #0000ff\"><strong><a style=\"color: #0000ff\" href=\"https:\/\/se.csbe.qc.ca\/universsocial\/files\/2015\/02\/Info-\u00c9preuve-unique-2015-2016.pdf\" target=\"_blank\" rel=\"noopener noreferrer\">Info &#8211; \u00c9preuve unique 2015-2016<\/a><\/strong><\/span><\/em><\/h2>\n<!-- WP Attachments -->\r\n        <div style=\"width:100%;margin:10px 0 10px 0;\">\r\n            <h3>Attachments<\/h3>\r\n        <ul class=\"post-attachments\"><li class=\"post-attachment mime-application-pdf\"><a href=\"https:\/\/se.csbe.qc.ca\/universsocial\/files\/2015\/02\/Info-\u00c9preuve-unique-2015-2016.pdf\">Info - \u00c9preuve unique 2015-2016<\/a> <small>(614 kB)<\/small><\/li><\/ul><\/div><\/div>","protected":false},"excerpt":{"rendered":"<div class=\"page-restrict-output\"><p>Voici le document d&rsquo;information pour la pr\u00e9paration \u00e0 l&rsquo;\u00e9preuve unique de juin 2014, d&rsquo;ao\u00fbt 2014 et de janvier 2015. \u00a0 Cliquer pour t\u00e9l\u00e9charger Info &#8211; \u00c9preuve unique 2015-2016 Attachments Info &#8211; \u00c9preuve unique 2015-2016 (614 kB)<\/p>\n<\/div>","protected":false},"author":9,"featured_media":0,"parent":0,"menu_order":0,"comment_status":"closed","ping_status":"open","template":"","meta":{"footnotes":""},"class_list":["post-3614","page","type-page","status-publish","hentry","nodate","item-wrap"],"_links":{"self":[{"href":"https:\/\/se.csbe.qc.ca\/universsocial\/wp-json\/wp\/v2\/pages\/3614","targetHints":{"allow":["GET"]}}],"collection":[{"href":"https:\/\/se.csbe.qc.ca\/universsocial\/wp-json\/wp\/v2\/pages"}],"about":[{"href":"https:\/\/se.csbe.qc.ca\/universsocial\/wp-json\/wp\/v2\/types\/page"}],"author":[{"embeddable":true,"href":"https:\/\/se.csbe.qc.ca\/universsocial\/wp-json\/wp\/v2\/users\/9"}],"replies":[{"embeddable":true,"href":"https:\/\/se.csbe.qc.ca\/universsocial\/wp-json\/wp\/v2\/comments?post=3614"}],"version-history":[{"count":3,"href":"https:\/\/se.csbe.qc.ca\/universsocial\/wp-json\/wp\/v2\/pages\/3614\/revisions"}],"predecessor-version":[{"id":7016,"href":"https:\/\/se.csbe.qc.ca\/universsocial\/wp-json\/wp\/v2\/pages\/3614\/revisions\/7016"}],"wp:attachment":[{"href":"https:\/\/se.csbe.qc.ca\/universsocial\/wp-json\/wp\/v2\/media?parent=3614"}],"curies":[{"name":"wp","href":"https:\/\/api.w.org\/{rel}","templated":true}]}}