{"id":3443,"date":"2014-10-28T13:50:41","date_gmt":"2014-10-28T17:50:41","guid":{"rendered":"https:\/\/se.csbe.qc.ca\/universsocial\/?page_id=3443"},"modified":"2014-10-28T13:50:41","modified_gmt":"2014-10-28T17:50:41","slug":"aqeus-2014","status":"publish","type":"page","link":"https:\/\/se.csbe.qc.ca\/universsocial\/aqeus-2014\/","title":{"rendered":"AQEUS 2014"},"content":{"rendered":"<div class=\"page-restrict-output\"><h2><span style=\"color: rgb(0, 0, 0);\"><strong>Les 16 et 17 octobre 2014, se tenait \u00e0 Trois-Rivi\u00e8res le congr\u00e8s de l&rsquo;AQEUS.<\/strong><\/span><\/h2>\n<h2><span style=\"color: rgb(0, 0, 0);\"><strong>J&rsquo;\u00e9tais pr\u00e9sent, ainsi que des enseignants qui ont bien voulu me partager leurs notes personnelles.<\/strong><\/span><\/h2>\n<h2><\/h2>\n<h2><span style=\"color: rgb(0, 0, 0);\"><strong>Vous trouverez toutes les notes regroup\u00e9es dans un seul t\u00e9l\u00e9chargement ci-dessous. Elles couvrent 15 ateliers diff\u00e9rents.<\/strong><\/span><\/h2>\n<h2><span style=\"color: rgb(0, 0, 0);\"><strong>Bien entendu, il s&rsquo;agit de notes personnelles. Elles peuvent donc stimuler l&rsquo;int\u00e9r\u00eat mais laisser beaucoup de questions en suspens.<\/strong><\/span><\/h2>\n<h2><span style=\"color: rgb(0, 0, 0);\"><strong>Donc, pour toute information suppl\u00e9mentaire, n&rsquo;h\u00e9sitez pas \u00e0 me contacter!<\/strong><\/span><\/h2>\n<h2><\/h2>\n<h2><span style=\"text-decoration: underline;\"><span style=\"color: #000000;\"><strong>Cliquer pour t\u00e9l\u00e9charger:<\/strong><\/span><\/span><\/h2>\n<div class='wpdm-pro'><!-- WPDM Link Template: With MP3 Preview -->\n<div class=\"media thumbnail\">\n    <div class=\"audio-player\">\n         \n    <\/div> \n    <div class=\"media-body\">\n    <h4 class=\"media-heading\"><a href='https:\/\/se.csbe.qc.ca\/universsocial\/download\/aqeus-2014\/'>AQEUS 2014<\/a><\/h4>\n    <div class=\"btn-small\" style=\"padding-left: 0px;\">\n    <i style=\"margin: 2px 0 0 0px;opacity:0.5\" class=\"icon icon-th-large\"><\/i> 4.44 MB <i style=\"margin: 2px 0 0 5px;opacity:0.5\" class=\"icon icon-download-alt\"><\/i> 1 downloads\n    <\/div>\n    <\/div>\n<\/div><\/div>\n<p>&nbsp;<\/p>\n<\/div>","protected":false},"excerpt":{"rendered":"<div class=\"page-restrict-output\"><p>Les 16 et 17 octobre 2014, se tenait \u00e0 Trois-Rivi\u00e8res le congr\u00e8s de l&rsquo;AQEUS. J&rsquo;\u00e9tais pr\u00e9sent, ainsi que des enseignants qui ont bien voulu me partager leurs notes personnelles. Vous trouverez toutes les notes regroup\u00e9es dans un seul t\u00e9l\u00e9chargement ci-dessous. Elles couvrent 15 ateliers diff\u00e9rents. Bien entendu, il s&rsquo;agit de notes personnelles. Elles peuvent donc &hellip; <\/p>\n<p><a class=\"more-link btn\" href=\"https:\/\/se.csbe.qc.ca\/universsocial\/aqeus-2014\/\">Lire la suite<\/a><\/p>\n<\/div>","protected":false},"author":9,"featured_media":0,"parent":0,"menu_order":0,"comment_status":"open","ping_status":"open","template":"","meta":{"footnotes":""},"class_list":["post-3443","page","type-page","status-publish","hentry","nodate","item-wrap"],"_links":{"self":[{"href":"https:\/\/se.csbe.qc.ca\/universsocial\/wp-json\/wp\/v2\/pages\/3443","targetHints":{"allow":["GET"]}}],"collection":[{"href":"https:\/\/se.csbe.qc.ca\/universsocial\/wp-json\/wp\/v2\/pages"}],"about":[{"href":"https:\/\/se.csbe.qc.ca\/universsocial\/wp-json\/wp\/v2\/types\/page"}],"author":[{"embeddable":true,"href":"https:\/\/se.csbe.qc.ca\/universsocial\/wp-json\/wp\/v2\/users\/9"}],"replies":[{"embeddable":true,"href":"https:\/\/se.csbe.qc.ca\/universsocial\/wp-json\/wp\/v2\/comments?post=3443"}],"version-history":[{"count":1,"href":"https:\/\/se.csbe.qc.ca\/universsocial\/wp-json\/wp\/v2\/pages\/3443\/revisions"}],"predecessor-version":[{"id":3444,"href":"https:\/\/se.csbe.qc.ca\/universsocial\/wp-json\/wp\/v2\/pages\/3443\/revisions\/3444"}],"wp:attachment":[{"href":"https:\/\/se.csbe.qc.ca\/universsocial\/wp-json\/wp\/v2\/media?parent=3443"}],"curies":[{"name":"wp","href":"https:\/\/api.w.org\/{rel}","templated":true}]}}

<div class="page-restrict-output"><h2><span style="color: rgb(0, 0, 0);"><strong>Les 16 et 17 octobre 2014, se tenait à Trois-Rivières le congrès de l&rsquo;AQEUS.</strong></span></h2>
<h2><span style="color: rgb(0, 0, 0);"><strong>J&rsquo;étais présent, ainsi que des enseignants qui ont bien voulu me partager leurs notes personnelles.</strong></span></h2>
<h2></h2>
<h2><span style="color: rgb(0, 0, 0);"><strong>Vous trouverez toutes les notes regroupées dans un seul téléchargement ci-dessous. Elles couvrent 15 ateliers différents.</strong></span></h2>
<h2><span style="color: rgb(0, 0, 0);"><strong>Bien entendu, il s&rsquo;agit de notes personnelles. Elles peuvent donc stimuler l&rsquo;intérêt mais laisser beaucoup de questions en suspens.</strong></span></h2>
<h2><span style="color: rgb(0, 0, 0);"><strong>Donc, pour toute information supplémentaire, n&rsquo;hésitez pas à me contacter!</strong></span></h2>
<h2></h2>
<h2><span style="text-decoration: underline;"><span style="color: #000000;"><strong>Cliquer pour télécharger:</strong></span></span></h2>
<div class='wpdm-pro'><!-- WPDM Link Template: With MP3 Preview -->
<div class="media thumbnail">
    <div class="audio-player">
         
    </div> 
    <div class="media-body">
    <h4 class="media-heading"><a href='https://se.csbe.qc.ca/universsocial/download/aqeus-2014/'>AQEUS 2014</a></h4>
    <div class="btn-small" style="padding-left: 0px;">
    <i style="margin: 2px 0 0 0px;opacity:0.5" class="icon icon-th-large"></i> 4.44 MB <i style="margin: 2px 0 0 5px;opacity:0.5" class="icon icon-download-alt"></i> 1 downloads
    </div>
    </div>
</div></div>
<p>&nbsp;</p>
</div>

<div class="page-restrict-output"><p>Les 16 et 17 octobre 2014, se tenait à Trois-Rivières le congrès de l&rsquo;AQEUS. J&rsquo;étais présent, ainsi que des enseignants qui ont bien voulu me partager leurs notes personnelles. Vous trouverez toutes les notes regroupées dans un seul téléchargement ci-dessous. Elles couvrent 15 ateliers différents. Bien entendu, il s&rsquo;agit de notes personnelles. Elles peuvent donc &hellip; </p>
<p><a class="more-link btn" href="https://se.csbe.qc.ca/universsocial/aqeus-2014/">Lire la suite</a></p>
</div>
