{"id":3389,"date":"2014-10-28T09:20:31","date_gmt":"2014-10-28T13:20:31","guid":{"rendered":"https:\/\/se.csbe.qc.ca\/universsocial\/?page_id=3389"},"modified":"2014-10-28T09:20:31","modified_gmt":"2014-10-28T13:20:31","slug":"territoire-forestier-de-beauce-etchemin-fierte-et-richesse","status":"publish","type":"page","link":"https:\/\/se.csbe.qc.ca\/universsocial\/territoire-forestier-de-beauce-etchemin-fierte-et-richesse\/","title":{"rendered":"Territoire forestier de Beauce-Etchemin &#8211; Fiert\u00e9 et richesse"},"content":{"rendered":"<div class=\"page-restrict-output\"><h2><span style=\"color: #000000;\"><strong>Voici un projet d&rsquo;innovation p\u00e9dagogique d\u00e9velopp\u00e9 par M. Philippe Plante en 2012-2013.<\/strong><\/span><\/h2>\n<h2><\/h2>\n<h2><span style=\"color: #000000;\"><strong>Vous y trouverez le document de l&rsquo;enseignant, celui de l&rsquo;\u00e9l\u00e8ve, de m\u00eame qu&rsquo;une pr\u00e9sentation des dur\u00e9es des diff\u00e9rentes activit\u00e9s, afin d&rsquo;\u00eatre en mesure de l&rsquo;utiliser partiellement ou compl\u00e8tement, selon le temps que vous avez \u00e0 y consacrer.<\/strong><\/span><\/h2>\n<h2><\/h2>\n<h2><span style=\"text-decoration: underline;\"><span style=\"color: #000000; text-decoration: underline;\"><strong>Cliquer pour t\u00e9l\u00e9charger:<\/strong><\/span><\/span><\/h2>\n<h2><span style=\"color: #0000ff;\"><em><strong><a href=\"https:\/\/se.csbe.qc.ca\/universsocial\/files\/2014\/10\/Fierte_richesse_Cahier_-eleve.docx\" target=\"_blank\"><span style=\"color: #0000ff;\">Fierte_richesse_Cahier_ eleve<\/span><\/a><\/strong><\/em><\/span><\/h2>\n<h2><span style=\"color: #0000ff;\"><em><strong><a href=\"https:\/\/se.csbe.qc.ca\/universsocial\/files\/2014\/10\/Fierte_richesse_guide_enseignant.docx\" target=\"_blank\"><span style=\"color: #0000ff;\">Fierte_richesse_guide_enseignant<\/span><\/a><\/strong><\/em><\/span><\/h2>\n<h2><span style=\"color: #0000ff;\"><em><strong><a href=\"https:\/\/se.csbe.qc.ca\/universsocial\/files\/2014\/10\/Fierte_richesse_Durees_des_activites.docx\" target=\"_blank\"><span style=\"color: #0000ff;\">Fierte_richesse_Durees_des_activites<\/span><\/a><\/strong><\/em><\/span><\/h2>\n<!-- WP Attachments -->\r\n        <div style=\"width:100%;margin:10px 0 10px 0;\">\r\n            <h3>Attachments<\/h3>\r\n        <ul class=\"post-attachments\"><li class=\"post-attachment mime-application-octet-stream\"><a href=\"https:\/\/se.csbe.qc.ca\/universsocial\/files\/2014\/10\/cours.camproj\">cours<\/a> <small>(12 kB)<\/small><\/li><li class=\"post-attachment mime-application-vnd-openxmlformats-officedocument-wordprocessingml-document\"><a href=\"https:\/\/se.csbe.qc.ca\/universsocial\/files\/2014\/10\/Fierte_richesse_Cahier_-eleve.docx\">Fierte_richesse_Cahier_ eleve<\/a> <small>(3 MB)<\/small><\/li><li class=\"post-attachment mime-application-vnd-openxmlformats-officedocument-wordprocessingml-document\"><a href=\"https:\/\/se.csbe.qc.ca\/universsocial\/files\/2014\/10\/Fierte_richesse_Durees_des_activites.docx\">Fierte_richesse_Durees_des_activites<\/a> <small>(19 kB)<\/small><\/li><li class=\"post-attachment mime-application-vnd-openxmlformats-officedocument-wordprocessingml-document\"><a href=\"https:\/\/se.csbe.qc.ca\/universsocial\/files\/2014\/10\/Fierte_richesse_guide_enseignant.docx\">Fierte_richesse_guide_enseignant<\/a> <small>(3 MB)<\/small><\/li><\/ul><\/div><\/div>","protected":false},"excerpt":{"rendered":"<div class=\"page-restrict-output\"><p>Voici un projet d&rsquo;innovation p\u00e9dagogique d\u00e9velopp\u00e9 par M. Philippe Plante en 2012-2013. Vous y trouverez le document de l&rsquo;enseignant, celui de l&rsquo;\u00e9l\u00e8ve, de m\u00eame qu&rsquo;une pr\u00e9sentation des dur\u00e9es des diff\u00e9rentes activit\u00e9s, afin d&rsquo;\u00eatre en mesure de l&rsquo;utiliser partiellement ou compl\u00e8tement, selon le temps que vous avez \u00e0 y consacrer. Cliquer pour t\u00e9l\u00e9charger: Fierte_richesse_Cahier_ eleve Fierte_richesse_guide_enseignant &hellip; <\/p>\n<p><a class=\"more-link btn\" href=\"https:\/\/se.csbe.qc.ca\/universsocial\/territoire-forestier-de-beauce-etchemin-fierte-et-richesse\/\">Lire la suite<\/a><\/p>\n<\/div>","protected":false},"author":9,"featured_media":0,"parent":0,"menu_order":0,"comment_status":"open","ping_status":"open","template":"","meta":{"footnotes":""},"class_list":["post-3389","page","type-page","status-publish","hentry","nodate","item-wrap"],"_links":{"self":[{"href":"https:\/\/se.csbe.qc.ca\/universsocial\/wp-json\/wp\/v2\/pages\/3389","targetHints":{"allow":["GET"]}}],"collection":[{"href":"https:\/\/se.csbe.qc.ca\/universsocial\/wp-json\/wp\/v2\/pages"}],"about":[{"href":"https:\/\/se.csbe.qc.ca\/universsocial\/wp-json\/wp\/v2\/types\/page"}],"author":[{"embeddable":true,"href":"https:\/\/se.csbe.qc.ca\/universsocial\/wp-json\/wp\/v2\/users\/9"}],"replies":[{"embeddable":true,"href":"https:\/\/se.csbe.qc.ca\/universsocial\/wp-json\/wp\/v2\/comments?post=3389"}],"version-history":[{"count":1,"href":"https:\/\/se.csbe.qc.ca\/universsocial\/wp-json\/wp\/v2\/pages\/3389\/revisions"}],"predecessor-version":[{"id":3394,"href":"https:\/\/se.csbe.qc.ca\/universsocial\/wp-json\/wp\/v2\/pages\/3389\/revisions\/3394"}],"wp:attachment":[{"href":"https:\/\/se.csbe.qc.ca\/universsocial\/wp-json\/wp\/v2\/media?parent=3389"}],"curies":[{"name":"wp","href":"https:\/\/api.w.org\/{rel}","templated":true}]}}