{"id":3346,"date":"2014-10-27T16:04:49","date_gmt":"2014-10-27T20:04:49","guid":{"rendered":"https:\/\/se.csbe.qc.ca\/universsocial\/?page_id=3346"},"modified":"2014-10-28T09:24:51","modified_gmt":"2014-10-28T13:24:51","slug":"culture-et-mouvements-de-pensee-ideologies","status":"publish","type":"page","link":"https:\/\/se.csbe.qc.ca\/universsocial\/culture-et-mouvements-de-pensee-ideologies\/","title":{"rendered":"Culture et mouvements de pens\u00e9e &#8211; Id\u00e9ologies"},"content":{"rendered":"<div class=\"page-restrict-output\"><h2><span style=\"color: #000000;\"><strong>Voici un glossaire des mouvements de pens\u00e9e pr\u00e9sents dans la progression des apprentissages.<\/strong><\/span><\/h2>\n<h2><span style=\"color: #000000;\"><strong>Le deuxi\u00e8me document est int\u00e9ressant car il pr\u00e9sente une s\u00e9rie de documents contextualis\u00e9s, associ\u00e9s \u00e0 l&rsquo;id\u00e9ologie qu&rsquo;ils repr\u00e9sentent.<\/strong><\/span><\/h2>\n<h2><\/h2>\n<h2><em><span style=\"color: #000000;\"><strong>Un grand merci \u00e0 M. Jerry Huet, de la CS Monts-et-mar\u00e9es, pour ce partage!<\/strong><\/span><\/em><\/h2>\n<h2><\/h2>\n<h2><span style=\"text-decoration: underline;\"><span style=\"color: #000000; text-decoration: underline;\"><strong>Cliquer pour t\u00e9l\u00e9charger:<\/strong><\/span><\/span><\/h2>\n<h2><span style=\"color: #0000ff;\"><em><strong><a href=\"https:\/\/se.csbe.qc.ca\/universsocial\/files\/2014\/10\/Culture-Id\u00e9ologies-D\u00e9finitions.pdf\" target=\"_blank\"><span style=\"color: #0000ff;\">Culture &#8211; Id\u00e9ologies &#8211; D\u00e9finitions<\/span><\/a><\/strong><\/em><\/span><\/h2>\n<h2><span style=\"color: #0000ff;\"><em><strong><a href=\"https:\/\/se.csbe.qc.ca\/universsocial\/files\/2014\/10\/Culture-Id\u00e9ologies-Documents.docx\"><span style=\"color: #0000ff;\">Culture &#8211; Id\u00e9ologies &#8211; Documents<\/span><\/a><\/strong><\/em><\/span><\/h2>\n<!-- WP Attachments -->\r\n        <div style=\"width:100%;margin:10px 0 10px 0;\">\r\n            <h3>Attachments<\/h3>\r\n        <ul class=\"post-attachments\"><li class=\"post-attachment mime-application-pdf\"><a href=\"https:\/\/se.csbe.qc.ca\/universsocial\/files\/2014\/10\/Culture-Id\u00e9ologies-D\u00e9finitions.pdf\">Culture - Id\u00e9ologies - D\u00e9finitions<\/a> <small>(493 kB)<\/small><\/li><li class=\"post-attachment mime-application-pdf\"><a href=\"https:\/\/se.csbe.qc.ca\/universsocial\/files\/2014\/10\/Culture-Id\u00e9ologies-Documents.pdf\">Culture - Id\u00e9ologies - Documents<\/a> <small>(6 MB)<\/small><\/li><li class=\"post-attachment mime-application-vnd-openxmlformats-officedocument-wordprocessingml-document\"><a href=\"https:\/\/se.csbe.qc.ca\/universsocial\/files\/2014\/10\/Culture-Id\u00e9ologies-Documents.docx\">Culture - Id\u00e9ologies - Documents<\/a> <small>(9 MB)<\/small><\/li><\/ul><\/div><\/div>","protected":false},"excerpt":{"rendered":"<div class=\"page-restrict-output\"><p>Voici un glossaire des mouvements de pens\u00e9e pr\u00e9sents dans la progression des apprentissages. Le deuxi\u00e8me document est int\u00e9ressant car il pr\u00e9sente une s\u00e9rie de documents contextualis\u00e9s, associ\u00e9s \u00e0 l&rsquo;id\u00e9ologie qu&rsquo;ils repr\u00e9sentent. Un grand merci \u00e0 M. Jerry Huet, de la CS Monts-et-mar\u00e9es, pour ce partage! Cliquer pour t\u00e9l\u00e9charger: Culture &#8211; Id\u00e9ologies &#8211; D\u00e9finitions Culture &#8211; &hellip; <\/p>\n<p><a class=\"more-link btn\" href=\"https:\/\/se.csbe.qc.ca\/universsocial\/culture-et-mouvements-de-pensee-ideologies\/\">Lire la suite<\/a><\/p>\n<\/div>","protected":false},"author":9,"featured_media":0,"parent":0,"menu_order":0,"comment_status":"open","ping_status":"open","template":"","meta":{"footnotes":""},"class_list":["post-3346","page","type-page","status-publish","hentry","nodate","item-wrap"],"_links":{"self":[{"href":"https:\/\/se.csbe.qc.ca\/universsocial\/wp-json\/wp\/v2\/pages\/3346","targetHints":{"allow":["GET"]}}],"collection":[{"href":"https:\/\/se.csbe.qc.ca\/universsocial\/wp-json\/wp\/v2\/pages"}],"about":[{"href":"https:\/\/se.csbe.qc.ca\/universsocial\/wp-json\/wp\/v2\/types\/page"}],"author":[{"embeddable":true,"href":"https:\/\/se.csbe.qc.ca\/universsocial\/wp-json\/wp\/v2\/users\/9"}],"replies":[{"embeddable":true,"href":"https:\/\/se.csbe.qc.ca\/universsocial\/wp-json\/wp\/v2\/comments?post=3346"}],"version-history":[{"count":2,"href":"https:\/\/se.csbe.qc.ca\/universsocial\/wp-json\/wp\/v2\/pages\/3346\/revisions"}],"predecessor-version":[{"id":3397,"href":"https:\/\/se.csbe.qc.ca\/universsocial\/wp-json\/wp\/v2\/pages\/3346\/revisions\/3397"}],"wp:attachment":[{"href":"https:\/\/se.csbe.qc.ca\/universsocial\/wp-json\/wp\/v2\/media?parent=3346"}],"curies":[{"name":"wp","href":"https:\/\/api.w.org\/{rel}","templated":true}]}}