{"id":3211,"date":"2014-10-23T15:45:59","date_gmt":"2014-10-23T19:45:59","guid":{"rendered":"https:\/\/se.csbe.qc.ca\/universsocial\/?page_id=3211"},"modified":"2014-10-23T19:33:44","modified_gmt":"2014-10-23T23:33:44","slug":"deposer-sur-csbe-tv","status":"publish","type":"page","link":"https:\/\/se.csbe.qc.ca\/universsocial\/deposer-sur-csbe-tv\/","title":{"rendered":"D\u00e9poser sur CSBE.tv"},"content":{"rendered":"<div class=\"page-restrict-output\"><p>[KGVID width=\u00a0\u00bb640&Prime; height=\u00a0\u00bb360&Prime;]https:\/\/se.csbe.qc.ca\/universsocial\/files\/2014\/10\/D\u00e9poser-sur-CSBE.tv_2.mp4[\/KGVID]<\/p>\n<!-- WP Attachments -->\r\n        <div style=\"width:100%;margin:10px 0 10px 0;\">\r\n            <h3>Attachments<\/h3>\r\n        <ul class=\"post-attachments\"><li class=\"post-attachment mime-video-mp4\"><a href=\"https:\/\/se.csbe.qc.ca\/universsocial\/files\/2014\/10\/D\u00e9poser-sur-CSBE.tv_.mp4\">D\u00e9poser sur CSBE.tv<\/a> <small>(259 MB)<\/small><\/li><li class=\"post-attachment mime-video-mp4\"><a href=\"https:\/\/se.csbe.qc.ca\/universsocial\/files\/2014\/10\/D\u00e9poser-sur-CSBE.tv_converted.mp4\">D\u00e9poser sur CSBE.tv_converted<\/a> <small>(30 MB)<\/small><\/li><li class=\"post-attachment mime-video-mp4\"><a href=\"https:\/\/se.csbe.qc.ca\/universsocial\/files\/2014\/10\/Youtube720D\u00e9poser-sur-CSBE.tv_converted.mp4\">Youtube720D\u00e9poser sur CSBE.tv_converted<\/a> <small>(42 MB)<\/small><\/li><li class=\"post-attachment mime-video-mp4\"><a href=\"https:\/\/se.csbe.qc.ca\/universsocial\/files\/2014\/10\/D\u00e9poser-sur-CSBE.tv_1.mp4\">D\u00e9poser sur CSBE.tv<\/a> <small>(21 MB)<\/small><\/li><li class=\"post-attachment mime-video-mp4\"><a href=\"https:\/\/se.csbe.qc.ca\/universsocial\/files\/2014\/10\/D\u00e9poser-sur-CSBE.tv_2.mp4\">D\u00e9poser sur CSBE.tv<\/a> <small>(4 MB)<\/small><\/li><\/ul><\/div><\/div>","protected":false},"excerpt":{"rendered":"<div class=\"page-restrict-output\"><p>[KGVID width=\u00a0\u00bb640&Prime; height=\u00a0\u00bb360&Prime;]https:\/\/se.csbe.qc.ca\/universsocial\/files\/2014\/10\/D\u00e9poser-sur-CSBE.tv_2.mp4[\/KGVID] Attachments D\u00e9poser sur CSBE.tv (259 MB)D\u00e9poser sur CSBE.tv_converted (30 MB)Youtube720D\u00e9poser sur CSBE.tv_converted (42 MB)D\u00e9poser sur CSBE.tv (21 MB)D\u00e9poser sur CSBE.tv (4 MB)<\/p>\n<\/div>","protected":false},"author":9,"featured_media":0,"parent":0,"menu_order":0,"comment_status":"open","ping_status":"open","template":"","meta":{"footnotes":""},"class_list":["post-3211","page","type-page","status-publish","hentry","nodate","item-wrap"],"_links":{"self":[{"href":"https:\/\/se.csbe.qc.ca\/universsocial\/wp-json\/wp\/v2\/pages\/3211","targetHints":{"allow":["GET"]}}],"collection":[{"href":"https:\/\/se.csbe.qc.ca\/universsocial\/wp-json\/wp\/v2\/pages"}],"about":[{"href":"https:\/\/se.csbe.qc.ca\/universsocial\/wp-json\/wp\/v2\/types\/page"}],"author":[{"embeddable":true,"href":"https:\/\/se.csbe.qc.ca\/universsocial\/wp-json\/wp\/v2\/users\/9"}],"replies":[{"embeddable":true,"href":"https:\/\/se.csbe.qc.ca\/universsocial\/wp-json\/wp\/v2\/comments?post=3211"}],"version-history":[{"count":7,"href":"https:\/\/se.csbe.qc.ca\/universsocial\/wp-json\/wp\/v2\/pages\/3211\/revisions"}],"predecessor-version":[{"id":3255,"href":"https:\/\/se.csbe.qc.ca\/universsocial\/wp-json\/wp\/v2\/pages\/3211\/revisions\/3255"}],"wp:attachment":[{"href":"https:\/\/se.csbe.qc.ca\/universsocial\/wp-json\/wp\/v2\/media?parent=3211"}],"curies":[{"name":"wp","href":"https:\/\/api.w.org\/{rel}","templated":true}]}}