{"id":2967,"date":"2014-10-21T14:36:18","date_gmt":"2014-10-21T18:36:18","guid":{"rendered":"https:\/\/se.csbe.qc.ca\/universsocial\/?page_id=2967"},"modified":"2014-10-28T09:12:17","modified_gmt":"2014-10-28T13:12:17","slug":"la-lecture-en-univers-social","status":"publish","type":"page","link":"https:\/\/se.csbe.qc.ca\/universsocial\/la-lecture-en-univers-social\/","title":{"rendered":"Strat\u00e9gies de lecture en univers social"},"content":{"rendered":"<div class=\"page-restrict-output\"><h2><span style=\"color: #000000;\"><strong>Voici les documents pr\u00e9sent\u00e9s par Mme Virginie Martel, didacticienne, lors des congr\u00e8s de l&rsquo;AQEUS 2013 et 2014.<\/strong><\/span><\/h2>\n<h2><\/h2>\n<h2><span style=\"color: #000000;\"><strong>On y trouve ses pr\u00e9sentations et \u00e9galement des outils sur la lecture en univers social et sur les supports d&rsquo;apprentissage multimodaux.<\/strong><\/span><\/h2>\n<h2><\/h2>\n<h2><span style=\"text-decoration: underline;\"><span style=\"color: #000000; text-decoration: underline;\"><strong>Cliquer pour t\u00e9l\u00e9charger:<\/strong><\/span><\/span><\/h2>\n<h2><span style=\"color: #0000ff;\"><em><strong><a href=\"https:\/\/se.csbe.qc.ca\/universsocial\/files\/2014\/10\/La-lecture-en-univers-social-Presentation.pdf\" target=\"_blank\"><span style=\"color: #0000ff;\">La lecture en univers social &#8211; Presentation<\/span><\/a><\/strong><\/em><\/span><\/h2>\n<h2><span style=\"color: #0000ff;\"><em><strong><a href=\"https:\/\/se.csbe.qc.ca\/universsocial\/files\/2014\/10\/La-lecture-en-univers-social-Outils.pdf\" target=\"_blank\"><span style=\"color: #0000ff;\">La lecture en univers social &#8211; Outils<\/span><\/a><\/strong><\/em><\/span><\/h2>\n<h2><span style=\"color: #0000ff;\"><em><strong><a href=\"https:\/\/se.csbe.qc.ca\/universsocial\/files\/2014\/10\/Supports-apprentissage-multimodaux-Presentation.pdf\" target=\"_blank\"><span style=\"color: #0000ff;\">Supports apprentissage multimodaux &#8211; Presentation<\/span><\/a><\/strong><\/em><\/span><\/h2>\n<h2><span style=\"color: #0000ff;\"><em><strong><a href=\"https:\/\/se.csbe.qc.ca\/universsocial\/files\/2014\/10\/Supports-apprentissage-multimodaux-Primaire.pdf\" target=\"_blank\"><span style=\"color: #0000ff;\">Supports apprentissage multimodaux &#8211; Primaire<\/span><\/a><\/strong><\/em><\/span><\/h2>\n<!-- WP Attachments -->\r\n        <div style=\"width:100%;margin:10px 0 10px 0;\">\r\n            <h3>Attachments<\/h3>\r\n        <ul class=\"post-attachments\"><li class=\"post-attachment mime-application-pdf\"><a href=\"https:\/\/se.csbe.qc.ca\/universsocial\/files\/2014\/10\/La-lecture-en-univers-social-Outils.pdf\">La lecture en univers social - Outils<\/a> <small>(348 kB)<\/small><\/li><li class=\"post-attachment mime-application-pdf\"><a href=\"https:\/\/se.csbe.qc.ca\/universsocial\/files\/2014\/10\/La-lecture-en-univers-social-Presentation.pdf\">La lecture en univers social - Presentation<\/a> <small>(3 MB)<\/small><\/li><li class=\"post-attachment mime-application-pdf\"><a href=\"https:\/\/se.csbe.qc.ca\/universsocial\/files\/2014\/10\/Supports-apprentissage-multimodaux-Presentation.pdf\">Supports apprentissage multimodaux - Presentation<\/a> <small>(3 MB)<\/small><\/li><li class=\"post-attachment mime-application-pdf\"><a href=\"https:\/\/se.csbe.qc.ca\/universsocial\/files\/2014\/10\/Supports-apprentissage-multimodaux-Primaire.pdf\">Supports apprentissage multimodaux - Primaire<\/a> <small>(702 kB)<\/small><\/li><\/ul><\/div><\/div>","protected":false},"excerpt":{"rendered":"<div class=\"page-restrict-output\"><p>Voici les documents pr\u00e9sent\u00e9s par Mme Virginie Martel, didacticienne, lors des congr\u00e8s de l&rsquo;AQEUS 2013 et 2014. On y trouve ses pr\u00e9sentations et \u00e9galement des outils sur la lecture en univers social et sur les supports d&rsquo;apprentissage multimodaux. Cliquer pour t\u00e9l\u00e9charger: La lecture en univers social &#8211; Presentation La lecture en univers social &#8211; Outils &hellip; <\/p>\n<p><a class=\"more-link btn\" href=\"https:\/\/se.csbe.qc.ca\/universsocial\/la-lecture-en-univers-social\/\">Lire la suite<\/a><\/p>\n<\/div>","protected":false},"author":9,"featured_media":0,"parent":0,"menu_order":0,"comment_status":"open","ping_status":"open","template":"","meta":{"footnotes":""},"class_list":["post-2967","page","type-page","status-publish","hentry","nodate","item-wrap"],"_links":{"self":[{"href":"https:\/\/se.csbe.qc.ca\/universsocial\/wp-json\/wp\/v2\/pages\/2967","targetHints":{"allow":["GET"]}}],"collection":[{"href":"https:\/\/se.csbe.qc.ca\/universsocial\/wp-json\/wp\/v2\/pages"}],"about":[{"href":"https:\/\/se.csbe.qc.ca\/universsocial\/wp-json\/wp\/v2\/types\/page"}],"author":[{"embeddable":true,"href":"https:\/\/se.csbe.qc.ca\/universsocial\/wp-json\/wp\/v2\/users\/9"}],"replies":[{"embeddable":true,"href":"https:\/\/se.csbe.qc.ca\/universsocial\/wp-json\/wp\/v2\/comments?post=2967"}],"version-history":[{"count":2,"href":"https:\/\/se.csbe.qc.ca\/universsocial\/wp-json\/wp\/v2\/pages\/2967\/revisions"}],"predecessor-version":[{"id":3385,"href":"https:\/\/se.csbe.qc.ca\/universsocial\/wp-json\/wp\/v2\/pages\/2967\/revisions\/3385"}],"wp:attachment":[{"href":"https:\/\/se.csbe.qc.ca\/universsocial\/wp-json\/wp\/v2\/media?parent=2967"}],"curies":[{"name":"wp","href":"https:\/\/api.w.org\/{rel}","templated":true}]}}