{"id":2926,"date":"2014-10-21T13:33:15","date_gmt":"2014-10-21T17:33:15","guid":{"rendered":"https:\/\/se.csbe.qc.ca\/universsocial\/?page_id=2926"},"modified":"2014-10-21T13:41:39","modified_gmt":"2014-10-21T17:41:39","slug":"activites-de-revision-lll-sec-1","status":"publish","type":"page","link":"https:\/\/se.csbe.qc.ca\/universsocial\/activites-de-revision-lll-sec-1\/","title":{"rendered":"Activit\u00e9s de synth\u00e8se (LLL) (Sec.1)"},"content":{"rendered":"<div class=\"page-restrict-output\"><h2><span style=\"color: #000000;\"><strong>Voici une s\u00e9rie tr\u00e8s compl\u00e8te d\u2019activit\u00e9s de r\u00e9vision pour l\u2019ensemble du cours de 1\u00e8re\u00a0secondaire.\u00a0<\/strong><\/span><\/h2>\n<h2><span style=\"color: #000000;\">\u00a0<\/span><\/h2>\n<h2><span style=\"color: #000000;\"><strong>On y retrouve le cahier de l\u2019\u00e9l\u00e8ve et le cahier de l\u2019enseignant (corrig\u00e9) pour chacun\u00a0des modules, le tout construit en fonction de la\u00a0<em>Progression des apprentissages<\/em>.<\/strong><\/span><\/h2>\n<p><span style=\"color: #000000;\">\u00a0<\/span><\/p>\n<h2><span style=\"color: #000000;\"><strong>Ces activit\u00e9s ont \u00e9t\u00e9 construites par les membres de la Table LLL d\u2019univers social et nous leur en sommes TR\u00c8S reconnaissants!<\/strong><\/span><\/h2>\n<h2><\/h2>\n<h2><span style=\"text-decoration: underline; color: #000000;\"><strong>Pour t\u00e9l\u00e9charger chacun des documents, cliquer sur les liens ci-dessous:<\/strong><\/span><\/h2>\n<h2><span style=\"color: #0000ff;\"><em><strong><a href=\"https:\/\/se.csbe.qc.ca\/universsocial\/files\/2014\/10\/Christianisation-Eleve.doc\" target=\"_blank\"><span style=\"color: #0000ff;\">Christianisation &#8211; Eleve<\/span><\/a><\/strong><\/em><\/span><\/h2>\n<h2><span style=\"color: #0000ff;\"><em><strong><a href=\"https:\/\/se.csbe.qc.ca\/universsocial\/files\/2014\/10\/Christianisation-Corrige.doc\" target=\"_blank\"><span style=\"color: #0000ff;\">Christianisation &#8211; Corrige<\/span><\/a><\/strong><\/em><\/span><\/h2>\n<h2><span style=\"color: #0000ff;\"><em><strong><a href=\"https:\/\/se.csbe.qc.ca\/universsocial\/files\/2014\/10\/Sedentarisation-Eleve.doc\" target=\"_blank\"><span style=\"color: #0000ff;\">Sedentarisation &#8211; Eleve<\/span><\/a><\/strong><\/em><\/span><\/h2>\n<h2><span style=\"color: #0000ff;\"><em><strong><a href=\"https:\/\/se.csbe.qc.ca\/universsocial\/files\/2014\/10\/Sedentarisation-Corrige.doc\" target=\"_blank\"><span style=\"color: #0000ff;\">Sedentarisation &#8211; Corrige<\/span><\/a><\/strong><\/em><\/span><\/h2>\n<h2><span style=\"color: #0000ff;\"><em><strong><a href=\"https:\/\/se.csbe.qc.ca\/universsocial\/files\/2014\/10\/Democratie-Eleve.doc\" target=\"_blank\"><span style=\"color: #0000ff;\">Democratie &#8211; Eleve<\/span><\/a><\/strong><\/em><\/span><\/h2>\n<h2><span style=\"color: #0000ff;\"><em><strong><a href=\"https:\/\/se.csbe.qc.ca\/universsocial\/files\/2014\/10\/Democratie-Corrige.doc\" target=\"_blank\"><span style=\"color: #0000ff;\">Democratie &#8211; Corrige<\/span><\/a><\/strong><\/em><\/span><\/h2>\n<h2><span style=\"color: #0000ff;\"><em><strong><a href=\"https:\/\/se.csbe.qc.ca\/universsocial\/files\/2014\/10\/Romanisation-Eleve.doc\" target=\"_blank\"><span style=\"color: #0000ff;\">Romanisation &#8211; Eleve<\/span><\/a><\/strong><\/em><\/span><\/h2>\n<h2><span style=\"color: #0000ff;\"><em><strong><a href=\"https:\/\/se.csbe.qc.ca\/universsocial\/files\/2014\/10\/Romanisation-Corrige.doc\" target=\"_blank\"><span style=\"color: #0000ff;\">Romanisation &#8211; Corrige<\/span><\/a><\/strong><\/em><\/span><\/h2>\n<h2><span style=\"color: #0000ff;\"><em><strong><a href=\"https:\/\/se.csbe.qc.ca\/universsocial\/files\/2014\/10\/Christianisation-Eleve.doc\" target=\"_blank\"><span style=\"color: #0000ff;\">Christianisation &#8211; Eleve<\/span><\/a><\/strong><\/em><\/span><\/h2>\n<h2><span style=\"color: #0000ff;\"><em><strong><a href=\"https:\/\/se.csbe.qc.ca\/universsocial\/files\/2014\/10\/Christianisation-Corrige.doc\" target=\"_blank\"><span style=\"color: #0000ff;\">Christianisation &#8211; Corrige<\/span><\/a><\/strong><\/em><\/span><\/h2>\n<h2><span style=\"color: #0000ff;\"><em><strong><a href=\"https:\/\/se.csbe.qc.ca\/universsocial\/files\/2014\/10\/Essor-urbain-Eleve.doc\" target=\"_blank\"><span style=\"color: #0000ff;\">Essor urbain &#8211; Eleve<\/span><\/a><\/strong><\/em><\/span><\/h2>\n<h2><span style=\"color: #0000ff;\"><em><strong><a href=\"https:\/\/se.csbe.qc.ca\/universsocial\/files\/2014\/10\/Essor-urbain-Corrige.doc\" target=\"_blank\"><span style=\"color: #0000ff;\">Essor urbain &#8211; Corrige<\/span><\/a><\/strong><\/em><\/span><\/h2>\n<!-- WP Attachments -->\r\n        <div style=\"width:100%;margin:10px 0 10px 0;\">\r\n            <h3>Attachments<\/h3>\r\n        <ul class=\"post-attachments\"><li class=\"post-attachment mime-application-msword\"><a href=\"https:\/\/se.csbe.qc.ca\/universsocial\/files\/2014\/10\/Civilisation-Corrige.doc\">Civilisation - Corrige<\/a> <small>(2 MB)<\/small><\/li><li class=\"post-attachment mime-application-msword\"><a href=\"https:\/\/se.csbe.qc.ca\/universsocial\/files\/2014\/10\/Civilisation-Eleve.doc\">Civilisation - Eleve<\/a> <small>(2 MB)<\/small><\/li><li class=\"post-attachment mime-application-msword\"><a href=\"https:\/\/se.csbe.qc.ca\/universsocial\/files\/2014\/10\/Democratie-Corrige.doc\">Democratie - Corrige<\/a> <small>(3 MB)<\/small><\/li><li class=\"post-attachment mime-application-msword\"><a href=\"https:\/\/se.csbe.qc.ca\/universsocial\/files\/2014\/10\/Democratie-Eleve.doc\">Democratie - Eleve<\/a> <small>(3 MB)<\/small><\/li><li class=\"post-attachment mime-application-msword\"><a href=\"https:\/\/se.csbe.qc.ca\/universsocial\/files\/2014\/10\/Romanisation-Corrige.doc\">Romanisation - Corrige<\/a> <small>(2 MB)<\/small><\/li><li class=\"post-attachment mime-application-msword\"><a href=\"https:\/\/se.csbe.qc.ca\/universsocial\/files\/2014\/10\/Romanisation-Eleve.doc\">Romanisation - Eleve<\/a> <small>(2 MB)<\/small><\/li><li class=\"post-attachment mime-application-msword\"><a href=\"https:\/\/se.csbe.qc.ca\/universsocial\/files\/2014\/10\/Sedentarisation-Corrige.doc\">Sedentarisation - Corrige<\/a> <small>(991 kB)<\/small><\/li><li class=\"post-attachment mime-application-msword\"><a href=\"https:\/\/se.csbe.qc.ca\/universsocial\/files\/2014\/10\/Sedentarisation-Eleve.doc\">Sedentarisation - Eleve<\/a> <small>(995 kB)<\/small><\/li><li class=\"post-attachment mime-application-msword\"><a href=\"https:\/\/se.csbe.qc.ca\/universsocial\/files\/2014\/10\/Christianisation-Corrige.doc\">Christianisation - Corrige<\/a> <small>(2 MB)<\/small><\/li><li class=\"post-attachment mime-application-msword\"><a href=\"https:\/\/se.csbe.qc.ca\/universsocial\/files\/2014\/10\/Christianisation-Eleve.doc\">Christianisation - Eleve<\/a> <small>(2 MB)<\/small><\/li><li class=\"post-attachment mime-application-msword\"><a href=\"https:\/\/se.csbe.qc.ca\/universsocial\/files\/2014\/10\/Essor-urbain-Corrige.doc\">Essor urbain - Corrige<\/a> <small>(4 MB)<\/small><\/li><li class=\"post-attachment mime-application-msword\"><a href=\"https:\/\/se.csbe.qc.ca\/universsocial\/files\/2014\/10\/Essor-urbain-Eleve.doc\">Essor urbain - Eleve<\/a> <small>(4 MB)<\/small><\/li><\/ul><\/div><\/div>","protected":false},"excerpt":{"rendered":"<div class=\"page-restrict-output\"><p>Voici une s\u00e9rie tr\u00e8s compl\u00e8te d\u2019activit\u00e9s de r\u00e9vision pour l\u2019ensemble du cours de 1\u00e8re\u00a0secondaire.\u00a0 \u00a0 On y retrouve le cahier de l\u2019\u00e9l\u00e8ve et le cahier de l\u2019enseignant (corrig\u00e9) pour chacun\u00a0des modules, le tout construit en fonction de la\u00a0Progression des apprentissages. \u00a0 Ces activit\u00e9s ont \u00e9t\u00e9 construites par les membres de la Table LLL d\u2019univers social &hellip; <\/p>\n<p><a class=\"more-link btn\" href=\"https:\/\/se.csbe.qc.ca\/universsocial\/activites-de-revision-lll-sec-1\/\">Lire la suite<\/a><\/p>\n<\/div>","protected":false},"author":9,"featured_media":0,"parent":0,"menu_order":0,"comment_status":"open","ping_status":"closed","template":"","meta":{"footnotes":""},"class_list":["post-2926","page","type-page","status-publish","hentry","nodate","item-wrap"],"_links":{"self":[{"href":"https:\/\/se.csbe.qc.ca\/universsocial\/wp-json\/wp\/v2\/pages\/2926","targetHints":{"allow":["GET"]}}],"collection":[{"href":"https:\/\/se.csbe.qc.ca\/universsocial\/wp-json\/wp\/v2\/pages"}],"about":[{"href":"https:\/\/se.csbe.qc.ca\/universsocial\/wp-json\/wp\/v2\/types\/page"}],"author":[{"embeddable":true,"href":"https:\/\/se.csbe.qc.ca\/universsocial\/wp-json\/wp\/v2\/users\/9"}],"replies":[{"embeddable":true,"href":"https:\/\/se.csbe.qc.ca\/universsocial\/wp-json\/wp\/v2\/comments?post=2926"}],"version-history":[{"count":3,"href":"https:\/\/se.csbe.qc.ca\/universsocial\/wp-json\/wp\/v2\/pages\/2926\/revisions"}],"predecessor-version":[{"id":2960,"href":"https:\/\/se.csbe.qc.ca\/universsocial\/wp-json\/wp\/v2\/pages\/2926\/revisions\/2960"}],"wp:attachment":[{"href":"https:\/\/se.csbe.qc.ca\/universsocial\/wp-json\/wp\/v2\/media?parent=2926"}],"curies":[{"name":"wp","href":"https:\/\/api.w.org\/{rel}","templated":true}]}}