{"id":2899,"date":"2014-10-10T16:09:17","date_gmt":"2014-10-10T20:09:17","guid":{"rendered":"https:\/\/se.csbe.qc.ca\/universsocial\/?page_id=2899"},"modified":"2014-10-10T16:09:17","modified_gmt":"2014-10-10T20:09:17","slug":"moodle-documents-de-formation","status":"publish","type":"page","link":"https:\/\/se.csbe.qc.ca\/universsocial\/moodle-documents-de-formation\/","title":{"rendered":"Moodle &#8211; Documents de formation"},"content":{"rendered":"<div class=\"page-restrict-output\"><h2><span style=\"color: #000000;\"><strong>Voici 4 documents utiles lors des formations de base dans Moodle.<\/strong><\/span><\/h2>\n<h2><\/h2>\n<h2><span style=\"text-decoration: underline;\"><span style=\"color: #000000; text-decoration: underline;\"><strong>Vous y trouverez:<\/strong><\/span><\/span><\/h2>\n<ul>\n<li>\n<h2><span style=\"color: #000000;\"><strong>Comment cr\u00e9er des cl\u00e9s d&rsquo;inscription pour chacun de vos groupes<\/strong><\/span><\/h2>\n<\/li>\n<li>\n<h2><span style=\"color: #000000;\"><strong>Comment vos \u00e9l\u00e8ves doivent proc\u00e9der pour acc\u00e9der \u00e0 Moodle et s&rsquo;inscrire \u00e0 vos cours<\/strong><\/span><\/h2>\n<\/li>\n<li>\n<h2><span style=\"color: #000000;\"><strong>Comment cr\u00e9er des tests<\/strong><\/span><\/h2>\n<\/li>\n<li>\n<h2><span style=\"color: #000000;\"><strong>Comment faire le suivi des \u00e9l\u00e8ves.<\/strong><\/span><\/h2>\n<\/li>\n<\/ul>\n<h2><\/h2>\n<h2><span style=\"color: #000000;\"><strong>J&rsquo;ajoute ci-dessous le lien vers CSBE.tv, o\u00f9 il y a plusieurs tutoriels que j&rsquo;ai faits sur diff\u00e9rents petits trucs et fonctionnalit\u00e9s de Moodle<\/strong><\/span><\/h2>\n<h2><span style=\"color: #0000ff;\"><em><strong><a href=\"http:\/\/csbe.tv\/videos\/moodle\/\" target=\"_blank\"><span style=\"color: #0000ff;\">http:\/\/csbe.tv\/videos\/moodle\/<\/span><\/a><\/strong><\/em><\/span><\/h2>\n<h2><\/h2>\n<h2><span style=\"text-decoration: underline;\"><span style=\"color: #000000; text-decoration: underline;\"><strong>Pour t\u00e9l\u00e9charger les documents:<\/strong><\/span><\/span><\/h2>\n<h2><span style=\"color: #0000ff;\"><em><strong><a href=\"https:\/\/se.csbe.qc.ca\/universsocial\/files\/2014\/10\/1-Creer-une-clef-dinscription.pdf\" target=\"_blank\"><span style=\"color: #0000ff;\">1- Creer une clef d&rsquo;inscription<\/span><\/a><\/strong><\/em><\/span><\/h2>\n<h2><span style=\"color: #0000ff;\"><em><strong><a href=\"https:\/\/se.csbe.qc.ca\/universsocial\/files\/2014\/10\/2-Acceder-a-ses-espaces-de-cours.pdf\" target=\"_blank\"><span style=\"color: #0000ff;\">2- Acceder a ses espaces de cours<\/span><\/a><\/strong><\/em><\/span><\/h2>\n<h2><span style=\"color: #0000ff;\"><em><strong><a href=\"https:\/\/se.csbe.qc.ca\/universsocial\/files\/2014\/10\/3A-Creer-des-tests.pdf\" target=\"_blank\"><span style=\"color: #0000ff;\">3A- Creer des tests<\/span><\/a><\/strong><\/em><\/span><\/h2>\n<h2><span style=\"color: #0000ff;\"><em><strong><a href=\"https:\/\/se.csbe.qc.ca\/universsocial\/files\/2014\/10\/4-Diagnostic-et-suivi-des-eleves.pdf\" target=\"_blank\"><span style=\"color: #0000ff;\">4- Diagnostic et suivi des eleves<\/span><\/a><\/strong><\/em><\/span><\/h2>\n<p>&nbsp;<\/p>\n<!-- WP Attachments -->\r\n        <div style=\"width:100%;margin:10px 0 10px 0;\">\r\n            <h3>Attachments<\/h3>\r\n        <ul class=\"post-attachments\"><li class=\"post-attachment mime-application-pdf\"><a href=\"https:\/\/se.csbe.qc.ca\/universsocial\/files\/2014\/10\/1-Creer-une-clef-dinscription.pdf\">1- Creer une clef d'inscription<\/a> <small>(618 kB)<\/small><\/li><li class=\"post-attachment mime-application-pdf\"><a href=\"https:\/\/se.csbe.qc.ca\/universsocial\/files\/2014\/10\/2-Acceder-a-ses-espaces-de-cours.pdf\">2- Acceder a ses espaces de cours<\/a> <small>(917 kB)<\/small><\/li><li class=\"post-attachment mime-application-pdf\"><a href=\"https:\/\/se.csbe.qc.ca\/universsocial\/files\/2014\/10\/3A-Creer-des-tests.pdf\">3A- Creer des tests<\/a> <small>(789 kB)<\/small><\/li><li class=\"post-attachment mime-application-pdf\"><a href=\"https:\/\/se.csbe.qc.ca\/universsocial\/files\/2014\/10\/4-Diagnostic-et-suivi-des-eleves.pdf\">4- Diagnostic et suivi des eleves<\/a> <small>(2 MB)<\/small><\/li><\/ul><\/div><\/div>","protected":false},"excerpt":{"rendered":"<div class=\"page-restrict-output\"><p>Voici 4 documents utiles lors des formations de base dans Moodle. Vous y trouverez: Comment cr\u00e9er des cl\u00e9s d&rsquo;inscription pour chacun de vos groupes Comment vos \u00e9l\u00e8ves doivent proc\u00e9der pour acc\u00e9der \u00e0 Moodle et s&rsquo;inscrire \u00e0 vos cours Comment cr\u00e9er des tests Comment faire le suivi des \u00e9l\u00e8ves. J&rsquo;ajoute ci-dessous le lien vers CSBE.tv, o\u00f9 &hellip; <\/p>\n<p><a class=\"more-link btn\" href=\"https:\/\/se.csbe.qc.ca\/universsocial\/moodle-documents-de-formation\/\">Lire la suite<\/a><\/p>\n<\/div>","protected":false},"author":9,"featured_media":0,"parent":0,"menu_order":0,"comment_status":"open","ping_status":"open","template":"","meta":{"footnotes":""},"class_list":["post-2899","page","type-page","status-publish","hentry","nodate","item-wrap"],"_links":{"self":[{"href":"https:\/\/se.csbe.qc.ca\/universsocial\/wp-json\/wp\/v2\/pages\/2899","targetHints":{"allow":["GET"]}}],"collection":[{"href":"https:\/\/se.csbe.qc.ca\/universsocial\/wp-json\/wp\/v2\/pages"}],"about":[{"href":"https:\/\/se.csbe.qc.ca\/universsocial\/wp-json\/wp\/v2\/types\/page"}],"author":[{"embeddable":true,"href":"https:\/\/se.csbe.qc.ca\/universsocial\/wp-json\/wp\/v2\/users\/9"}],"replies":[{"embeddable":true,"href":"https:\/\/se.csbe.qc.ca\/universsocial\/wp-json\/wp\/v2\/comments?post=2899"}],"version-history":[{"count":1,"href":"https:\/\/se.csbe.qc.ca\/universsocial\/wp-json\/wp\/v2\/pages\/2899\/revisions"}],"predecessor-version":[{"id":2904,"href":"https:\/\/se.csbe.qc.ca\/universsocial\/wp-json\/wp\/v2\/pages\/2899\/revisions\/2904"}],"wp:attachment":[{"href":"https:\/\/se.csbe.qc.ca\/universsocial\/wp-json\/wp\/v2\/media?parent=2899"}],"curies":[{"name":"wp","href":"https:\/\/api.w.org\/{rel}","templated":true}]}}