{"id":2873,"date":"2014-10-06T09:41:14","date_gmt":"2014-10-06T13:41:14","guid":{"rendered":"https:\/\/se.csbe.qc.ca\/universsocial\/?page_id=2873"},"modified":"2015-01-16T15:57:53","modified_gmt":"2015-01-16T20:57:53","slug":"regles-de-vie-groupe-facebook","status":"publish","type":"page","link":"https:\/\/se.csbe.qc.ca\/universsocial\/regles-de-vie-groupe-facebook\/","title":{"rendered":"Mobilit\u00e9 &#8211; R\u00e8gles de vie &#8211; Groupe Facebook"},"content":{"rendered":"<div class=\"page-restrict-output\"><h2><span style=\"color: #000000;\"><strong>Voici un document de r\u00e8gles de vie pour l&rsquo;utilisation d&rsquo;un groupe Facebook en cadre scolaire.<\/strong><\/span><\/h2>\n<h2><span style=\"color: #000000;\"><strong>Il suffit de l&rsquo;adapter selon vos besoins.<\/strong><\/span><\/h2>\n<h2><span style=\"color: #000000;\"><strong>\u00c0 faire signer par le parent et l&rsquo;\u00e9l\u00e8ve.<\/strong><\/span><\/h2>\n<h2><\/h2>\n<h2><span style=\"text-decoration: underline;\"><span style=\"color: #000000;\"><strong>Cliquer pour t\u00e9l\u00e9charger:<\/strong><\/span><\/span><\/h2>\n<h2><span style=\"color: #0000ff;\"><em><strong><a href=\"https:\/\/se.csbe.qc.ca\/universsocial\/files\/2014\/10\/R\u00e8gles-de-vie-Facebook-Vincent-Lemieux.doc\" target=\"_blank\"><span style=\"color: #0000ff;\">R\u00e8gles de vie &#8211; Facebook (Vincent Lemieux)<\/span><\/a><\/strong><\/em><\/span><\/h2>\n<!-- WP Attachments -->\r\n        <div style=\"width:100%;margin:10px 0 10px 0;\">\r\n            <h3>Attachments<\/h3>\r\n        <ul class=\"post-attachments\"><li class=\"post-attachment mime-application-msword\"><a href=\"https:\/\/se.csbe.qc.ca\/universsocial\/files\/2014\/10\/R\u00e8gles-de-vie-Facebook-Vincent-Lemieux.doc\">R\u00e8gles de vie - Facebook (Vincent Lemieux)<\/a> <small>(55 kB)<\/small><\/li><\/ul><\/div><\/div>","protected":false},"excerpt":{"rendered":"<div class=\"page-restrict-output\"><p>Voici un document de r\u00e8gles de vie pour l&rsquo;utilisation d&rsquo;un groupe Facebook en cadre scolaire. Il suffit de l&rsquo;adapter selon vos besoins. \u00c0 faire signer par le parent et l&rsquo;\u00e9l\u00e8ve. Cliquer pour t\u00e9l\u00e9charger: R\u00e8gles de vie &#8211; Facebook (Vincent Lemieux) Attachments R\u00e8gles de vie &#8211; Facebook (Vincent Lemieux) (55 kB)<\/p>\n<\/div>","protected":false},"author":9,"featured_media":0,"parent":0,"menu_order":0,"comment_status":"open","ping_status":"closed","template":"","meta":{"footnotes":""},"class_list":["post-2873","page","type-page","status-publish","hentry","nodate","item-wrap"],"_links":{"self":[{"href":"https:\/\/se.csbe.qc.ca\/universsocial\/wp-json\/wp\/v2\/pages\/2873","targetHints":{"allow":["GET"]}}],"collection":[{"href":"https:\/\/se.csbe.qc.ca\/universsocial\/wp-json\/wp\/v2\/pages"}],"about":[{"href":"https:\/\/se.csbe.qc.ca\/universsocial\/wp-json\/wp\/v2\/types\/page"}],"author":[{"embeddable":true,"href":"https:\/\/se.csbe.qc.ca\/universsocial\/wp-json\/wp\/v2\/users\/9"}],"replies":[{"embeddable":true,"href":"https:\/\/se.csbe.qc.ca\/universsocial\/wp-json\/wp\/v2\/comments?post=2873"}],"version-history":[{"count":3,"href":"https:\/\/se.csbe.qc.ca\/universsocial\/wp-json\/wp\/v2\/pages\/2873\/revisions"}],"predecessor-version":[{"id":3563,"href":"https:\/\/se.csbe.qc.ca\/universsocial\/wp-json\/wp\/v2\/pages\/2873\/revisions\/3563"}],"wp:attachment":[{"href":"https:\/\/se.csbe.qc.ca\/universsocial\/wp-json\/wp\/v2\/media?parent=2873"}],"curies":[{"name":"wp","href":"https:\/\/api.w.org\/{rel}","templated":true}]}}