{"id":2738,"date":"2014-09-17T13:44:16","date_gmt":"2014-09-17T17:44:16","guid":{"rendered":"https:\/\/se.csbe.qc.ca\/universsocial\/?page_id=2738"},"modified":"2019-11-26T09:11:31","modified_gmt":"2019-11-26T14:11:31","slug":"google-earth-google-maps-en-classe","status":"publish","type":"page","link":"https:\/\/se.csbe.qc.ca\/universsocial\/google-earth-google-maps-en-classe\/","title":{"rendered":"Google Earth &amp; Google Maps en classe"},"content":{"rendered":"<div class=\"page-restrict-output\"><h2><span style=\"color: #000000\"><strong>Voici une tr\u00e8s int\u00e9ressante source d&rsquo;inspiration pour l&rsquo;utilisation de ces outils en classe!<\/strong><\/span><\/h2>\n<h2><\/h2>\n<h2><span style=\"text-decoration: underline\"><span style=\"color: #000000\"><strong>Cliquez pour t\u00e9l\u00e9charger:<\/strong><\/span><\/span><\/h2>\n<h2><span style=\"text-decoration: underline\"><span style=\"color: #000000\"><strong><a href=\"https:\/\/se.csbe.qc.ca\/universsocial\/files\/2014\/09\/Google-Earth-Google-Maps.ppt\">Google Earth + Google Maps<\/a><\/strong><\/span><\/span><\/h2>\n<h2><span style=\"color: #0000ff\"><em><strong>\u00a0<\/strong><\/em><\/span><\/h2>\n<!-- WP Attachments -->\r\n        <div style=\"width:100%;margin:10px 0 10px 0;\">\r\n            <h3>Attachments<\/h3>\r\n        <ul class=\"post-attachments\"><li class=\"post-attachment mime-application-vnd-ms-powerpoint\"><a href=\"https:\/\/se.csbe.qc.ca\/universsocial\/files\/2014\/09\/Google-Earth-+-Google-Maps.ppt\">Google Earth + Google Maps<\/a> <small>(15 MB)<\/small><\/li><li class=\"post-attachment mime-application-vnd-ms-powerpoint\"><a href=\"https:\/\/se.csbe.qc.ca\/universsocial\/files\/2014\/09\/Google-Earth-Google-Maps.ppt\">Google Earth + Google Maps<\/a> <small>(15 MB)<\/small><\/li><\/ul><\/div><\/div>","protected":false},"excerpt":{"rendered":"<div class=\"page-restrict-output\"><p>Voici une tr\u00e8s int\u00e9ressante source d&rsquo;inspiration pour l&rsquo;utilisation de ces outils en classe! Cliquez pour t\u00e9l\u00e9charger: Google Earth + Google Maps \u00a0 Attachments Google Earth + Google Maps (15 MB)Google Earth + Google Maps (15 MB)<\/p>\n<\/div>","protected":false},"author":9,"featured_media":0,"parent":0,"menu_order":0,"comment_status":"closed","ping_status":"open","template":"","meta":{"footnotes":""},"class_list":["post-2738","page","type-page","status-publish","hentry","nodate","item-wrap"],"_links":{"self":[{"href":"https:\/\/se.csbe.qc.ca\/universsocial\/wp-json\/wp\/v2\/pages\/2738","targetHints":{"allow":["GET"]}}],"collection":[{"href":"https:\/\/se.csbe.qc.ca\/universsocial\/wp-json\/wp\/v2\/pages"}],"about":[{"href":"https:\/\/se.csbe.qc.ca\/universsocial\/wp-json\/wp\/v2\/types\/page"}],"author":[{"embeddable":true,"href":"https:\/\/se.csbe.qc.ca\/universsocial\/wp-json\/wp\/v2\/users\/9"}],"replies":[{"embeddable":true,"href":"https:\/\/se.csbe.qc.ca\/universsocial\/wp-json\/wp\/v2\/comments?post=2738"}],"version-history":[{"count":4,"href":"https:\/\/se.csbe.qc.ca\/universsocial\/wp-json\/wp\/v2\/pages\/2738\/revisions"}],"predecessor-version":[{"id":6904,"href":"https:\/\/se.csbe.qc.ca\/universsocial\/wp-json\/wp\/v2\/pages\/2738\/revisions\/6904"}],"wp:attachment":[{"href":"https:\/\/se.csbe.qc.ca\/universsocial\/wp-json\/wp\/v2\/media?parent=2738"}],"curies":[{"name":"wp","href":"https:\/\/api.w.org\/{rel}","templated":true}]}}