{"id":2567,"date":"2014-08-28T09:02:18","date_gmt":"2014-08-28T13:02:18","guid":{"rendered":"https:\/\/se.csbe.qc.ca\/universsocial\/?page_id=2567"},"modified":"2015-08-24T13:56:02","modified_gmt":"2015-08-24T17:56:02","slug":"planification-globale-csbe-1er-cycle","status":"publish","type":"page","link":"https:\/\/se.csbe.qc.ca\/universsocial\/planification-globale-csbe-1er-cycle\/","title":{"rendered":"Planification globale CSBE (1er cycle)"},"content":{"rendered":"<div class=\"page-restrict-output\"><h2><span style=\"color: #000000;\"><strong>Voici le canevas vierge de la planification globale en histoire au 1er cycle que j&rsquo;ai mis sur pied pour vous.<\/strong><\/span><\/h2>\n<h2><\/h2>\n<h2><span style=\"color: #000000;\"><strong>J&rsquo;y joins un exemple compl\u00e9t\u00e9 pour 3e secondaire, \u00e0 titre d&rsquo;inspiration seulement!<\/strong><\/span><\/h2>\n<h2><\/h2>\n<h2><\/h2>\n<h2><span style=\"text-decoration: underline;\"><span style=\"color: #000000; text-decoration: underline;\"><strong>Cliquer sur chaque document pour le t\u00e9l\u00e9charger:<\/strong><\/span><\/span><\/h2>\n<h2><span style=\"color: #0000ff;\"><em><strong><a href=\"https:\/\/se.csbe.qc.ca\/universsocial\/files\/2014\/08\/CSBE_Planif_globale_HIST1_11X17.doc\" target=\"_blank\"><span style=\"color: #0000ff;\">CSBE_Planif_globale_HIST1_11X17<\/span><\/a><\/strong><\/em><\/span><\/h2>\n<h2><span style=\"color: #0000ff;\"><em><strong><a href=\"https:\/\/se.csbe.qc.ca\/universsocial\/files\/2014\/08\/CSBE_Planif_globale_HIST2_11X17.doc\" target=\"_blank\"><span style=\"color: #0000ff;\">CSBE_Planif_globale_HIST2_11X17<\/span><\/a><\/strong><\/em><\/span><\/h2>\n<h2><span style=\"color: #0000ff;\"><em><strong><a href=\"https:\/\/se.csbe.qc.ca\/universsocial\/files\/2014\/08\/CSBE_Planif_globale_HIST3_11X17-Complet1.doc\" target=\"_blank\"><span style=\"color: #0000ff;\">CSBE_Planif_globale_HIST3_11X17 &#8211; Complet<\/span><\/a><\/strong><\/em><\/span><\/h2>\n<!-- WP Attachments -->\r\n        <div style=\"width:100%;margin:10px 0 10px 0;\">\r\n            <h3>Attachments<\/h3>\r\n        <ul class=\"post-attachments\"><li class=\"post-attachment mime-application-msword\"><a href=\"https:\/\/se.csbe.qc.ca\/universsocial\/files\/2014\/08\/CSBE_Planif_globale_HIST1_11X17.doc\">CSBE_Planif_globale_HIST1_11X17<\/a> <small>(2 MB)<\/small><\/li><li class=\"post-attachment mime-application-msword\"><a href=\"https:\/\/se.csbe.qc.ca\/universsocial\/files\/2014\/08\/CSBE_Planif_globale_HIST2_11X17.doc\">CSBE_Planif_globale_HIST2_11X17<\/a> <small>(3 MB)<\/small><\/li><li class=\"post-attachment mime-application-msword\"><a href=\"https:\/\/se.csbe.qc.ca\/universsocial\/files\/2014\/08\/CSBE_Planif_globale_HIST3_11X17-Complet1.doc\">CSBE_Planif_globale_HIST3_11X17 - Complet<\/a> <small>(3 MB)<\/small><\/li><\/ul><\/div><\/div>","protected":false},"excerpt":{"rendered":"<div class=\"page-restrict-output\"><p>Voici le canevas vierge de la planification globale en histoire au 1er cycle que j&rsquo;ai mis sur pied pour vous. J&rsquo;y joins un exemple compl\u00e9t\u00e9 pour 3e secondaire, \u00e0 titre d&rsquo;inspiration seulement! Cliquer sur chaque document pour le t\u00e9l\u00e9charger: CSBE_Planif_globale_HIST1_11X17 CSBE_Planif_globale_HIST2_11X17 CSBE_Planif_globale_HIST3_11X17 &#8211; Complet Attachments CSBE_Planif_globale_HIST1_11X17 (2 MB)CSBE_Planif_globale_HIST2_11X17 (3 MB)CSBE_Planif_globale_HIST3_11X17 &#8211; Complet (3 MB)<\/p>\n<\/div>","protected":false},"author":9,"featured_media":0,"parent":0,"menu_order":0,"comment_status":"open","ping_status":"open","template":"","meta":{"footnotes":""},"class_list":["post-2567","page","type-page","status-publish","hentry","nodate","item-wrap"],"_links":{"self":[{"href":"https:\/\/se.csbe.qc.ca\/universsocial\/wp-json\/wp\/v2\/pages\/2567","targetHints":{"allow":["GET"]}}],"collection":[{"href":"https:\/\/se.csbe.qc.ca\/universsocial\/wp-json\/wp\/v2\/pages"}],"about":[{"href":"https:\/\/se.csbe.qc.ca\/universsocial\/wp-json\/wp\/v2\/types\/page"}],"author":[{"embeddable":true,"href":"https:\/\/se.csbe.qc.ca\/universsocial\/wp-json\/wp\/v2\/users\/9"}],"replies":[{"embeddable":true,"href":"https:\/\/se.csbe.qc.ca\/universsocial\/wp-json\/wp\/v2\/comments?post=2567"}],"version-history":[{"count":4,"href":"https:\/\/se.csbe.qc.ca\/universsocial\/wp-json\/wp\/v2\/pages\/2567\/revisions"}],"predecessor-version":[{"id":3918,"href":"https:\/\/se.csbe.qc.ca\/universsocial\/wp-json\/wp\/v2\/pages\/2567\/revisions\/3918"}],"wp:attachment":[{"href":"https:\/\/se.csbe.qc.ca\/universsocial\/wp-json\/wp\/v2\/media?parent=2567"}],"curies":[{"name":"wp","href":"https:\/\/api.w.org\/{rel}","templated":true}]}}