{"id":2512,"date":"2014-05-09T14:49:39","date_gmt":"2014-05-09T18:49:39","guid":{"rendered":"https:\/\/se.csbe.qc.ca\/universsocial\/?page_id=2512"},"modified":"2014-10-20T10:13:02","modified_gmt":"2014-10-20T14:13:02","slug":"dossiers-documentaires-1er-cycle","status":"publish","type":"page","link":"https:\/\/se.csbe.qc.ca\/universsocial\/dossiers-documentaires-1er-cycle\/","title":{"rendered":"Dossiers documentaires (Sec.2)"},"content":{"rendered":"<div class=\"page-restrict-output\"><h2><span style=\"color: #000000;\"><strong>Voici une s\u00e9rie de dossiers documentaires \u00e9labor\u00e9s par M. Mario L\u00e9tourneau, Mme Johanne Rodrigue et Mme M\u00e9lissa Lecours.<\/strong><\/span><\/h2>\n<h2><span style=\"color: #000000;\"><strong>\u00a0<\/strong><\/span><\/h2>\n<h2><span style=\"text-decoration: underline;\"><span style=\"color: #000000; text-decoration: underline;\"><strong>Pour y acc\u00e9der, cliquer sur chacun des liens ci-dessous:<\/strong><\/span><\/span><\/h2>\n<h2><span style=\"color: #0000ff;\"><em><strong><a href=\"https:\/\/se.csbe.qc.ca\/universsocial\/files\/2014\/05\/7-Renouvellement_vision_homme.docx\" target=\"_blank\"><span style=\"color: #0000ff;\">7- Renouvellement_vision_homme<\/span><\/a><\/strong><\/em><\/span><\/h2>\n<h2><span style=\"color: #0000ff;\"><em><strong><a href=\"https:\/\/se.csbe.qc.ca\/universsocial\/files\/2014\/05\/8-Expansion_europeenne_monde.docx\" target=\"_blank\"><span style=\"color: #0000ff;\">8- Expansion_europeenne_monde<\/span><\/a><\/strong><\/em><\/span><\/h2>\n<h2><span style=\"color: #0000ff;\"><em><strong><a href=\"https:\/\/se.csbe.qc.ca\/universsocial\/files\/2014\/05\/9-Revolutions_Americaine_ou_Francaise.docx\" target=\"_blank\"><span style=\"color: #0000ff;\">9- Revolutions_Americaine_ou_Francaise<\/span><\/a><\/strong><\/em><\/span><\/h2>\n<h2><span style=\"color: #0000ff;\"><em><strong><a href=\"https:\/\/se.csbe.qc.ca\/universsocial\/files\/2014\/05\/10-Industrialisation.docx\" target=\"_blank\"><span style=\"color: #0000ff;\">10- Industrialisation<\/span><\/a><\/strong><\/em><\/span><\/h2>\n<h2><span style=\"color: #0000ff;\"><em><strong><a href=\"https:\/\/se.csbe.qc.ca\/universsocial\/files\/2014\/05\/11-Expansion_monde_Industriel.docx\" target=\"_blank\"><span style=\"color: #0000ff;\">11- Expansion_monde_Industriel<\/span><\/a><\/strong><\/em><\/span><\/h2>\n<h2><span style=\"color: #0000ff;\"><em><strong><a href=\"https:\/\/se.csbe.qc.ca\/universsocial\/files\/2014\/05\/12-Reconnaissance_libertes_droits_civils.docx\" target=\"_blank\"><span style=\"color: #0000ff;\">12- Reconnaissance_libertes_droits_civils<\/span><\/a><\/strong><\/em><\/span><\/h2>\n<p>&nbsp;<\/p>\n<p>&nbsp;<\/p>\n<!-- WP Attachments -->\r\n        <div style=\"width:100%;margin:10px 0 10px 0;\">\r\n            <h3>Attachments<\/h3>\r\n        <ul class=\"post-attachments\"><li class=\"post-attachment mime-application-vnd-openxmlformats-officedocument-wordprocessingml-document\"><a href=\"https:\/\/se.csbe.qc.ca\/universsocial\/files\/2014\/05\/Revolution_industrielle.docx\">R\u00e9volution industrielle<\/a> <small>(4 MB)<\/small><\/li><li class=\"post-attachment mime-application-vnd-openxmlformats-officedocument-wordprocessingml-document\"><a href=\"https:\/\/se.csbe.qc.ca\/universsocial\/files\/2014\/05\/Revolutions_americaine_fran\u00e7aise.docx\">R\u00e9volutions am\u00e9ricaine ou fran\u00e7aise<\/a> <small>(3 MB)<\/small><\/li><li class=\"post-attachment mime-application-vnd-openxmlformats-officedocument-wordprocessingml-document\"><a href=\"https:\/\/se.csbe.qc.ca\/universsocial\/files\/2014\/05\/Revolution_industrielle1.docx\">R\u00e9volution industrielle<\/a> <small>(4 MB)<\/small><\/li><li class=\"post-attachment mime-application-vnd-openxmlformats-officedocument-wordprocessingml-document\"><a href=\"https:\/\/se.csbe.qc.ca\/universsocial\/files\/2014\/05\/Expansion_monde_industriel.docx\">Expansion du monde industriel<\/a> <small>(8 MB)<\/small><\/li><li class=\"post-attachment mime-application-vnd-openxmlformats-officedocument-wordprocessingml-document\"><a href=\"https:\/\/se.csbe.qc.ca\/universsocial\/files\/2014\/05\/Revolution_industrielle2.docx\">R\u00e9volution industrielle<\/a> <small>(4 MB)<\/small><\/li><li class=\"post-attachment mime-application-vnd-openxmlformats-officedocument-wordprocessingml-document\"><a href=\"https:\/\/se.csbe.qc.ca\/universsocial\/files\/2014\/05\/Renouvel_vision_homme.docx\">Le renouvellement de la vision de l'homme<\/a> <small>(6 MB)<\/small><\/li><li class=\"post-attachment mime-application-vnd-openxmlformats-officedocument-wordprocessingml-document\"><a href=\"https:\/\/se.csbe.qc.ca\/universsocial\/files\/2014\/05\/Droits_libertes.docx\">La reconnaissance des droits et libert\u00e9s<\/a> <small>(4 MB)<\/small><\/li><li class=\"post-attachment mime-application-vnd-openxmlformats-officedocument-wordprocessingml-document\"><a href=\"https:\/\/se.csbe.qc.ca\/universsocial\/files\/2014\/05\/Expansion_europenne_monde.docx\">L'expansion europ\u00e9enne dans le monde<\/a> <small>(11 MB)<\/small><\/li><li class=\"post-attachment mime-application-vnd-openxmlformats-officedocument-wordprocessingml-document\"><a href=\"https:\/\/se.csbe.qc.ca\/universsocial\/files\/2014\/05\/7-Le-Renouvellement-De-La-Vision-De-lHomme.docx\">7- Le Renouvellement De La Vision De l'Homme<\/a> <small>(6 MB)<\/small><\/li><li class=\"post-attachment mime-application-vnd-openxmlformats-officedocument-wordprocessingml-document\"><a href=\"https:\/\/se.csbe.qc.ca\/universsocial\/files\/2014\/05\/8-LExpansion-Europ\u00e9enne-Dans-Le-Monde.docx\">8- L'Expansion Europ\u00e9enne Dans Le Monde<\/a> <small>(9 MB)<\/small><\/li><li class=\"post-attachment mime-application-vnd-openxmlformats-officedocument-wordprocessingml-document\"><a href=\"https:\/\/se.csbe.qc.ca\/universsocial\/files\/2014\/05\/9-Les-R\u00e9volutions-Am\u00e9ricaine-Ou-Fran\u00e7aise.docx\">9- Les R\u00e9volutions Am\u00e9ricaine Ou Fran\u00e7aise<\/a> <small>(4 MB)<\/small><\/li><li class=\"post-attachment mime-application-vnd-openxmlformats-officedocument-wordprocessingml-document\"><a href=\"https:\/\/se.csbe.qc.ca\/universsocial\/files\/2014\/05\/10-LIndustrialisation.docx\">10- L'Industrialisation<\/a> <small>(4 MB)<\/small><\/li><li class=\"post-attachment mime-application-vnd-openxmlformats-officedocument-wordprocessingml-document\"><a href=\"https:\/\/se.csbe.qc.ca\/universsocial\/files\/2014\/05\/11-LExpansion-Du-Monde-Industriel.docx\">11- L'Expansion Du Monde Industriel<\/a> <small>(4 MB)<\/small><\/li><li class=\"post-attachment mime-application-vnd-openxmlformats-officedocument-wordprocessingml-document\"><a href=\"https:\/\/se.csbe.qc.ca\/universsocial\/files\/2014\/05\/12-La-Reconnaissance-Des-Libert\u00e9s-Et-Des-Droits-Civils.docx\">12- La Reconnaissance Des Libert\u00e9s Et Des Droits Civils<\/a> <small>(3 MB)<\/small><\/li><li class=\"post-attachment mime-application-vnd-openxmlformats-officedocument-wordprocessingml-document\"><a href=\"https:\/\/se.csbe.qc.ca\/universsocial\/files\/2014\/05\/7-Renouvellement_vision_homme.docx\">7- Renouvellement_vision_homme<\/a> <small>(6 MB)<\/small><\/li><li class=\"post-attachment mime-application-vnd-openxmlformats-officedocument-wordprocessingml-document\"><a href=\"https:\/\/se.csbe.qc.ca\/universsocial\/files\/2014\/05\/8-Expansion_europeenne_monde.docx\">8- Expansion_europeenne_monde<\/a> <small>(9 MB)<\/small><\/li><li class=\"post-attachment mime-application-vnd-openxmlformats-officedocument-wordprocessingml-document\"><a href=\"https:\/\/se.csbe.qc.ca\/universsocial\/files\/2014\/05\/9-Revolutions_Americaine_ou_Francaise.docx\">9- Revolutions_Americaine_ou_Francaise<\/a> <small>(3 MB)<\/small><\/li><li class=\"post-attachment mime-application-vnd-openxmlformats-officedocument-wordprocessingml-document\"><a href=\"https:\/\/se.csbe.qc.ca\/universsocial\/files\/2014\/05\/10-Industrialisation.docx\">10- Industrialisation<\/a> <small>(4 MB)<\/small><\/li><li class=\"post-attachment mime-application-vnd-openxmlformats-officedocument-wordprocessingml-document\"><a href=\"https:\/\/se.csbe.qc.ca\/universsocial\/files\/2014\/05\/11-Expansion_monde_Industriel.docx\">11- Expansion_monde_Industriel<\/a> <small>(4 MB)<\/small><\/li><li class=\"post-attachment mime-application-vnd-openxmlformats-officedocument-wordprocessingml-document\"><a href=\"https:\/\/se.csbe.qc.ca\/universsocial\/files\/2014\/05\/12-Reconnaissance_libertes_droits_civils.docx\">12- Reconnaissance_libertes_droits_civils<\/a> <small>(3 MB)<\/small><\/li><\/ul><\/div><\/div>","protected":false},"excerpt":{"rendered":"<div class=\"page-restrict-output\"><p>Voici une s\u00e9rie de dossiers documentaires \u00e9labor\u00e9s par M. Mario L\u00e9tourneau, Mme Johanne Rodrigue et Mme M\u00e9lissa Lecours. \u00a0 Pour y acc\u00e9der, cliquer sur chacun des liens ci-dessous: 7- Renouvellement_vision_homme 8- Expansion_europeenne_monde 9- Revolutions_Americaine_ou_Francaise 10- Industrialisation 11- Expansion_monde_Industriel 12- Reconnaissance_libertes_droits_civils &nbsp; &nbsp; Attachments R\u00e9volution industrielle (4 MB)R\u00e9volutions am\u00e9ricaine ou fran\u00e7aise (3 MB)R\u00e9volution industrielle (4 MB)Expansion &hellip; <\/p>\n<p><a class=\"more-link btn\" href=\"https:\/\/se.csbe.qc.ca\/universsocial\/dossiers-documentaires-1er-cycle\/\">Lire la suite<\/a><\/p>\n<\/div>","protected":false},"author":9,"featured_media":0,"parent":0,"menu_order":0,"comment_status":"open","ping_status":"open","template":"","meta":{"footnotes":""},"class_list":["post-2512","page","type-page","status-publish","hentry","nodate","item-wrap"],"_links":{"self":[{"href":"https:\/\/se.csbe.qc.ca\/universsocial\/wp-json\/wp\/v2\/pages\/2512","targetHints":{"allow":["GET"]}}],"collection":[{"href":"https:\/\/se.csbe.qc.ca\/universsocial\/wp-json\/wp\/v2\/pages"}],"about":[{"href":"https:\/\/se.csbe.qc.ca\/universsocial\/wp-json\/wp\/v2\/types\/page"}],"author":[{"embeddable":true,"href":"https:\/\/se.csbe.qc.ca\/universsocial\/wp-json\/wp\/v2\/users\/9"}],"replies":[{"embeddable":true,"href":"https:\/\/se.csbe.qc.ca\/universsocial\/wp-json\/wp\/v2\/comments?post=2512"}],"version-history":[{"count":8,"href":"https:\/\/se.csbe.qc.ca\/universsocial\/wp-json\/wp\/v2\/pages\/2512\/revisions"}],"predecessor-version":[{"id":2925,"href":"https:\/\/se.csbe.qc.ca\/universsocial\/wp-json\/wp\/v2\/pages\/2512\/revisions\/2925"}],"wp:attachment":[{"href":"https:\/\/se.csbe.qc.ca\/universsocial\/wp-json\/wp\/v2\/media?parent=2512"}],"curies":[{"name":"wp","href":"https:\/\/api.w.org\/{rel}","templated":true}]}}