{"id":2399,"date":"2014-02-18T09:06:39","date_gmt":"2014-02-18T14:06:39","guid":{"rendered":"https:\/\/se.csbe.qc.ca\/universsocial\/?page_id=2399"},"modified":"2014-02-18T09:06:39","modified_gmt":"2014-02-18T14:06:39","slug":"faits-saillants-retour-sur-juin-2013","status":"publish","type":"page","link":"https:\/\/se.csbe.qc.ca\/universsocial\/faits-saillants-retour-sur-juin-2013\/","title":{"rendered":"Faits saillants &#8211; Retour sur Juin 2013"},"content":{"rendered":"<div class=\"page-restrict-output\"><h2><span style=\"color: #000000;\"><strong>Ce document pr\u00e9sente plusieurs constats et pistes de travail pour les enseignants de Sec.4. Il a \u00e9t\u00e9 \u00e9labor\u00e9 \u00e0 partir de l&rsquo;analyse d&rsquo;\u00e9preuves de Juin 2013.<\/strong><\/span><\/h2>\n<h2><\/h2>\n<h2><span style=\"color: #0000ff;\"><em><strong><a href=\"https:\/\/se.csbe.qc.ca\/universsocial\/files\/2014\/02\/Faits-Saillants-Juin-2013.pdf\" target=\"_blank\"><span style=\"color: #0000ff;\">Faits Saillants &#8211; Juin 2013<\/span><\/a><\/strong><\/em><\/span><\/h2>\n<!-- WP Attachments -->\r\n        <div style=\"width:100%;margin:10px 0 10px 0;\">\r\n            <h3>Attachments<\/h3>\r\n        <ul class=\"post-attachments\"><li class=\"post-attachment mime-application-pdf\"><a href=\"https:\/\/se.csbe.qc.ca\/universsocial\/files\/2014\/02\/Faits-Saillants-Juin-2013.pdf\">Faits Saillants - Juin 2013<\/a> <small>(694 kB)<\/small><\/li><\/ul><\/div><\/div>","protected":false},"excerpt":{"rendered":"<div class=\"page-restrict-output\"><p>Ce document pr\u00e9sente plusieurs constats et pistes de travail pour les enseignants de Sec.4. Il a \u00e9t\u00e9 \u00e9labor\u00e9 \u00e0 partir de l&rsquo;analyse d&rsquo;\u00e9preuves de Juin 2013. Faits Saillants &#8211; Juin 2013 Attachments Faits Saillants &#8211; Juin 2013 (694 kB)<\/p>\n<\/div>","protected":false},"author":9,"featured_media":0,"parent":0,"menu_order":0,"comment_status":"open","ping_status":"open","template":"","meta":{"footnotes":""},"class_list":["post-2399","page","type-page","status-publish","hentry","nodate","item-wrap"],"_links":{"self":[{"href":"https:\/\/se.csbe.qc.ca\/universsocial\/wp-json\/wp\/v2\/pages\/2399","targetHints":{"allow":["GET"]}}],"collection":[{"href":"https:\/\/se.csbe.qc.ca\/universsocial\/wp-json\/wp\/v2\/pages"}],"about":[{"href":"https:\/\/se.csbe.qc.ca\/universsocial\/wp-json\/wp\/v2\/types\/page"}],"author":[{"embeddable":true,"href":"https:\/\/se.csbe.qc.ca\/universsocial\/wp-json\/wp\/v2\/users\/9"}],"replies":[{"embeddable":true,"href":"https:\/\/se.csbe.qc.ca\/universsocial\/wp-json\/wp\/v2\/comments?post=2399"}],"version-history":[{"count":1,"href":"https:\/\/se.csbe.qc.ca\/universsocial\/wp-json\/wp\/v2\/pages\/2399\/revisions"}],"predecessor-version":[{"id":2401,"href":"https:\/\/se.csbe.qc.ca\/universsocial\/wp-json\/wp\/v2\/pages\/2399\/revisions\/2401"}],"wp:attachment":[{"href":"https:\/\/se.csbe.qc.ca\/universsocial\/wp-json\/wp\/v2\/media?parent=2399"}],"curies":[{"name":"wp","href":"https:\/\/api.w.org\/{rel}","templated":true}]}}