{"id":22,"date":"2012-10-05T15:04:34","date_gmt":"2012-10-05T14:04:34","guid":{"rendered":"https:\/\/se.csbe.qc.ca\/universsocial\/?page_id=22"},"modified":"2013-01-14T08:58:06","modified_gmt":"2013-01-14T13:58:06","slug":"camp-de-concentration","status":"publish","type":"page","link":"https:\/\/se.csbe.qc.ca\/universsocial\/camp-de-concentration\/","title":{"rendered":"Une dame de St-Georges dans un camp de concentration!!!"},"content":{"rendered":"<div class=\"page-restrict-output\"><h2 style=\"text-align: left;\"><span style=\"color: #000000;\">Voici un article tr\u00e8s int\u00e9ressant sur une dame demeurant \u00e0 St-Georges\u00a0<\/span><span style=\"color: #000000;\">et ayant v\u00e9cu l&rsquo;horreur des camps de concentration durant la Seconde guerre mondiale.<\/span><\/h2>\n<h2><span style=\"color: #000000;\">\u00a0<a href=\"https:\/\/se.csbe.qc.ca\/universsocial\/files\/2012\/10\/Camp-de-concentration-75-meg.png\" target=\"_blank\"><img loading=\"lazy\" decoding=\"async\" class=\"alignnone size-full wp-image-18\" alt=\"Camp de concentration (7,5 meg)\" src=\"https:\/\/se.csbe.qc.ca\/universsocial\/files\/2012\/10\/Camp-de-concentration-75-meg.png\" width=\"1508\" height=\"1733\" srcset=\"https:\/\/se.csbe.qc.ca\/universsocial\/files\/2012\/10\/Camp-de-concentration-75-meg.png 1508w, https:\/\/se.csbe.qc.ca\/universsocial\/files\/2012\/10\/Camp-de-concentration-75-meg-261x300.png 261w, https:\/\/se.csbe.qc.ca\/universsocial\/files\/2012\/10\/Camp-de-concentration-75-meg-891x1024.png 891w\" sizes=\"auto, (max-width: 1508px) 100vw, 1508px\" \/><\/a><\/span><\/h2>\n<h2><\/h2>\n<h2><\/h2>\n<h2><\/h2>\n<h2><span style=\"color: #000000;\"><br \/>\n<\/span><\/h2>\n<p>&nbsp;<\/p>\n<\/div>","protected":false},"excerpt":{"rendered":"<div class=\"page-restrict-output\"><p>Voici un article tr\u00e8s int\u00e9ressant sur une dame demeurant \u00e0 St-Georges\u00a0et ayant v\u00e9cu l&rsquo;horreur des camps de concentration durant la Seconde guerre mondiale. \u00a0 &nbsp;<\/p>\n<\/div>","protected":false},"author":9,"featured_media":0,"parent":0,"menu_order":0,"comment_status":"open","ping_status":"closed","template":"","meta":{"footnotes":""},"class_list":["post-22","page","type-page","status-publish","hentry","nodate","item-wrap"],"_links":{"self":[{"href":"https:\/\/se.csbe.qc.ca\/universsocial\/wp-json\/wp\/v2\/pages\/22","targetHints":{"allow":["GET"]}}],"collection":[{"href":"https:\/\/se.csbe.qc.ca\/universsocial\/wp-json\/wp\/v2\/pages"}],"about":[{"href":"https:\/\/se.csbe.qc.ca\/universsocial\/wp-json\/wp\/v2\/types\/page"}],"author":[{"embeddable":true,"href":"https:\/\/se.csbe.qc.ca\/universsocial\/wp-json\/wp\/v2\/users\/9"}],"replies":[{"embeddable":true,"href":"https:\/\/se.csbe.qc.ca\/universsocial\/wp-json\/wp\/v2\/comments?post=22"}],"version-history":[{"count":11,"href":"https:\/\/se.csbe.qc.ca\/universsocial\/wp-json\/wp\/v2\/pages\/22\/revisions"}],"predecessor-version":[{"id":1243,"href":"https:\/\/se.csbe.qc.ca\/universsocial\/wp-json\/wp\/v2\/pages\/22\/revisions\/1243"}],"wp:attachment":[{"href":"https:\/\/se.csbe.qc.ca\/universsocial\/wp-json\/wp\/v2\/media?parent=22"}],"curies":[{"name":"wp","href":"https:\/\/api.w.org\/{rel}","templated":true}]}}