{"id":2174,"date":"2013-10-31T14:09:04","date_gmt":"2013-10-31T18:09:04","guid":{"rendered":"https:\/\/se.csbe.qc.ca\/universsocial\/?page_id=2174"},"modified":"2013-10-31T14:09:04","modified_gmt":"2013-10-31T18:09:04","slug":"banque-de-videos-et-de-ressources-en-ligne-monde-contemporain","status":"publish","type":"page","link":"https:\/\/se.csbe.qc.ca\/universsocial\/banque-de-videos-et-de-ressources-en-ligne-monde-contemporain\/","title":{"rendered":"Banque de vid\u00e9os et de ressources en ligne (Monde contemporain)"},"content":{"rendered":"<div class=\"page-restrict-output\"><h2><span style=\"color: #000000;\"><strong>Voici une liste tr\u00e8s \u00e9labor\u00e9e de liens internet vers des vid\u00e9os ou des ressources en ligne pour le cours de Monde contemporain.<\/strong><\/span><\/h2>\n<h2><\/h2>\n<h2><span style=\"color: #000000;\"><strong>Cette liste est divis\u00e9e par module, alors c&rsquo;est tr\u00e8s simple et efficace de s&rsquo;y retrouver!<\/strong><\/span><\/h2>\n<h2><\/h2>\n<h2><span style=\"color: #000000;\"><strong>Un grand merci \u00e0 la commission scolaire du Lac-Saint-Jean pour ce partage!<\/strong><\/span><\/h2>\n<h2><\/h2>\n<h2><span style=\"text-decoration: underline;\"><span style=\"color: #000000;\"><strong>Pour t\u00e9l\u00e9charger le document, cliquer sur le lien ci-dessous:<\/strong><\/span><\/span><\/h2>\n<h3><span style=\"color: #0000ff;\"><em><strong><a href=\"https:\/\/se.csbe.qc.ca\/universsocial\/files\/2013\/10\/Liens-internet-Monde-contemporain-CS-Lac-St-Jean.docx\"><span style=\"color: #0000ff;\">Liens internet &#8211; Monde contemporain (CS Lac-St-Jean)<\/span><\/a><\/strong><\/em><\/span><\/h3>\n<!-- WP Attachments -->\r\n        <div style=\"width:100%;margin:10px 0 10px 0;\">\r\n            <h3>Attachments<\/h3>\r\n        <ul class=\"post-attachments\"><li class=\"post-attachment mime-application-vnd-openxmlformats-officedocument-wordprocessingml-document\"><a href=\"https:\/\/se.csbe.qc.ca\/universsocial\/files\/2013\/10\/Liens-internet-Monde-contemporain-CS-Lac-St-Jean.docx\">Liens internet - Monde contemporain (CS Lac-St-Jean)<\/a> <small>(24 kB)<\/small><\/li><\/ul><\/div><\/div>","protected":false},"excerpt":{"rendered":"<div class=\"page-restrict-output\"><p>Voici une liste tr\u00e8s \u00e9labor\u00e9e de liens internet vers des vid\u00e9os ou des ressources en ligne pour le cours de Monde contemporain. Cette liste est divis\u00e9e par module, alors c&rsquo;est tr\u00e8s simple et efficace de s&rsquo;y retrouver! Un grand merci \u00e0 la commission scolaire du Lac-Saint-Jean pour ce partage! Pour t\u00e9l\u00e9charger le document, cliquer sur &hellip; <\/p>\n<p><a class=\"more-link btn\" href=\"https:\/\/se.csbe.qc.ca\/universsocial\/banque-de-videos-et-de-ressources-en-ligne-monde-contemporain\/\">Lire la suite<\/a><\/p>\n<\/div>","protected":false},"author":9,"featured_media":0,"parent":0,"menu_order":0,"comment_status":"open","ping_status":"open","template":"","meta":{"footnotes":""},"class_list":["post-2174","page","type-page","status-publish","hentry","nodate","item-wrap"],"_links":{"self":[{"href":"https:\/\/se.csbe.qc.ca\/universsocial\/wp-json\/wp\/v2\/pages\/2174","targetHints":{"allow":["GET"]}}],"collection":[{"href":"https:\/\/se.csbe.qc.ca\/universsocial\/wp-json\/wp\/v2\/pages"}],"about":[{"href":"https:\/\/se.csbe.qc.ca\/universsocial\/wp-json\/wp\/v2\/types\/page"}],"author":[{"embeddable":true,"href":"https:\/\/se.csbe.qc.ca\/universsocial\/wp-json\/wp\/v2\/users\/9"}],"replies":[{"embeddable":true,"href":"https:\/\/se.csbe.qc.ca\/universsocial\/wp-json\/wp\/v2\/comments?post=2174"}],"version-history":[{"count":1,"href":"https:\/\/se.csbe.qc.ca\/universsocial\/wp-json\/wp\/v2\/pages\/2174\/revisions"}],"predecessor-version":[{"id":2176,"href":"https:\/\/se.csbe.qc.ca\/universsocial\/wp-json\/wp\/v2\/pages\/2174\/revisions\/2176"}],"wp:attachment":[{"href":"https:\/\/se.csbe.qc.ca\/universsocial\/wp-json\/wp\/v2\/media?parent=2174"}],"curies":[{"name":"wp","href":"https:\/\/api.w.org\/{rel}","templated":true}]}}