{"id":1913,"date":"2013-08-27T12:39:18","date_gmt":"2013-08-27T16:39:18","guid":{"rendered":"https:\/\/se.csbe.qc.ca\/universsocial\/?page_id=1913"},"modified":"2013-08-27T12:39:18","modified_gmt":"2013-08-27T16:39:18","slug":"dossiers-documentaires-sec-3","status":"publish","type":"page","link":"https:\/\/se.csbe.qc.ca\/universsocial\/dossiers-documentaires-sec-3\/","title":{"rendered":"Dossiers documentaires (Sec.3)"},"content":{"rendered":"<div class=\"page-restrict-output\"><h2><span style=\"color: #000000;\"><strong>Voici les banques de dossiers documentaires qui ont \u00e9t\u00e9 \u00e9labor\u00e9es pour les enseignants de Sec.3.<\/strong><\/span><\/h2>\n<h2><\/h2>\n<h2><span style=\"color: #000000;\"><strong>Elles contiennent, pour chaque module, les types de documents suivants:<\/strong><\/span><\/h2>\n<ul>\n<li>\n<h2><span style=\"color: #000000;\"><strong><em><span style=\"line-height: 12px;\">Cartes<\/span><\/em><\/strong><\/span><\/h2>\n<\/li>\n<li>\n<h2><span style=\"color: #000000;\"><strong><em>Textes<\/em><\/strong><\/span><\/h2>\n<\/li>\n<li>\n<h2><span style=\"color: #000000;\"><strong><em>Images<\/em><\/strong><\/span><\/h2>\n<\/li>\n<li>\n<h2><span style=\"color: #000000;\"><strong><em>Graphiques<\/em><\/strong><\/span><\/h2>\n<\/li>\n<li>\n<h2><span style=\"color: #000000;\"><strong><em>Tableaux<\/em><\/strong><\/span><\/h2>\n<\/li>\n<\/ul>\n<h2><\/h2>\n<h2><span style=\"color: #000000;\"><strong>Un bel outil servant \u00e0 cr\u00e9er des activit\u00e9s, des exercices, des examens et autres!<\/strong><\/span><\/h2>\n<p>&nbsp;<\/p>\n<p>&nbsp;<\/p>\n<h2><span style=\"text-decoration: underline;\"><strong><span style=\"color: #000000; text-decoration: underline;\">Pour t\u00e9l\u00e9charger chacun des dossiers documentaires, cliquer sur les liens ci-dessous:<\/span><\/strong><\/span><\/h2>\n<h2><em><a href=\"https:\/\/se.csbe.qc.ca\/universsocial\/files\/2013\/08\/1-Premiers-occupants.docx\">1- Premiers occupants<\/a><\/em><\/h2>\n<h2><em><a href=\"https:\/\/se.csbe.qc.ca\/universsocial\/files\/2013\/08\/2-Nouvelle-France.docx\">2- Nouvelle-France<\/a><\/em><\/h2>\n<h2><em><a href=\"https:\/\/se.csbe.qc.ca\/universsocial\/files\/2013\/08\/3-Changement-dempire.docx\">3- Changement d&#8217;empire<\/a><\/em><\/h2>\n<h2><em><a href=\"https:\/\/se.csbe.qc.ca\/universsocial\/files\/2013\/08\/4-Revendications.docx\">4- Revendications<\/a><\/em><\/h2>\n<h2><em><a href=\"https:\/\/se.csbe.qc.ca\/universsocial\/files\/2013\/08\/5-Federation.docx\">5- Federation<\/a><\/em><\/h2>\n<h2><em><a href=\"https:\/\/se.csbe.qc.ca\/universsocial\/files\/2013\/08\/6-Modernisation.docx\">6- Modernisation<\/a><\/em><\/h2>\n<h2><em><a href=\"https:\/\/se.csbe.qc.ca\/universsocial\/files\/2013\/08\/7-Enjeux.docx\">7- Enjeux<\/a><\/em><\/h2>\n<p>&nbsp;<\/p>\n<p>&nbsp;<\/p>\n<p>&nbsp;<\/p>\n<p>&nbsp;<\/p>\n<!-- WP Attachments -->\r\n        <div style=\"width:100%;margin:10px 0 10px 0;\">\r\n            <h3>Attachments<\/h3>\r\n        <ul class=\"post-attachments\"><li class=\"post-attachment mime-application-vnd-openxmlformats-officedocument-wordprocessingml-document\"><a href=\"https:\/\/se.csbe.qc.ca\/universsocial\/files\/2013\/08\/1-Premiers-occupants.docx\">1- Premiers occupants<\/a> <small>(4 MB)<\/small><\/li><li class=\"post-attachment mime-application-vnd-openxmlformats-officedocument-wordprocessingml-document\"><a href=\"https:\/\/se.csbe.qc.ca\/universsocial\/files\/2013\/08\/2-Nouvelle-France.docx\">2- Nouvelle-France<\/a> <small>(7 MB)<\/small><\/li><li class=\"post-attachment mime-application-vnd-openxmlformats-officedocument-wordprocessingml-document\"><a href=\"https:\/\/se.csbe.qc.ca\/universsocial\/files\/2013\/08\/3-Changement-dempire.docx\">3- Changement d'empire<\/a> <small>(5 MB)<\/small><\/li><li class=\"post-attachment mime-application-vnd-openxmlformats-officedocument-wordprocessingml-document\"><a href=\"https:\/\/se.csbe.qc.ca\/universsocial\/files\/2013\/08\/4-Revendications.docx\">4- Revendications<\/a> <small>(4 MB)<\/small><\/li><li class=\"post-attachment mime-application-vnd-openxmlformats-officedocument-wordprocessingml-document\"><a href=\"https:\/\/se.csbe.qc.ca\/universsocial\/files\/2013\/08\/5-Federation.docx\">5- Federation<\/a> <small>(6 MB)<\/small><\/li><li class=\"post-attachment mime-application-vnd-openxmlformats-officedocument-wordprocessingml-document\"><a href=\"https:\/\/se.csbe.qc.ca\/universsocial\/files\/2013\/08\/6-Modernisation.docx\">6- Modernisation<\/a> <small>(7 MB)<\/small><\/li><li class=\"post-attachment mime-application-vnd-openxmlformats-officedocument-wordprocessingml-document\"><a href=\"https:\/\/se.csbe.qc.ca\/universsocial\/files\/2013\/08\/7-Enjeux.docx\">7- Enjeux<\/a> <small>(2 MB)<\/small><\/li><\/ul><\/div><\/div>","protected":false},"excerpt":{"rendered":"<div class=\"page-restrict-output\"><p>Voici les banques de dossiers documentaires qui ont \u00e9t\u00e9 \u00e9labor\u00e9es pour les enseignants de Sec.3. Elles contiennent, pour chaque module, les types de documents suivants: Cartes Textes Images Graphiques Tableaux Un bel outil servant \u00e0 cr\u00e9er des activit\u00e9s, des exercices, des examens et autres! &nbsp; &nbsp; Pour t\u00e9l\u00e9charger chacun des dossiers documentaires, cliquer sur les &hellip; <\/p>\n<p><a class=\"more-link btn\" href=\"https:\/\/se.csbe.qc.ca\/universsocial\/dossiers-documentaires-sec-3\/\">Lire la suite<\/a><\/p>\n<\/div>","protected":false},"author":9,"featured_media":0,"parent":0,"menu_order":0,"comment_status":"open","ping_status":"open","template":"","meta":{"footnotes":""},"class_list":["post-1913","page","type-page","status-publish","hentry","nodate","item-wrap"],"_links":{"self":[{"href":"https:\/\/se.csbe.qc.ca\/universsocial\/wp-json\/wp\/v2\/pages\/1913","targetHints":{"allow":["GET"]}}],"collection":[{"href":"https:\/\/se.csbe.qc.ca\/universsocial\/wp-json\/wp\/v2\/pages"}],"about":[{"href":"https:\/\/se.csbe.qc.ca\/universsocial\/wp-json\/wp\/v2\/types\/page"}],"author":[{"embeddable":true,"href":"https:\/\/se.csbe.qc.ca\/universsocial\/wp-json\/wp\/v2\/users\/9"}],"replies":[{"embeddable":true,"href":"https:\/\/se.csbe.qc.ca\/universsocial\/wp-json\/wp\/v2\/comments?post=1913"}],"version-history":[{"count":1,"href":"https:\/\/se.csbe.qc.ca\/universsocial\/wp-json\/wp\/v2\/pages\/1913\/revisions"}],"predecessor-version":[{"id":1921,"href":"https:\/\/se.csbe.qc.ca\/universsocial\/wp-json\/wp\/v2\/pages\/1913\/revisions\/1921"}],"wp:attachment":[{"href":"https:\/\/se.csbe.qc.ca\/universsocial\/wp-json\/wp\/v2\/media?parent=1913"}],"curies":[{"name":"wp","href":"https:\/\/api.w.org\/{rel}","templated":true}]}}