{"id":150,"date":"2012-10-26T18:36:24","date_gmt":"2012-10-26T17:36:24","guid":{"rendered":"https:\/\/se.csbe.qc.ca\/universsocial\/?page_id=150"},"modified":"2017-08-24T08:17:10","modified_gmt":"2017-08-24T12:17:10","slug":"precision-des-apprentissages-monde-contemporain","status":"publish","type":"page","link":"https:\/\/se.csbe.qc.ca\/universsocial\/precision-des-apprentissages-monde-contemporain\/","title":{"rendered":"Pr\u00e9cision des apprentissages (PDA) &#8211; Monde contemporain"},"content":{"rendered":"<div class=\"page-restrict-output\"><h2>Voici la Pr\u00e9cision des apprentissages en Monde contemporain.<\/h2>\n<h2><\/h2>\n<h2><a href=\"https:\/\/se.csbe.qc.ca\/universsocial\/files\/2012\/10\/PDA-Monde-contemporain-Progression-2013.pdf\" target=\"_blank\" rel=\"noopener\">PDA &#8211; Monde contemporain (2013) &#8211; 4 unit\u00e9s<\/a><\/h2>\n<h2><a href=\"https:\/\/www7.education.gouv.qc.ca\/dc\/mondeContemporain\/pdf\/precisionApp_monde5sec_2credits_fr.pdf\" target=\"_blank\" rel=\"noopener\">PDA &#8211; Monde contemporain (2017) &#8211; 2 unit\u00e9s<\/a><\/h2>\n<!-- WP Attachments -->\r\n        <div style=\"width:100%;margin:10px 0 10px 0;\">\r\n            <h3>Attachments<\/h3>\r\n        <ul class=\"post-attachments\"><li class=\"post-attachment mime-application-pdf\"><a href=\"https:\/\/se.csbe.qc.ca\/universsocial\/files\/2012\/10\/PDA-Monde-contemporain-Pr\u00e9cision.pdf\">PDA - Monde contemporain (Pr\u00e9cision)<\/a> <small>(791 kB)<\/small><\/li><li class=\"post-attachment mime-application-pdf\"><a href=\"https:\/\/se.csbe.qc.ca\/universsocial\/files\/2012\/10\/PDA-Monde-contemporain-Progression-2013.pdf\">PDA - Monde contemporain (Progression 2013)<\/a> <small>(120 kB)<\/small><\/li><li class=\"post-attachment mime-application-pdf\"><a href=\"https:\/\/se.csbe.qc.ca\/universsocial\/files\/2012\/10\/precisionApp_monde5sec_2credits_fr.pdf\">precisionApp_monde5sec_2credits_fr<\/a> <small>(875 kB)<\/small><\/li><\/ul><\/div><\/div>","protected":false},"excerpt":{"rendered":"<div class=\"page-restrict-output\"><p>Voici la Pr\u00e9cision des apprentissages en Monde contemporain. PDA &#8211; Monde contemporain (2013) &#8211; 4 unit\u00e9s PDA &#8211; Monde contemporain (2017) &#8211; 2 unit\u00e9s Attachments PDA &#8211; Monde contemporain (Pr\u00e9cision) (791 kB)PDA &#8211; Monde contemporain (Progression 2013) (120 kB)precisionApp_monde5sec_2credits_fr (875 kB)<\/p>\n<\/div>","protected":false},"author":9,"featured_media":0,"parent":0,"menu_order":0,"comment_status":"open","ping_status":"closed","template":"","meta":{"footnotes":""},"class_list":["post-150","page","type-page","status-publish","hentry","nodate","item-wrap"],"_links":{"self":[{"href":"https:\/\/se.csbe.qc.ca\/universsocial\/wp-json\/wp\/v2\/pages\/150","targetHints":{"allow":["GET"]}}],"collection":[{"href":"https:\/\/se.csbe.qc.ca\/universsocial\/wp-json\/wp\/v2\/pages"}],"about":[{"href":"https:\/\/se.csbe.qc.ca\/universsocial\/wp-json\/wp\/v2\/types\/page"}],"author":[{"embeddable":true,"href":"https:\/\/se.csbe.qc.ca\/universsocial\/wp-json\/wp\/v2\/users\/9"}],"replies":[{"embeddable":true,"href":"https:\/\/se.csbe.qc.ca\/universsocial\/wp-json\/wp\/v2\/comments?post=150"}],"version-history":[{"count":11,"href":"https:\/\/se.csbe.qc.ca\/universsocial\/wp-json\/wp\/v2\/pages\/150\/revisions"}],"predecessor-version":[{"id":6029,"href":"https:\/\/se.csbe.qc.ca\/universsocial\/wp-json\/wp\/v2\/pages\/150\/revisions\/6029"}],"wp:attachment":[{"href":"https:\/\/se.csbe.qc.ca\/universsocial\/wp-json\/wp\/v2\/media?parent=150"}],"curies":[{"name":"wp","href":"https:\/\/api.w.org\/{rel}","templated":true}]}}