{"id":1277,"date":"2013-01-16T13:36:56","date_gmt":"2013-01-16T18:36:56","guid":{"rendered":"https:\/\/se.csbe.qc.ca\/universsocial\/?page_id=1277"},"modified":"2013-01-16T14:20:56","modified_gmt":"2013-01-16T19:20:56","slug":"documents-notebook-sec-3","status":"publish","type":"page","link":"https:\/\/se.csbe.qc.ca\/universsocial\/documents-notebook-sec-3\/","title":{"rendered":"Documents Notebook (Sec.3)"},"content":{"rendered":"<div class=\"page-restrict-output\"><h2><span style=\"color: #000000;\">Voici des activit\u00e9s, tableaux et autres mont\u00e9s en Notebook lors d&rsquo;un projet des Services \u00e9ducatifs en 2011.<\/span><\/h2>\n<h2><\/h2>\n<h2><span style=\"text-decoration: underline; color: #000000;\">Cliquer sur le lien ci-dessous pour les t\u00e9l\u00e9charger<\/span><\/h2>\n<h2><em><a href=\"https:\/\/se.csbe.qc.ca\/universsocial\/files\/2013\/01\/tableau-acte-constitutionnel-1791-1-avec-carte.notebook\" target=\"_blank\">tableau acte constitutionnel 1791 #1 (avec carte)<\/a> <\/em><\/h2>\n<h2><em><a href=\"https:\/\/se.csbe.qc.ca\/universsocial\/files\/2013\/01\/tableau-acte-constitutionnel-1791-2.notebook\" target=\"_blank\">tableau acte constitutionnel 1791 #2<\/a> <\/em><\/h2>\n<h2><em><a href=\"https:\/\/se.csbe.qc.ca\/universsocial\/files\/2013\/01\/tableau-acte-dunion-1840-1-avec-carte.notebook\">tableau acte d&rsquo;union 1840 #1 (avec carte)<\/a><\/em><\/h2>\n<h2><em> <a href=\"https:\/\/se.csbe.qc.ca\/universsocial\/files\/2013\/01\/tableau-acte-dunion-1840-2.notebook\">tableau acte d&rsquo;union 1840 #2<\/a> <\/em><\/h2>\n<h2><em><a href=\"https:\/\/se.csbe.qc.ca\/universsocial\/files\/2013\/01\/tableau-crise-agricole-1830.notebook\">tableau crise agricole 1830<\/a><\/em><\/h2>\n<h2><em> <a href=\"https:\/\/se.csbe.qc.ca\/universsocial\/files\/2013\/01\/tableau-gouvernement-responsable-1848.notebook\">tableau gouvernement responsable 1848<\/a> <\/em><\/h2>\n<h2><em><a href=\"https:\/\/se.csbe.qc.ca\/universsocial\/files\/2013\/01\/tableau-r\u00e9bellions-1837-1838-1-avec-carte.notebook\">tableau r\u00e9bellions 1837-1838 #1 (avec carte)<\/a> <\/em><\/h2>\n<h2><em><a href=\"https:\/\/se.csbe.qc.ca\/universsocial\/files\/2013\/01\/tableau-r\u00e9bellions-1837-1838-2.notebook\">tableau r\u00e9bellions 1837-1838 #2<\/a><\/em><\/h2>\n<h2><em><a href=\"https:\/\/se.csbe.qc.ca\/universsocial\/files\/2013\/01\/changements-sociaux.notebook\">changements sociaux<\/a> <\/em><\/h2>\n<h2><em><a href=\"https:\/\/se.csbe.qc.ca\/universsocial\/files\/2013\/01\/Lindustrialisation.notebook\">L&rsquo;industrialisation<\/a><\/em><\/h2>\n<h2><em> <a href=\"https:\/\/se.csbe.qc.ca\/universsocial\/files\/2013\/01\/tableau-la-Conf\u00e9d\u00e9ration-1867-1-avec-carte.notebook\">tableau la Conf\u00e9d\u00e9ration 1867 #1 (avec carte)<\/a> <\/em><\/h2>\n<h2><em><a href=\"https:\/\/se.csbe.qc.ca\/universsocial\/files\/2013\/01\/tableau-la-Conf\u00e9d\u00e9ration-1867-2.notebook\" target=\"_blank\">tableau la Conf\u00e9d\u00e9ration 1867 #2<\/a> <\/em><\/h2>\n<h2><em><a href=\"https:\/\/se.csbe.qc.ca\/universsocial\/files\/2013\/01\/tableau-Le-Canada-et-la-Premi\u00e8re-Guerre.notebook\">tableau Le Canada et la Premi\u00e8re Guerre<\/a> <\/em><\/h2>\n<h2><em><a href=\"https:\/\/se.csbe.qc.ca\/universsocial\/files\/2013\/01\/tableau-mouvements-de-population.notebook\">tableau mouvements de population<\/a> <\/em><\/h2>\n<h2><em><a href=\"https:\/\/se.csbe.qc.ca\/universsocial\/files\/2013\/01\/tableau-politique-nationale-1879.notebook\">tableau politique nationale 1879<\/a><\/em><\/h2>\n<!-- WP Attachments -->\r\n        <div style=\"width:100%;margin:10px 0 10px 0;\">\r\n            <h3>Attachments<\/h3>\r\n        <ul class=\"post-attachments\"><li class=\"post-attachment mime-application-x-smarttech-notebook\"><a href=\"https:\/\/se.csbe.qc.ca\/universsocial\/files\/2013\/01\/tableau-acte-constitutionnel-1791-1-avec-carte.notebook\">tableau acte constitutionnel 1791 #1 (avec carte)<\/a> <small>(497 kB)<\/small><\/li><li class=\"post-attachment mime-application-x-smarttech-notebook\"><a href=\"https:\/\/se.csbe.qc.ca\/universsocial\/files\/2013\/01\/tableau-acte-constitutionnel-1791-2.notebook\">tableau acte constitutionnel 1791 #2<\/a> <small>(43 kB)<\/small><\/li><li class=\"post-attachment mime-application-x-smarttech-notebook\"><a href=\"https:\/\/se.csbe.qc.ca\/universsocial\/files\/2013\/01\/tableau-acte-dunion-1840-1-avec-carte.notebook\">tableau acte d'union 1840 #1 (avec carte)<\/a> <small>(442 kB)<\/small><\/li><li class=\"post-attachment mime-application-x-smarttech-notebook\"><a href=\"https:\/\/se.csbe.qc.ca\/universsocial\/files\/2013\/01\/tableau-acte-dunion-1840-2.notebook\">tableau acte d'union 1840 #2<\/a> <small>(32 kB)<\/small><\/li><li class=\"post-attachment mime-application-x-smarttech-notebook\"><a href=\"https:\/\/se.csbe.qc.ca\/universsocial\/files\/2013\/01\/tableau-crise-agricole-1830.notebook\">tableau crise agricole 1830<\/a> <small>(159 kB)<\/small><\/li><li class=\"post-attachment mime-application-x-smarttech-notebook\"><a href=\"https:\/\/se.csbe.qc.ca\/universsocial\/files\/2013\/01\/tableau-gouvernement-responsable-1848.notebook\">tableau gouvernement responsable 1848<\/a> <small>(674 kB)<\/small><\/li><li class=\"post-attachment mime-application-x-smarttech-notebook\"><a href=\"https:\/\/se.csbe.qc.ca\/universsocial\/files\/2013\/01\/tableau-r\u00e9bellions-1837-1838-1-avec-carte.notebook\">tableau r\u00e9bellions 1837-1838 #1 (avec carte)<\/a> <small>(2 MB)<\/small><\/li><li class=\"post-attachment mime-application-x-smarttech-notebook\"><a href=\"https:\/\/se.csbe.qc.ca\/universsocial\/files\/2013\/01\/tableau-r\u00e9bellions-1837-1838-2.notebook\">tableau r\u00e9bellions 1837-1838 #2<\/a> <small>(835 kB)<\/small><\/li><li class=\"post-attachment mime-application-x-smarttech-notebook\"><a href=\"https:\/\/se.csbe.qc.ca\/universsocial\/files\/2013\/01\/changements-sociaux.notebook\">changements sociaux<\/a> <small>(542 kB)<\/small><\/li><li class=\"post-attachment mime-application-x-smarttech-notebook\"><a href=\"https:\/\/se.csbe.qc.ca\/universsocial\/files\/2013\/01\/Lindustrialisation.notebook\">L'industrialisation<\/a> <small>(2 MB)<\/small><\/li><li class=\"post-attachment mime-application-x-smarttech-notebook\"><a href=\"https:\/\/se.csbe.qc.ca\/universsocial\/files\/2013\/01\/tableau-la-Conf\u00e9d\u00e9ration-1867-1-avec-carte.notebook\">tableau la Conf\u00e9d\u00e9ration 1867 #1 (avec carte)<\/a> <small>(231 kB)<\/small><\/li><li class=\"post-attachment mime-application-x-smarttech-notebook\"><a href=\"https:\/\/se.csbe.qc.ca\/universsocial\/files\/2013\/01\/tableau-la-Conf\u00e9d\u00e9ration-1867-2.notebook\">tableau la Conf\u00e9d\u00e9ration 1867 #2<\/a> <small>(45 kB)<\/small><\/li><li class=\"post-attachment mime-application-x-smarttech-notebook\"><a href=\"https:\/\/se.csbe.qc.ca\/universsocial\/files\/2013\/01\/tableau-Le-Canada-et-la-Premi\u00e8re-Guerre.notebook\">tableau Le Canada et la Premi\u00e8re Guerre<\/a> <small>(164 kB)<\/small><\/li><li class=\"post-attachment mime-application-x-smarttech-notebook\"><a href=\"https:\/\/se.csbe.qc.ca\/universsocial\/files\/2013\/01\/tableau-mouvements-de-population.notebook\">tableau mouvements de population<\/a> <small>(172 kB)<\/small><\/li><li class=\"post-attachment mime-application-x-smarttech-notebook\"><a href=\"https:\/\/se.csbe.qc.ca\/universsocial\/files\/2013\/01\/tableau-politique-nationale-1879.notebook\">tableau politique nationale 1879<\/a> <small>(1004 kB)<\/small><\/li><\/ul><\/div><\/div>","protected":false},"excerpt":{"rendered":"<div class=\"page-restrict-output\"><p>Voici des activit\u00e9s, tableaux et autres mont\u00e9s en Notebook lors d&rsquo;un projet des Services \u00e9ducatifs en 2011. Cliquer sur le lien ci-dessous pour les t\u00e9l\u00e9charger tableau acte constitutionnel 1791 #1 (avec carte) tableau acte constitutionnel 1791 #2 tableau acte d&rsquo;union 1840 #1 (avec carte) tableau acte d&rsquo;union 1840 #2 tableau crise agricole 1830 tableau gouvernement &hellip; <\/p>\n<p><a class=\"more-link btn\" href=\"https:\/\/se.csbe.qc.ca\/universsocial\/documents-notebook-sec-3\/\">Lire la suite<\/a><\/p>\n<\/div>","protected":false},"author":9,"featured_media":0,"parent":0,"menu_order":0,"comment_status":"open","ping_status":"open","template":"","meta":{"footnotes":""},"class_list":["post-1277","page","type-page","status-publish","hentry","nodate","item-wrap"],"_links":{"self":[{"href":"https:\/\/se.csbe.qc.ca\/universsocial\/wp-json\/wp\/v2\/pages\/1277","targetHints":{"allow":["GET"]}}],"collection":[{"href":"https:\/\/se.csbe.qc.ca\/universsocial\/wp-json\/wp\/v2\/pages"}],"about":[{"href":"https:\/\/se.csbe.qc.ca\/universsocial\/wp-json\/wp\/v2\/types\/page"}],"author":[{"embeddable":true,"href":"https:\/\/se.csbe.qc.ca\/universsocial\/wp-json\/wp\/v2\/users\/9"}],"replies":[{"embeddable":true,"href":"https:\/\/se.csbe.qc.ca\/universsocial\/wp-json\/wp\/v2\/comments?post=1277"}],"version-history":[{"count":2,"href":"https:\/\/se.csbe.qc.ca\/universsocial\/wp-json\/wp\/v2\/pages\/1277\/revisions"}],"predecessor-version":[{"id":1310,"href":"https:\/\/se.csbe.qc.ca\/universsocial\/wp-json\/wp\/v2\/pages\/1277\/revisions\/1310"}],"wp:attachment":[{"href":"https:\/\/se.csbe.qc.ca\/universsocial\/wp-json\/wp\/v2\/media?parent=1277"}],"curies":[{"name":"wp","href":"https:\/\/api.w.org\/{rel}","templated":true}]}}