{"id":1029,"date":"2013-01-09T18:24:37","date_gmt":"2013-01-09T17:24:37","guid":{"rendered":"https:\/\/se.csbe.qc.ca\/universsocial\/?page_id=1029"},"modified":"2013-01-09T18:27:31","modified_gmt":"2013-01-09T17:27:31","slug":"exercice-sur-les-facteurs-explicatifs-et-les-consequences-2e-cycle","status":"publish","type":"page","link":"https:\/\/se.csbe.qc.ca\/universsocial\/exercice-sur-les-facteurs-explicatifs-et-les-consequences-2e-cycle\/","title":{"rendered":"Exercice sur les facteurs explicatifs et les cons\u00e9quences (2e cycle)"},"content":{"rendered":"<div class=\"page-restrict-output\"><h2><span style=\"color: #000000;\">Un exercice pour pratiquer les \u00e9l\u00e8ves \u00e0 bien ma\u00eetriser l&rsquo;op\u00e9ration intellectuelle \u00ab\u00a0D\u00e9terminer des facteurs explicatifs et des cons\u00e9quences\u00a0\u00bb.<\/span><\/h2>\n<h2><span style=\"color: #000000;\">\u00a0<\/span><\/h2>\n<h2><span style=\"color: #000000;\">Merci \u00e0 Mme Julie Stewart de la C.S. des Hautes Rivi\u00e8res de bien avoir voulu participer \u00e0 un \u00e9change de mat\u00e9riel avec moi! Par le partage et l&rsquo;\u00e9change, on sort tous largement gagnants!<\/span><\/h2>\n<h2><span style=\"color: #000000;\">\u00a0<\/span><\/h2>\n<h2><span style=\"text-decoration: underline;\"><span style=\"color: #000000; text-decoration: underline;\">Cliquer pour t\u00e9l\u00e9charger<\/span><\/span><\/h2>\n<h2><em><a href=\"https:\/\/se.csbe.qc.ca\/universsocial\/files\/2013\/01\/Exercice-sur-les-causes-cons\u00e9quences.docx\" target=\"_blank\">Exercice sur les causes-cons\u00e9quences<\/a><\/em><\/h2>\n<!-- WP Attachments -->\r\n        <div style=\"width:100%;margin:10px 0 10px 0;\">\r\n            <h3>Attachments<\/h3>\r\n        <ul class=\"post-attachments\"><li class=\"post-attachment mime-application-vnd-openxmlformats-officedocument-wordprocessingml-document\"><a href=\"https:\/\/se.csbe.qc.ca\/universsocial\/files\/2013\/01\/Exercice-sur-les-causes-cons\u00e9quences.docx\">Exercice sur les causes-cons\u00e9quences<\/a> <small>(9 MB)<\/small><\/li><\/ul><\/div><\/div>","protected":false},"excerpt":{"rendered":"<div class=\"page-restrict-output\"><p>Un exercice pour pratiquer les \u00e9l\u00e8ves \u00e0 bien ma\u00eetriser l&rsquo;op\u00e9ration intellectuelle \u00ab\u00a0D\u00e9terminer des facteurs explicatifs et des cons\u00e9quences\u00a0\u00bb. \u00a0 Merci \u00e0 Mme Julie Stewart de la C.S. des Hautes Rivi\u00e8res de bien avoir voulu participer \u00e0 un \u00e9change de mat\u00e9riel avec moi! Par le partage et l&rsquo;\u00e9change, on sort tous largement gagnants! \u00a0 Cliquer pour &hellip; <\/p>\n<p><a class=\"more-link btn\" href=\"https:\/\/se.csbe.qc.ca\/universsocial\/exercice-sur-les-facteurs-explicatifs-et-les-consequences-2e-cycle\/\">Lire la suite<\/a><\/p>\n<\/div>","protected":false},"author":9,"featured_media":0,"parent":0,"menu_order":0,"comment_status":"open","ping_status":"open","template":"","meta":{"footnotes":""},"class_list":["post-1029","page","type-page","status-publish","hentry","nodate","item-wrap"],"_links":{"self":[{"href":"https:\/\/se.csbe.qc.ca\/universsocial\/wp-json\/wp\/v2\/pages\/1029","targetHints":{"allow":["GET"]}}],"collection":[{"href":"https:\/\/se.csbe.qc.ca\/universsocial\/wp-json\/wp\/v2\/pages"}],"about":[{"href":"https:\/\/se.csbe.qc.ca\/universsocial\/wp-json\/wp\/v2\/types\/page"}],"author":[{"embeddable":true,"href":"https:\/\/se.csbe.qc.ca\/universsocial\/wp-json\/wp\/v2\/users\/9"}],"replies":[{"embeddable":true,"href":"https:\/\/se.csbe.qc.ca\/universsocial\/wp-json\/wp\/v2\/comments?post=1029"}],"version-history":[{"count":2,"href":"https:\/\/se.csbe.qc.ca\/universsocial\/wp-json\/wp\/v2\/pages\/1029\/revisions"}],"predecessor-version":[{"id":1036,"href":"https:\/\/se.csbe.qc.ca\/universsocial\/wp-json\/wp\/v2\/pages\/1029\/revisions\/1036"}],"wp:attachment":[{"href":"https:\/\/se.csbe.qc.ca\/universsocial\/wp-json\/wp\/v2\/media?parent=1029"}],"curies":[{"name":"wp","href":"https:\/\/api.w.org\/{rel}","templated":true}]}}