{"id":10,"date":"2012-10-05T14:33:07","date_gmt":"2012-10-05T13:33:07","guid":{"rendered":"https:\/\/se.csbe.qc.ca\/universsocial\/?page_id=10"},"modified":"2020-06-21T09:56:58","modified_gmt":"2020-06-21T13:56:58","slug":"accueil","status":"publish","type":"page","link":"https:\/\/se.csbe.qc.ca\/universsocial\/accueil\/","title":{"rendered":"Accueil"},"content":{"rendered":"<div class=\"page-restrict-output\"><h1><span style=\"color: #000000\"><strong>Bienvenue dans la section <span style=\"font-family: 'arial black', 'avant garde'\">\u00ab\u00a0Univers social au secondaire\u00a0\u00bb<\/span> du site des&nbsp;<em><span style=\"color: #0000ff\"><a href=\"https:\/\/se.csbe.qc.ca\/\"><span style=\"color: #0000ff\">Services \u00e9ducatifs de la CSBE<\/span><\/a><\/span><\/em>.<\/strong><\/span><\/h1>\n<p><span style=\"color: #000000\">&nbsp;<\/span><\/p>\n<p>&nbsp;<\/p>\n<h1><span style=\"text-decoration: underline;color: #000000\"><strong>Voici des exemples de ce que vous trouverez ici:<\/strong><\/span><\/h1>\n<ul>\n<li>\n<h2><span style=\"color: #000000\"><em>des documents de tous genres \u00e0 t\u00e9l\u00e9charger,<\/em><\/span><\/h2>\n<\/li>\n<li>\n<h2><span style=\"color: #000000\"><em>la progression des apprentissages (PDA) pour chaque degr\u00e9,<\/em><\/span><\/h2>\n<\/li>\n<li>\n<h2><span style=\"color: #000000\"><em>le programme de formation de l&rsquo;\u00e9cole qu\u00e9b\u00e9coise (PFEQ),<\/em><\/span><\/h2>\n<\/li>\n<li>\n<h2><span style=\"color: #000000\"><em>les cadres d&rsquo;\u00e9valuation,<\/em><\/span><\/h2>\n<\/li>\n<li>\n<h2><span style=\"color: #000000\"><em>des dossiers documentaires<\/em><\/span><\/h2>\n<\/li>\n<li>\n<h2><span style=\"color: #000000\"><em>des banques de questions<\/em><\/span><\/h2>\n<\/li>\n<li>\n<h2><span style=\"color: #000000\"><em>des situations d&rsquo;apprentissage et d&rsquo;\u00e9valuation (SA\u00c9),<\/em><\/span><\/h2>\n<\/li>\n<li>\n<h2><span style=\"color: #000000\"><em>des situations d&rsquo;\u00e9valuation (S\u00c9),<\/em><\/span><\/h2>\n<\/li>\n<li>\n<h2><span style=\"color: #000000\"><em>des examens,<\/em><\/span><\/h2>\n<\/li>\n<li>\n<h2><span style=\"color: #000000\"><em>des nouvelles de derni\u00e8re heure,<\/em><\/span><\/h2>\n<\/li>\n<li>\n<h2><span style=\"color: #000000\"><em>des liens int\u00e9ressants,<\/em><\/span><\/h2>\n<\/li>\n<li>\n<h2><span style=\"color: #000000\"><em>des vid\u00e9os compl\u00e9mentaires,&nbsp;<\/em><\/span><\/h2>\n<\/li>\n<li>\n<h2><span style=\"color: #000000\"><em>etc.<\/em><\/span><\/h2>\n<\/li>\n<\/ul>\n<h1><span style=\"color: #000000\">&nbsp;<\/span><\/h1>\n<h2><span style=\"color: #800000\"><strong><em>N&rsquo;oubliez pas de consulter la \u00ab\u00a0<span style=\"text-decoration: underline\">Section des nouvelles<\/span>\u00a0\u00bb pour \u00eatre tenus au courant des derni\u00e8res informations!<\/em><\/strong><\/span><\/h2>\n<p>&nbsp;<\/p>\n<h1><span style=\"color: #000000\"><strong>Profitez-en, cet espace est le n\u00f4tre, le v\u00f4tre!!!<\/strong><\/span><\/h1>\n<p>&nbsp;<\/p>\n<h1><span style=\"color: #000000;font-family: georgia, palatino\"><strong>Vincent \u00ab\u00a0a\u00a0\u00bb Lemieux<\/strong><\/span><\/h1>\n<h2><span style=\"color: #000000\">C<strong>onseiller p\u00e9dagogique&nbsp;<\/strong><\/span><\/h2>\n<p><span style=\"color: #0000ff\"><strong>vincent.a.lemieux@csbe.qc.ca<\/strong><\/span><\/p>\n<p><span style=\"color: #000000\"><strong>(418) 228-5541 #2405<\/strong><\/span><\/p>\n<p>&nbsp;<\/p>\n<\/div>","protected":false},"excerpt":{"rendered":"<div class=\"page-restrict-output\"><p>Bienvenue dans la section \u00ab\u00a0Univers social au secondaire\u00a0\u00bb du site des&nbsp;Services \u00e9ducatifs de la CSBE. &nbsp; &nbsp; Voici des exemples de ce que vous trouverez ici: des documents de tous genres \u00e0 t\u00e9l\u00e9charger, la progression des apprentissages (PDA) pour chaque degr\u00e9, le programme de formation de l&rsquo;\u00e9cole qu\u00e9b\u00e9coise (PFEQ), les cadres d&rsquo;\u00e9valuation, des dossiers documentaires &hellip; <\/p>\n<p><a class=\"more-link btn\" href=\"https:\/\/se.csbe.qc.ca\/universsocial\/accueil\/\">Lire la suite<\/a><\/p>\n<\/div>","protected":false},"author":9,"featured_media":0,"parent":0,"menu_order":0,"comment_status":"closed","ping_status":"open","template":"","meta":{"footnotes":""},"class_list":["post-10","page","type-page","status-publish","hentry","nodate","item-wrap"],"_links":{"self":[{"href":"https:\/\/se.csbe.qc.ca\/universsocial\/wp-json\/wp\/v2\/pages\/10","targetHints":{"allow":["GET"]}}],"collection":[{"href":"https:\/\/se.csbe.qc.ca\/universsocial\/wp-json\/wp\/v2\/pages"}],"about":[{"href":"https:\/\/se.csbe.qc.ca\/universsocial\/wp-json\/wp\/v2\/types\/page"}],"author":[{"embeddable":true,"href":"https:\/\/se.csbe.qc.ca\/universsocial\/wp-json\/wp\/v2\/users\/9"}],"replies":[{"embeddable":true,"href":"https:\/\/se.csbe.qc.ca\/universsocial\/wp-json\/wp\/v2\/comments?post=10"}],"version-history":[{"count":18,"href":"https:\/\/se.csbe.qc.ca\/universsocial\/wp-json\/wp\/v2\/pages\/10\/revisions"}],"predecessor-version":[{"id":7011,"href":"https:\/\/se.csbe.qc.ca\/universsocial\/wp-json\/wp\/v2\/pages\/10\/revisions\/7011"}],"wp:attachment":[{"href":"https:\/\/se.csbe.qc.ca\/universsocial\/wp-json\/wp\/v2\/media?parent=10"}],"curies":[{"name":"wp","href":"https:\/\/api.w.org\/{rel}","templated":true}]}}