{"id":382,"date":"2016-07-07T13:16:19","date_gmt":"2016-07-07T17:16:19","guid":{"rendered":"https:\/\/se.csbe.qc.ca\/passepartout\/?page_id=382"},"modified":"2017-01-11T11:41:05","modified_gmt":"2017-01-11T16:41:05","slug":"secretaire-passe-partout","status":"publish","type":"page","link":"https:\/\/se.csbe.qc.ca\/passepartout\/secretaire-passe-partout\/","title":{"rendered":"Secr\u00e9taire Passe-Partout"},"content":{"rendered":"<div class=\"page-restrict-output\"><p style=\"text-align: center;\"><img loading=\"lazy\" decoding=\"async\" class=\"wp-image-106 alignright\" src=\"https:\/\/se.csbe.qc.ca\/passepartout\/files\/2016\/06\/cropped-1443688013-300px.png\" alt=\"cropped-1443688013-300px.png\" width=\"98\" height=\"98\" srcset=\"https:\/\/se.csbe.qc.ca\/passepartout\/files\/2016\/06\/cropped-1443688013-300px.png 512w, https:\/\/se.csbe.qc.ca\/passepartout\/files\/2016\/06\/cropped-1443688013-300px-150x150.png 150w, https:\/\/se.csbe.qc.ca\/passepartout\/files\/2016\/06\/cropped-1443688013-300px-300x300.png 300w, https:\/\/se.csbe.qc.ca\/passepartout\/files\/2016\/06\/cropped-1443688013-300px-270x270.png 270w, https:\/\/se.csbe.qc.ca\/passepartout\/files\/2016\/06\/cropped-1443688013-300px-192x192.png 192w, https:\/\/se.csbe.qc.ca\/passepartout\/files\/2016\/06\/cropped-1443688013-300px-180x180.png 180w, https:\/\/se.csbe.qc.ca\/passepartout\/files\/2016\/06\/cropped-1443688013-300px-32x32.png 32w\" sizes=\"auto, (max-width: 98px) 100vw, 98px\" \/><\/p>\n<h3><span style=\"font-family: 'trebuchet ms', geneva;\"><strong>Audrey Samson<\/strong><\/span><br \/>\n<span style=\"font-family: 'trebuchet ms', geneva;\"> Secr\u00e9taire Passe-Partout, Services \u00e9ducatifs<\/span><\/h3>\n<h3><span style=\"font-family: 'trebuchet ms', geneva;\">Si vous avez besoin d&rsquo;informations d<strong>&lsquo;ordre g\u00e9n\u00e9ral<\/strong> au sujet de Passe-Partout, vous pouvez joindre la secr\u00e9taire au<strong> 418 228-5541, poste 2420.<\/strong><\/span><\/h3>\n<h3><span style=\"font-family: 'trebuchet ms', geneva;\">Si votre enfant est d\u00e9j\u00e0 \u00a0inscrit \u00e0 la Passe-Partout et que celui-ci fr\u00e9quente une \u00e9cole, \u00a0vous pouvez vous renseigner aupr\u00e8s de l&rsquo;animateur responsable du programme dans la section \u00ab\u00a0Notre \u00e9quipe\u00a0\u00bb.<\/span><\/h3>\n<h2><\/h2>\n<h2><\/h2>\n<p style=\"text-align: center;\"><span style=\"font-family: 'trebuchet ms', geneva;\"><a href=\"https:\/\/se.csbe.qc.ca\/passepartout\/notre-equipe\/\"><strong>Retour<\/strong><\/a><\/span><\/p>\n<\/div>","protected":false},"excerpt":{"rendered":"<div class=\"page-restrict-output\"><p>Audrey Samson Secr\u00e9taire Passe-Partout, Services \u00e9ducatifs Si vous avez besoin d&rsquo;informations d&lsquo;ordre g\u00e9n\u00e9ral au sujet de Passe-Partout, vous pouvez joindre la secr\u00e9taire au 418 228-5541, poste 2420. Si votre enfant est d\u00e9j\u00e0 \u00a0inscrit \u00e0 la Passe-Partout et que celui-ci fr\u00e9quente une \u00e9cole, \u00a0vous pouvez vous renseigner aupr\u00e8s de l&rsquo;animateur responsable du programme dans la section [&hellip;]<\/p>\n<\/div>","protected":false},"author":680,"featured_media":0,"parent":0,"menu_order":0,"comment_status":"closed","ping_status":"closed","template":"","meta":{"footnotes":""},"class_list":["post-382","page","type-page","status-publish","hentry"],"_links":{"self":[{"href":"https:\/\/se.csbe.qc.ca\/passepartout\/wp-json\/wp\/v2\/pages\/382","targetHints":{"allow":["GET"]}}],"collection":[{"href":"https:\/\/se.csbe.qc.ca\/passepartout\/wp-json\/wp\/v2\/pages"}],"about":[{"href":"https:\/\/se.csbe.qc.ca\/passepartout\/wp-json\/wp\/v2\/types\/page"}],"author":[{"embeddable":true,"href":"https:\/\/se.csbe.qc.ca\/passepartout\/wp-json\/wp\/v2\/users\/680"}],"replies":[{"embeddable":true,"href":"https:\/\/se.csbe.qc.ca\/passepartout\/wp-json\/wp\/v2\/comments?post=382"}],"version-history":[{"count":8,"href":"https:\/\/se.csbe.qc.ca\/passepartout\/wp-json\/wp\/v2\/pages\/382\/revisions"}],"predecessor-version":[{"id":921,"href":"https:\/\/se.csbe.qc.ca\/passepartout\/wp-json\/wp\/v2\/pages\/382\/revisions\/921"}],"wp:attachment":[{"href":"https:\/\/se.csbe.qc.ca\/passepartout\/wp-json\/wp\/v2\/media?parent=382"}],"curies":[{"name":"wp","href":"https:\/\/api.w.org\/{rel}","templated":true}]}}