{"id":379,"date":"2016-07-07T13:05:12","date_gmt":"2016-07-07T17:05:12","guid":{"rendered":"https:\/\/se.csbe.qc.ca\/passepartout\/?page_id=379"},"modified":"2017-01-11T11:41:45","modified_gmt":"2017-01-11T16:41:45","slug":"responsable-passe-partout","status":"publish","type":"page","link":"https:\/\/se.csbe.qc.ca\/passepartout\/responsable-passe-partout\/","title":{"rendered":"Responsable Passe-Partout"},"content":{"rendered":"<div class=\"page-restrict-output\"><p style=\"text-align: center;\"><img loading=\"lazy\" decoding=\"async\" class=\"wp-image-299 alignright\" src=\"https:\/\/se.csbe.qc.ca\/passepartout\/files\/2016\/07\/crayons-1445053_1920-e1467915929237.jpg\" width=\"328\" height=\"135\" srcset=\"https:\/\/se.csbe.qc.ca\/passepartout\/files\/2016\/07\/crayons-1445053_1920-e1467915929237.jpg 1905w, https:\/\/se.csbe.qc.ca\/passepartout\/files\/2016\/07\/crayons-1445053_1920-e1467915929237-300x124.jpg 300w, https:\/\/se.csbe.qc.ca\/passepartout\/files\/2016\/07\/crayons-1445053_1920-e1467915929237-768x317.jpg 768w, https:\/\/se.csbe.qc.ca\/passepartout\/files\/2016\/07\/crayons-1445053_1920-e1467915929237-1024x423.jpg 1024w\" sizes=\"auto, (max-width: 328px) 100vw, 328px\" \/><\/p>\n<h3><span style=\"font-family: 'trebuchet ms', geneva;\"><strong>Gloria Babineau<\/strong><\/span><br \/>\n<span style=\"font-family: 'trebuchet ms', geneva;\"> Responsable Passe-Partout<\/span><\/h3>\n<h3><span style=\"font-family: 'trebuchet ms', geneva;\"><img loading=\"lazy\" decoding=\"async\" class=\"wp-image-143 alignnone\" src=\"https:\/\/se.csbe.qc.ca\/passepartout\/files\/2016\/06\/home3-icon-300px.png\" alt=\"home3-icon-300px\" width=\"32\" height=\"32\" srcset=\"https:\/\/se.csbe.qc.ca\/passepartout\/files\/2016\/06\/home3-icon-300px.png 300w, https:\/\/se.csbe.qc.ca\/passepartout\/files\/2016\/06\/home3-icon-300px-150x150.png 150w\" sizes=\"auto, (max-width: 32px) 100vw, 32px\" \/><strong>Bureau:<\/strong> Polyvalente Saint-Georges, Services \u00e9ducatifs<\/span><\/h3>\n<h3><span style=\"font-family: 'trebuchet ms', geneva;\"><a href=\"https:\/\/se.csbe.qc.ca\/passepartout\/files\/2016\/06\/1276610754-300px.png\"><img loading=\"lazy\" decoding=\"async\" class=\"alignnone wp-image-142\" src=\"https:\/\/se.csbe.qc.ca\/passepartout\/files\/2016\/06\/1276610754-300px-237x300.png\" alt=\"1276610754-300px\" width=\"19\" height=\"24\" \/><\/a><strong>Coordonn\u00e9es:<\/strong>\u00a0418 228-5541, poste 2442<\/span><\/h3>\n<h3><span style=\"font-family: 'trebuchet ms', geneva;\">Pour toutes questions d&rsquo;ordre g\u00e9n\u00e9rale, vous pouvez joindre la <a href=\"https:\/\/se.csbe.qc.ca\/passepartout\/secretaire-passe-partout\/\">secr\u00e9taire Passe-Partout<\/a>.<\/span><\/h3>\n<p>&nbsp;<\/p>\n<p>&nbsp;<\/p>\n<p style=\"text-align: center;\"><span style=\"font-family: 'trebuchet ms', geneva;\"><a href=\"https:\/\/se.csbe.qc.ca\/passepartout\/notre-equipe\/\"><strong>Retour<\/strong><\/a><\/span><\/p>\n<\/div>","protected":false},"excerpt":{"rendered":"<div class=\"page-restrict-output\"><p>Gloria Babineau Responsable Passe-Partout Bureau: Polyvalente Saint-Georges, Services \u00e9ducatifs Coordonn\u00e9es:\u00a0418 228-5541, poste 2442 Pour toutes questions d&rsquo;ordre g\u00e9n\u00e9rale, vous pouvez joindre la secr\u00e9taire Passe-Partout. &nbsp; &nbsp; Retour<\/p>\n<\/div>","protected":false},"author":680,"featured_media":0,"parent":0,"menu_order":0,"comment_status":"closed","ping_status":"closed","template":"","meta":{"footnotes":""},"class_list":["post-379","page","type-page","status-publish","hentry"],"_links":{"self":[{"href":"https:\/\/se.csbe.qc.ca\/passepartout\/wp-json\/wp\/v2\/pages\/379","targetHints":{"allow":["GET"]}}],"collection":[{"href":"https:\/\/se.csbe.qc.ca\/passepartout\/wp-json\/wp\/v2\/pages"}],"about":[{"href":"https:\/\/se.csbe.qc.ca\/passepartout\/wp-json\/wp\/v2\/types\/page"}],"author":[{"embeddable":true,"href":"https:\/\/se.csbe.qc.ca\/passepartout\/wp-json\/wp\/v2\/users\/680"}],"replies":[{"embeddable":true,"href":"https:\/\/se.csbe.qc.ca\/passepartout\/wp-json\/wp\/v2\/comments?post=379"}],"version-history":[{"count":9,"href":"https:\/\/se.csbe.qc.ca\/passepartout\/wp-json\/wp\/v2\/pages\/379\/revisions"}],"predecessor-version":[{"id":922,"href":"https:\/\/se.csbe.qc.ca\/passepartout\/wp-json\/wp\/v2\/pages\/379\/revisions\/922"}],"wp:attachment":[{"href":"https:\/\/se.csbe.qc.ca\/passepartout\/wp-json\/wp\/v2\/media?parent=379"}],"curies":[{"name":"wp","href":"https:\/\/api.w.org\/{rel}","templated":true}]}}