{"id":401,"date":"2018-12-04T11:25:11","date_gmt":"2018-12-04T16:25:11","guid":{"rendered":"https:\/\/se.csbe.qc.ca\/mathematique\/?page_id=401"},"modified":"2019-08-21T10:13:21","modified_gmt":"2019-08-21T14:13:21","slug":"bienvenue","status":"publish","type":"page","link":"https:\/\/se.csbe.qc.ca\/mathematique\/","title":{"rendered":"Bienvenue"},"content":{"rendered":"<div class=\"page-restrict-output\"><p><span style=\"font-family: 'comic sans ms', sans-serif;color: #008080\">Bonjour \u00e0 tous,\u00a0<\/span><\/p>\n<p><span style=\"font-family: 'comic sans ms', sans-serif;color: #008080\">Bienvenue sur le site des math\u00e9matiques du secondaire \u00e0\u00a0 la CSBE!<\/span><\/p>\n<p><span style=\"font-family: 'comic sans ms', sans-serif;color: #008080\">Par l&rsquo;entremise de ce site, je tente de regrouper toutes les ressources, les informations et les id\u00e9es d&rsquo;activit\u00e9s \u00e0 un m\u00eame endroit afin de faciliter le travail des enseignants! <\/span><\/p>\n<p><span style=\"font-family: 'comic sans ms', sans-serif;color: #008080\">Dans la section \u00ab\u00a0DOCUMENTS\u00a0\u00bb, je vous r\u00e9f\u00e8re \u00e0 plusieurs dossiers pertinents. J&rsquo;ai tent\u00e9 de regrouper les activit\u00e9s par niveau le plus possible. Vous trouvez aussi les documents des formations ant\u00e9rieures. Vous trouverez un dossier sur les jeux d&rsquo;\u00e9vasion ou de r\u00e9vision. Bref, je tente d&rsquo;ordonner tous les documents ou\u00a0 les activit\u00e9s que je trouve afin de vous donner des id\u00e9es. Merci \u00e0 tous pour vos partages! <\/span><\/p>\n<p><span style=\"font-family: 'comic sans ms', sans-serif;color: #008080\">De plus, vous trouverez des liens pertinents en-dessous. \u00c0 l&rsquo;aide de Symbaloo, j&rsquo;ai regroup\u00e9 plusieurs sites pertinents qui peuvent vous \u00eatre utiles. Je vous invite \u00e0 aller les consulter. <\/span><\/p>\n<p><span style=\"font-family: 'comic sans ms', sans-serif;color: #008080\">Dans les onglets du haut, vous retrouverez des documents minist\u00e9riels importants. Pour chaque niveau, vous retrouvez la progression des apprentissages. <\/span><\/p>\n<p><span style=\"font-family: 'comic sans ms', sans-serif;color: #008080\">Si vous avez des besoins, n&rsquo;h\u00e9sitez pas \u00e0 communiquer avec moi!<\/span><\/p>\n<p><span style=\"font-family: 'comic sans ms', sans-serif;color: #008080\">Au plaisir!<\/span><\/p>\n<p><span style=\"color: #003300\"><em><span style=\"font-family: 'comic sans ms', sans-serif\">Sandra Fortin<\/span><\/em><\/span><\/p>\n<p><span style=\"color: #003300\"><em><span style=\"font-family: 'comic sans ms', sans-serif\">conseill\u00e8re p\u00e9dagogique en math\u00e9matique au secondaire<\/span><\/em><\/span><\/p>\n<hr \/>\n<\/div>","protected":false},"excerpt":{"rendered":"<div class=\"page-restrict-output\"><p>Bonjour \u00e0 tous,\u00a0 Bienvenue sur le site des math\u00e9matiques du secondaire \u00e0\u00a0 la CSBE! Par l&rsquo;entremise de ce site, je tente de regrouper toutes les ressources, les informations et les id\u00e9es d&rsquo;activit\u00e9s \u00e0 un m\u00eame endroit afin de faciliter le travail des enseignants! Dans la section \u00ab\u00a0DOCUMENTS\u00a0\u00bb, je vous r\u00e9f\u00e8re \u00e0 plusieurs dossiers pertinents. J&rsquo;ai &hellip; <\/p>\n<p><a class=\"more-link btn\" href=\"https:\/\/se.csbe.qc.ca\/mathematique\/\">Lire la suite<\/a><\/p>\n<\/div>","protected":false},"author":920,"featured_media":0,"parent":0,"menu_order":0,"comment_status":"closed","ping_status":"closed","template":"","meta":{"footnotes":""},"class_list":["post-401","page","type-page","status-publish","hentry","nodate","item-wrap"],"_links":{"self":[{"href":"https:\/\/se.csbe.qc.ca\/mathematique\/wp-json\/wp\/v2\/pages\/401","targetHints":{"allow":["GET"]}}],"collection":[{"href":"https:\/\/se.csbe.qc.ca\/mathematique\/wp-json\/wp\/v2\/pages"}],"about":[{"href":"https:\/\/se.csbe.qc.ca\/mathematique\/wp-json\/wp\/v2\/types\/page"}],"author":[{"embeddable":true,"href":"https:\/\/se.csbe.qc.ca\/mathematique\/wp-json\/wp\/v2\/users\/920"}],"replies":[{"embeddable":true,"href":"https:\/\/se.csbe.qc.ca\/mathematique\/wp-json\/wp\/v2\/comments?post=401"}],"version-history":[{"count":7,"href":"https:\/\/se.csbe.qc.ca\/mathematique\/wp-json\/wp\/v2\/pages\/401\/revisions"}],"predecessor-version":[{"id":441,"href":"https:\/\/se.csbe.qc.ca\/mathematique\/wp-json\/wp\/v2\/pages\/401\/revisions\/441"}],"wp:attachment":[{"href":"https:\/\/se.csbe.qc.ca\/mathematique\/wp-json\/wp\/v2\/media?parent=401"}],"curies":[{"name":"wp","href":"https:\/\/api.w.org\/{rel}","templated":true}]}}