{"id":807,"date":"2019-01-15T10:39:19","date_gmt":"2019-01-15T15:39:19","guid":{"rendered":"https:\/\/se.csbe.qc.ca\/kreolab\/?page_id=807"},"modified":"2019-11-02T11:19:11","modified_gmt":"2019-11-02T15:19:11","slug":"limpression-3d-le-comment-et-le-pourquoi","status":"publish","type":"page","link":"https:\/\/se.csbe.qc.ca\/kreolab\/limpression-3d-le-comment-et-le-pourquoi\/","title":{"rendered":"L&rsquo;impression 3D: Le comment et le pourquoi"},"content":{"rendered":"<div class=\"page-restrict-output\">\n<p><strong>\u00a0 \u00a0<a href=\"https:\/\/se.csbe.qc.ca\/kreolab\/limpression-3d-le-comment-et-le-pourquoi\/creatorpro\/\" rel=\"attachment wp-att-808\"><img loading=\"lazy\" decoding=\"async\" class=\"alignleft  wp-image-808\" src=\"https:\/\/se.csbe.qc.ca\/kreolab\/files\/2019\/01\/CreatorPro-300x300.jpg\" alt=\"\" width=\"197\" height=\"197\" srcset=\"https:\/\/se.csbe.qc.ca\/kreolab\/files\/2019\/01\/CreatorPro-300x300.jpg 300w, https:\/\/se.csbe.qc.ca\/kreolab\/files\/2019\/01\/CreatorPro-150x150.jpg 150w, https:\/\/se.csbe.qc.ca\/kreolab\/files\/2019\/01\/CreatorPro-768x768.jpg 768w, https:\/\/se.csbe.qc.ca\/kreolab\/files\/2019\/01\/CreatorPro-800x800.jpg 800w, https:\/\/se.csbe.qc.ca\/kreolab\/files\/2019\/01\/CreatorPro.jpg 1000w\" sizes=\"auto, (max-width: 197px) 100vw, 197px\" \/><\/a><\/strong><strong>Le comment:\u00a0<\/strong><\/p>\n<p><span style=\"text-decoration: underline; background-color: #00ccff;\"><strong>Dessiner<\/strong>:<\/span> nous utiliserons <strong><a href=\"https:\/\/www.tinkercad.com\">Tinkercad<\/a><\/strong> qui est une application en ligne de base<\/p>\n<p><span style=\"text-decoration: underline; background-color: #00ccff;\"><strong>Exporter<\/strong><\/span> le dessin en format .stl<\/p>\n<p><strong><span style=\"text-decoration: underline; background-color: #00ccff;\">\u00ab\u00a0Trancher\u00a0\u00bb<\/span>:<\/strong> Le fichier .stl que Tinkercad a produit \u00e0 l&rsquo;aide du logiciel <strong>FlashPrint<\/strong> (disponible dans les applications distribu\u00e9es).<\/p>\n<p><span style=\"background-color: #00ccff;\"><strong>Imprimer<\/strong><\/span> avec VOTRE imprimante Flashforge Creator Pro<\/p>\n<p><strong>Le pourquoi:\u00a0\u00a0<\/strong><\/p>\n<p>Mat\u00e9rialiser assez rapidement, des cr\u00e9ations num\u00e9riques.\u00a0 \u00a0En dessinant un objet 3d, l&rsquo;\u00e9l\u00e8ve utilise des concepts math\u00e9matiques de base.\u00a0 Mesures et g\u00e9om\u00e9trie en vedette. Pour aller plus loin, il est possible d&rsquo;utiliser des logiciels de programmation qui produiront des images 3d imprimables (<a href=\"https:\/\/www.blockscad3d.com\/\">blockscad<\/a> notamment)\u00a0<\/p>\n<p>En arts, il y a plusieurs usages \u00e9galement.\u00a0 Les cr\u00e9ations pourront \u00eatre r\u00e9alis\u00e9es sur des logiciels de dessin vari\u00e9s.\u00a0 \u00a0Les \u00e9l\u00e9ments imprim\u00e9s pourront ensuite faire partie d&rsquo;une oeuvre plus complexe. Ex: plusieurs <strong>lithophanies<\/strong> pourront former un vitrail ou une lampe.\u00a0\u00a0<\/p>\n\n\n\n<ul class=\"wp-block-gallery columns-3 is-cropped wp-block-gallery-1 is-layout-flex wp-block-gallery-is-layout-flex\"><li class=\"blocks-gallery-item\"><figure><img loading=\"lazy\" decoding=\"async\" width=\"240\" height=\"320\" src=\"https:\/\/se.csbe.qc.ca\/kreolab\/files\/2019\/01\/IMG_0620.jpg\" alt=\"\" data-id=\"826\" data-link=\"https:\/\/se.csbe.qc.ca\/kreolab\/limpression-3d-le-comment-et-le-pourquoi\/img_0620\/\" class=\"wp-image-826\" srcset=\"https:\/\/se.csbe.qc.ca\/kreolab\/files\/2019\/01\/IMG_0620.jpg 240w, https:\/\/se.csbe.qc.ca\/kreolab\/files\/2019\/01\/IMG_0620-225x300.jpg 225w\" sizes=\"auto, (max-width: 240px) 100vw, 240px\" \/><figcaption>Photo<\/figcaption><\/figure><\/li><li class=\"blocks-gallery-item\"><figure><img loading=\"lazy\" decoding=\"async\" width=\"750\" height=\"1024\" src=\"https:\/\/se.csbe.qc.ca\/kreolab\/files\/2019\/01\/IMG_0618-e1547580536424-750x1024.jpg\" alt=\"\" data-id=\"828\" data-link=\"https:\/\/se.csbe.qc.ca\/kreolab\/limpression-3d-le-comment-et-le-pourquoi\/img_0618\/\" class=\"wp-image-828\" srcset=\"https:\/\/se.csbe.qc.ca\/kreolab\/files\/2019\/01\/IMG_0618-e1547580536424-750x1024.jpg 750w, https:\/\/se.csbe.qc.ca\/kreolab\/files\/2019\/01\/IMG_0618-e1547580536424-220x300.jpg 220w, https:\/\/se.csbe.qc.ca\/kreolab\/files\/2019\/01\/IMG_0618-e1547580536424-768x1048.jpg 768w, https:\/\/se.csbe.qc.ca\/kreolab\/files\/2019\/01\/IMG_0618-e1547580536424-800x1092.jpg 800w\" sizes=\"auto, (max-width: 750px) 100vw, 750px\" \/><figcaption>Impression3D<\/figcaption><\/figure><\/li><li class=\"blocks-gallery-item\"><figure><img loading=\"lazy\" decoding=\"async\" width=\"859\" height=\"1024\" src=\"https:\/\/se.csbe.qc.ca\/kreolab\/files\/2019\/01\/IMG_0617-e1547580587581-859x1024.jpg\" alt=\"\" data-id=\"827\" data-link=\"https:\/\/se.csbe.qc.ca\/kreolab\/limpression-3d-le-comment-et-le-pourquoi\/img_0617\/\" class=\"wp-image-827\" srcset=\"https:\/\/se.csbe.qc.ca\/kreolab\/files\/2019\/01\/IMG_0617-e1547580587581-859x1024.jpg 859w, https:\/\/se.csbe.qc.ca\/kreolab\/files\/2019\/01\/IMG_0617-e1547580587581-252x300.jpg 252w, https:\/\/se.csbe.qc.ca\/kreolab\/files\/2019\/01\/IMG_0617-e1547580587581-768x916.jpg 768w, https:\/\/se.csbe.qc.ca\/kreolab\/files\/2019\/01\/IMG_0617-e1547580587581-800x954.jpg 800w\" sizes=\"auto, (max-width: 859px) 100vw, 859px\" \/><figcaption>Imp3D + Lumi\u00e8re<\/figcaption><\/figure><\/li><\/ul>\n\n\n\n<div class=\"wp-block-media-text alignwide\"><figure class=\"wp-block-media-text__media\"><img loading=\"lazy\" decoding=\"async\" width=\"813\" height=\"1024\" src=\"https:\/\/se.csbe.qc.ca\/kreolab\/files\/2019\/09\/IMG_1663-2-813x1024.jpg\" alt=\"\" class=\"wp-image-988\" srcset=\"https:\/\/se.csbe.qc.ca\/kreolab\/files\/2019\/09\/IMG_1663-2-813x1024.jpg 813w, https:\/\/se.csbe.qc.ca\/kreolab\/files\/2019\/09\/IMG_1663-2-238x300.jpg 238w, https:\/\/se.csbe.qc.ca\/kreolab\/files\/2019\/09\/IMG_1663-2-768x967.jpg 768w, https:\/\/se.csbe.qc.ca\/kreolab\/files\/2019\/09\/IMG_1663-2-800x1008.jpg 800w\" sizes=\"auto, (max-width: 813px) 100vw, 813px\" \/><\/figure><div class=\"wp-block-media-text__content\">\n<p class=\"has-large-font-size\">Pendentif<\/p>\n\n\n\n<p><\/p>\n\n\n\n<p>Il est possible de partir d&rsquo;une image vectorielle pour cr\u00e9er un objet 3d. Ex. logo souvenir de l&rsquo;Amicale de robotique.&nbsp;<\/p>\n\n\n\n<p>Pour trouver des images libres: <a href=\"https:\/pixabay.com\/\">https:\/pixabay.com\/<\/a><\/p>\n<\/div><\/div>\n\n\n\n<figure class=\"wp-block-image\"><img loading=\"lazy\" decoding=\"async\" width=\"626\" height=\"269\" src=\"https:\/\/se.csbe.qc.ca\/kreolab\/files\/2019\/09\/Capture.png\" alt=\"\" class=\"wp-image-983\" srcset=\"https:\/\/se.csbe.qc.ca\/kreolab\/files\/2019\/09\/Capture.png 626w, https:\/\/se.csbe.qc.ca\/kreolab\/files\/2019\/09\/Capture-300x129.png 300w\" sizes=\"auto, (max-width: 626px) 100vw, 626px\" \/><\/figure>\n\n\n\n<div class=\"wp-block-media-text alignwide\"><figure class=\"wp-block-media-text__media\"><img loading=\"lazy\" decoding=\"async\" width=\"1024\" height=\"726\" src=\"https:\/\/se.csbe.qc.ca\/kreolab\/files\/2019\/09\/2bP4pJr4wVimqCWjYimXJe2cnCgn4W4d7ZcYPZ2B23p-1-1024x726.png\" alt=\"\" class=\"wp-image-975\" srcset=\"https:\/\/se.csbe.qc.ca\/kreolab\/files\/2019\/09\/2bP4pJr4wVimqCWjYimXJe2cnCgn4W4d7ZcYPZ2B23p-1-1024x726.png 1024w, https:\/\/se.csbe.qc.ca\/kreolab\/files\/2019\/09\/2bP4pJr4wVimqCWjYimXJe2cnCgn4W4d7ZcYPZ2B23p-1-300x213.png 300w, https:\/\/se.csbe.qc.ca\/kreolab\/files\/2019\/09\/2bP4pJr4wVimqCWjYimXJe2cnCgn4W4d7ZcYPZ2B23p-1-768x544.png 768w, https:\/\/se.csbe.qc.ca\/kreolab\/files\/2019\/09\/2bP4pJr4wVimqCWjYimXJe2cnCgn4W4d7ZcYPZ2B23p-1-800x567.png 800w, https:\/\/se.csbe.qc.ca\/kreolab\/files\/2019\/09\/2bP4pJr4wVimqCWjYimXJe2cnCgn4W4d7ZcYPZ2B23p-1.png 1280w\" sizes=\"auto, (max-width: 1024px) 100vw, 1024px\" \/><\/figure><div class=\"wp-block-media-text__content\">\n<p class=\"has-large-font-size\">Robot Otto<\/p>\n\n\n\n<p> En science, il sera possible de concevoir \u00ab\u00a0un corps\u00a0\u00bb destin\u00e9 \u00e0 un robot qui sera construit \u00e0 l&rsquo;aide de composantes \u00e9lectroniques et du microcontr\u00f4leur Arduino ou Microbit. Ex: robot Otto verison Arduino et version Microbit .<\/p>\n\n\n\n<p>\n\nVisiter le site:<a href=\"https:\/\/www.ottodiy.com\/\"> https:\/\/www.ottodiy.com\/<\/a><\/p>\n<\/div><\/div>\n\n\n\n<ul class=\"wp-block-gallery columns-3 is-cropped wp-block-gallery-2 is-layout-flex wp-block-gallery-is-layout-flex\"><li class=\"blocks-gallery-item\"><figure><img loading=\"lazy\" decoding=\"async\" width=\"480\" height=\"640\" src=\"https:\/\/se.csbe.qc.ca\/kreolab\/files\/2019\/01\/IMG_0683-e1547581454157.jpg\" alt=\"\" data-id=\"831\" data-link=\"https:\/\/se.csbe.qc.ca\/kreolab\/limpression-3d-le-comment-et-le-pourquoi\/img_0683\/\" class=\"wp-image-831\" srcset=\"https:\/\/se.csbe.qc.ca\/kreolab\/files\/2019\/01\/IMG_0683-e1547581454157.jpg 480w, https:\/\/se.csbe.qc.ca\/kreolab\/files\/2019\/01\/IMG_0683-e1547581454157-225x300.jpg 225w\" sizes=\"auto, (max-width: 480px) 100vw, 480px\" \/><figcaption>Entonnoir \u00e0 poussi\u00e8re<\/figcaption><\/figure><\/li><li class=\"blocks-gallery-item\"><figure><img loading=\"lazy\" decoding=\"async\" width=\"480\" height=\"640\" src=\"https:\/\/se.csbe.qc.ca\/kreolab\/files\/2019\/01\/IMG_0682-e1547581436588.jpg\" alt=\"\" data-id=\"830\" data-link=\"https:\/\/se.csbe.qc.ca\/kreolab\/limpression-3d-le-comment-et-le-pourquoi\/img_0682\/\" class=\"wp-image-830\" srcset=\"https:\/\/se.csbe.qc.ca\/kreolab\/files\/2019\/01\/IMG_0682-e1547581436588.jpg 480w, https:\/\/se.csbe.qc.ca\/kreolab\/files\/2019\/01\/IMG_0682-e1547581436588-225x300.jpg 225w\" sizes=\"auto, (max-width: 480px) 100vw, 480px\" \/><figcaption>Support \u00e0 bobine de filament<\/figcaption><\/figure><\/li><li class=\"blocks-gallery-item\"><figure><img loading=\"lazy\" decoding=\"async\" width=\"480\" height=\"640\" src=\"https:\/\/se.csbe.qc.ca\/kreolab\/files\/2019\/01\/IMG_0680-e1547581420551.jpg\" alt=\"\" data-id=\"829\" data-link=\"https:\/\/se.csbe.qc.ca\/kreolab\/limpression-3d-le-comment-et-le-pourquoi\/img_0680\/\" class=\"wp-image-829\" srcset=\"https:\/\/se.csbe.qc.ca\/kreolab\/files\/2019\/01\/IMG_0680-e1547581420551.jpg 480w, https:\/\/se.csbe.qc.ca\/kreolab\/files\/2019\/01\/IMG_0680-e1547581420551-225x300.jpg 225w\" sizes=\"auto, (max-width: 480px) 100vw, 480px\" \/><figcaption>Bo\u00eetier \u00e0 cartes SD<\/figcaption><\/figure><\/li><\/ul>\n\n\n\n<p><strong>Pour aller plus loin en impression 3D<\/strong><\/p>\n\n\n\n<p><strong>Les supports<\/strong><\/p>\n\n\n\n<p>Le&nbsp; logiciel de tranchage Flashprint offre la possibilit\u00e9 d\u2019ajouter&nbsp;des&nbsp;supports \u00e0 votre mod\u00e8le aux endroits o\u00f9 une base serait b\u00e9n\u00e9fique, voire n\u00e9cessaire. Cette possibilit\u00e9 est importante puisque, l\u2019impression se faisant par l\u2019ajout de couches superpos\u00e9es, la mati\u00e8re premi\u00e8re doit pouvoir \u00eatre d\u00e9pos\u00e9e sur une surface afin de s\u2019imprimer correctement.&nbsp;<\/p>\n\n\n\n<p>Cette fonctionnalit\u00e9 est repr\u00e9sent\u00e9e par le bouton \u00ab\u00a0Support\u00a0\u00bb et par la suite \u00ab\u00a0Auto Supports\u00a0\u00bb.<\/p>\n\n\n\n<p>Quand un support devient-il pr\u00e9f\u00e9rable ou n\u00e9cessaire ? La capacit\u00e9 d\u2019imprimer en surplomb varie selon l\u2019imprimante utilis\u00e9e. G\u00e9n\u00e9ralement, la r\u00e8gle YHT (Larson\u2019s, 2014) aide \u00e0 prendre la bonne d\u00e9cision :<\/p>\n\n\n\n<ul class=\"wp-block-list\"><li>\n<p dir=\"ltr\">Y : Ce qui a une forme similaire \u00e0 la lettre Y peut g\u00e9n\u00e9ralement s\u2019imprimer sans support puisque la pente graduelle (moins de 45\u00b0) assure suffisamment de mati\u00e8re sur laquelle le mat\u00e9riel peut reposer lors de l\u2019impression.<\/p>\n<\/li><li>\n<p dir=\"ltr\">H : Ce qui a une forme similaire \u00e0 la lettre H poss\u00e8de un surplomb central connect\u00e9 \u00e0 des c\u00f4t\u00e9s, ce que l\u2019on appelle un pont. Tout pont devrait se voir ajouter un support \u00e0 l\u2019impression.<\/p>\n<\/li><li>\n<p dir=\"ltr\">T : Ce qui a une forme similaire \u00e0 la lettre T aura besoin d\u2019un support.<\/p>\n<\/li><\/ul>\n\n\n\n<figure class=\"wp-block-image\"><img loading=\"lazy\" decoding=\"async\" width=\"650\" height=\"161\" src=\"https:\/\/se.csbe.qc.ca\/kreolab\/files\/2019\/10\/collage.png\" alt=\"\" class=\"wp-image-1017\" srcset=\"https:\/\/se.csbe.qc.ca\/kreolab\/files\/2019\/10\/collage.png 650w, https:\/\/se.csbe.qc.ca\/kreolab\/files\/2019\/10\/collage-300x74.png 300w\" sizes=\"auto, (max-width: 650px) 100vw, 650px\" \/><figcaption>1. Bouton SUPPORT   2.Bouton AUTO-SUPPORT<\/figcaption><\/figure>\n\n\n<p>Cette r\u00e8gle sert de rep\u00e8re et s\u2019applique \u00e0 bien d\u2019autres contextes. Par exemple, voici l\u2019image d\u2019un m\u00eame chat imprim\u00e9 en 3D \u00e0 trois reprises. Le premier a \u00e9t\u00e9 imprim\u00e9 sans support et on remarque que la mati\u00e8re premi\u00e8re n\u2019a pu se d\u00e9poser sur l\u2019abdomen et la queue, des endroits en surplomb, ce qui cause des d\u00e9fauts \u00e0 ces endroits. Toutefois, le torse et la t\u00eate \u00e9tant en pente graduelle (forme de la lettre Y) ont relativement bien \u00e9t\u00e9 imprim\u00e9s malgr\u00e9 l\u2019absence de support. Des supports ont \u00e9t\u00e9 ajout\u00e9s au chat du milieu et on peut remarquer que la queue et le torse sont maintenant mieux imprim\u00e9s que dans le premier cas. \u00c9galement, on retrouve un support sous la t\u00eate qui assure que la t\u00eate s\u2019imprime correctement. Finalement, \u00e0 droit, on peut voir le chat apr\u00e8s qu\u2019on lui ait retir\u00e9 les supports manuellement (\u00e0 l\u2019aide d\u2019outils conventionnels, p. ex., une pince) .<\/p>\n<p><strong>Quelques consignes de s\u00e9curit\u00e9:<\/strong>&nbsp;&nbsp;<\/p>\n<ul id=\"yui_3_17_2_1_1547561535696_27\">\n<li>\n<p dir=\"ltr\">Choix d\u2019utiliser le filament PLA (acide polylactique) au lieu du filament ABS (acrylonitrile butadi\u00e8ne styr\u00e8ne). Comme il est \u00e0 base de plantes, le PLA est moins toxique que l&rsquo;ABS qui est \u00e0 base de p\u00e9trole, et \u00e9met une odeur moins caustique. Il est \u00e9galement semi-biod\u00e9gradable, ce qui en a fait un choix plus \u00e9cologique.<\/p>\n<\/li>\n<li>\n<p dir=\"ltr\">Disposition des imprimantes 3D dans un endroit ouvert et bien ventil\u00e9 afin que les vapeurs puissent se dispersent facilement.<\/p>\n<\/li>\n<li>&nbsp;Il serait important d&rsquo;afficher une note pr\u00e8s de l&rsquo;imprimante disant que \u00a0\u00bb Il est donc interdit de mettre les mains dans la zone d&rsquo;impression lorsque l&rsquo;imprimante est en marche. La buse est une pi\u00e8ce qui devient extr\u00eamement chaude.&nbsp; &nbsp;Une fois votre impression compl\u00e9t\u00e9e, vous devez attendre au moins 5 minutes avant de faire des manipulations dans la zone d&rsquo;impression.\u00a0\u00bb&nbsp; &nbsp;Dans certains cas, il est probablement pr\u00e9f\u00e9rable que ce soit un adulte qui effectue le d\u00e9collage de l&rsquo;objet imprim\u00e9 pour \u00e9viter que la surface ne soit ab\u00eem\u00e9e.<\/li>\n<\/ul>\n\n<p>Attention: il y a 2 types de support:<span style=\"text-decoration: underline;\"> en arbre et lin\u00e9aire.<\/span>\u00a0 Pour changer le type, aller dans\u00a0 OPTION SUPPORT apr\u00e8s avoir cliquer SUPPORT<\/p>\n\n\n<figure class=\"wp-block-image\"><img loading=\"lazy\" decoding=\"async\" width=\"601\" height=\"151\" src=\"https:\/\/se.csbe.qc.ca\/kreolab\/files\/2019\/01\/pasted-image-0-1.png\" alt=\"\" class=\"wp-image-864\" srcset=\"https:\/\/se.csbe.qc.ca\/kreolab\/files\/2019\/01\/pasted-image-0-1.png 601w, https:\/\/se.csbe.qc.ca\/kreolab\/files\/2019\/01\/pasted-image-0-1-300x75.png 300w\" sizes=\"auto, (max-width: 601px) 100vw, 601px\" \/><figcaption>Avec et sans supports<\/figcaption><\/figure>\n\n\n\n<h2 class=\"wp-block-heading\">Documents \u00e0 t\u00e9l\u00e9charger<\/h2>\n\n\n\n<div class=\"wp-block-file\"><a href=\"https:\/\/se.csbe.qc.ca\/kreolab\/files\/2019\/10\/Introduction-\u00e0-la-conception-3D-avec-TinkerCAD-2019-version-courte-1.pdf\">Introduction-\u00e0-la-conception-3D-avec-TinkerCAD-2019-version-courte<\/a><a href=\"https:\/\/se.csbe.qc.ca\/kreolab\/files\/2019\/10\/Introduction-\u00e0-la-conception-3D-avec-TinkerCAD-2019-version-courte-1.pdf\" class=\"wp-block-file__button\" download>T\u00e9l\u00e9charger<\/a><\/div>\n\n\n\n<div class=\"wp-block-file\"><a href=\"https:\/\/se.csbe.qc.ca\/kreolab\/files\/2019\/10\/tuto-FlashPrint1.pdf\">tuto-FlashPrint1<\/a><a href=\"https:\/\/se.csbe.qc.ca\/kreolab\/files\/2019\/10\/tuto-FlashPrint1.pdf\" class=\"wp-block-file__button\" download>T\u00e9l\u00e9charger<\/a><\/div>\n\n\n\n<div class=\"wp-block-file\"><a href=\"https:\/\/se.csbe.qc.ca\/kreolab\/files\/2019\/09\/Remplacer-Filament.pdf\">Remplacer-Filament<\/a><a href=\"https:\/\/se.csbe.qc.ca\/kreolab\/files\/2019\/09\/Remplacer-Filament.pdf\" class=\"wp-block-file__button\" download>T\u00e9l\u00e9charger<\/a><\/div>\n\n\n\n<div class=\"wp-block-file\"><a href=\"https:\/\/se.csbe.qc.ca\/kreolab\/files\/2019\/09\/Ajuster-le-plateau.pdf\">Ajuster-le-plateau<\/a><a href=\"https:\/\/se.csbe.qc.ca\/kreolab\/files\/2019\/09\/Ajuster-le-plateau.pdf\" class=\"wp-block-file__button\" download>T\u00e9l\u00e9charger<\/a><\/div>\n<!-- WP Attachments -->\r\n        <div style=\"width:100%;margin:10px 0 10px 0;\">\r\n            <h3><div style=\"float:right;\">\r\n                <form>\r\n                <select name=\"orderby\" onchange=\"if (this.value) window.location.replace(this.value);\">\r\n                  <option selected value=\"\/kreolab\/wp-json\/wp\/v2\/pages\/807\">Order by<\/option>\r\n                  <option value=\"\/kreolab\/wp-json\/wp\/v2\/pages\/807?orderby=date\">Date<\/option>\r\n                  <option value=\"\/kreolab\/wp-json\/wp\/v2\/pages\/807?orderby=title\">Nom<\/option>\r\n                <\/select>\r\n                <\/form>\r\n            <\/div>Pi\u00e8ces jointes<\/h3>\r\n        <ul class=\"post-attachments\"><li class=\"post-attachment mime-application-pdf\"><a href=\"https:\/\/se.csbe.qc.ca\/kreolab\/files\/2019\/10\/tuto-FlashPrint1.pdf\">tuto-FlashPrint1<\/a> <small>(3 MB)<\/small><\/li><\/ul><\/div><\/div>","protected":false},"excerpt":{"rendered":"<div class=\"page-restrict-output\"><p>\u00a0 \u00a0Le comment:\u00a0 Dessiner: nous utiliserons Tinkercad qui est une application en ligne de base Exporter le dessin en format .stl \u00ab\u00a0Trancher\u00a0\u00bb: Le fichier .stl que Tinkercad a produit \u00e0 l&rsquo;aide du logiciel FlashPrint (disponible dans les applications distribu\u00e9es). Imprimer avec VOTRE imprimante Flashforge Creator Pro Le pourquoi:\u00a0\u00a0 Mat\u00e9rialiser assez rapidement, des cr\u00e9ations num\u00e9riques.\u00a0 \u00a0En [&hellip;]<\/p>\n<\/div>","protected":false},"author":2,"featured_media":0,"parent":0,"menu_order":0,"comment_status":"closed","ping_status":"closed","template":"","meta":{"footnotes":""},"coauthors":[24],"class_list":["post-807","page","type-page","status-publish","czr-hentry"],"_links":{"self":[{"href":"https:\/\/se.csbe.qc.ca\/kreolab\/wp-json\/wp\/v2\/pages\/807","targetHints":{"allow":["GET"]}}],"collection":[{"href":"https:\/\/se.csbe.qc.ca\/kreolab\/wp-json\/wp\/v2\/pages"}],"about":[{"href":"https:\/\/se.csbe.qc.ca\/kreolab\/wp-json\/wp\/v2\/types\/page"}],"author":[{"embeddable":true,"href":"https:\/\/se.csbe.qc.ca\/kreolab\/wp-json\/wp\/v2\/users\/2"}],"replies":[{"embeddable":true,"href":"https:\/\/se.csbe.qc.ca\/kreolab\/wp-json\/wp\/v2\/comments?post=807"}],"version-history":[{"count":71,"href":"https:\/\/se.csbe.qc.ca\/kreolab\/wp-json\/wp\/v2\/pages\/807\/revisions"}],"predecessor-version":[{"id":1047,"href":"https:\/\/se.csbe.qc.ca\/kreolab\/wp-json\/wp\/v2\/pages\/807\/revisions\/1047"}],"wp:attachment":[{"href":"https:\/\/se.csbe.qc.ca\/kreolab\/wp-json\/wp\/v2\/media?parent=807"}],"wp:term":[{"taxonomy":"author","embeddable":true,"href":"https:\/\/se.csbe.qc.ca\/kreolab\/wp-json\/wp\/v2\/coauthors?post=807"}],"curies":[{"name":"wp","href":"https:\/\/api.w.org\/{rel}","templated":true}]}}